000
CXUS52 KFFC 011010
CF6MCN
PRELIMINARY LOCAL CLIMATOLOGICAL DATA (WS FORM: F-6)
STATION: MACON
MONTH: MAY
YEAR: 2021
LATITUDE: 32 42 N
LONGITUDE: 83 39 W
TEMPERATURE IN F: :PCPN: SNOW: WIND :SUNSHINE: SKY :PK WND
================================================================================
1 2 3 4 5 6A 6B 7 8 9 10 11 12 13 14 15 16 17 18
12Z AVG MX 2MIN
DY MAX MIN AVG DEP HDD CDD WTR SNW DPTH SPD SPD DIR MIN PSBL S-S WX SPD DR
================================================================================
1 84 51 68 -1 0 3 0.00 0.0 M 4.1 14 70 M M 0 20 70
2 85 57 71 2 0 6 0.00 0.0 M 6.6 15 210 M M 1 23 160
3 88 68 78 9 0 13 0.17 0.0 M 7.4 30 230 M M 6 13 46 230
4 90 61 76 6 0 11 0.40 0.0 M 6.7 29 350 M M 4 13 41 330
5 79 64 72 2 0 7 0.01 0.0 M 8.4 18 290 M M 5 25 250
6 79 55 67 -3 0 2 0.00 0.0 M 7.4 16 300 M M 0 21 330
7 74 48 61 -9 4 0 0.00 0.0 M 9.9 23 280 M M 0 33 320
8 81 42 62 -9 3 0 0.00 0.0 M 2.7 12 280 M M 0 1 17 260
9 88 49 69 -2 0 4 0.00 0.0 M 8.4 20 200 M M 1 28 240
10 84 67 76 5 0 11 T 0.0 M 6.8 17 270 M M 6 26 270
11 86 62 74 2 0 9 0.24 0.0 M 3.0 15 340 M M 6 13 22 340
12 70 50 60 -12 5 0 0.28 M M 8.3 24 20 M M 10 1 32 30
13 74 47 61 -11 4 0 0.00 0.0 M 7.3 15 50 M M 2 24 50
14 78 45 62 -10 3 0 0.00 0.0 M 3.9 13 90 M M 1 18 80
15 81 45 63 -10 2 0 0.00 0.0 M 2.3 9 40 M M 1 1 13 130
16 82 48 65 -8 0 0 0.00 0.0 M 2.2 12 110 M M 0 15 100
17 85 51 68 -5 0 3 0.00 0.0 M 5.7 16 150 M M 1 1 24 140
18 84 57 71 -3 0 6 0.00 0.0 M 8.1 17 120 M M 2 25 100
19 84 57 71 -3 0 6 T 0.0 M 7.6 18 120 M M 2 25 120
20 86 58 72 -2 0 7 0.00 0.0 M 9.2 20 110 M M 2 1 28 80
21 88 53 71 -3 0 6 0.00 0.0 M 5.7 17 100 M M 1 1 26 120
22 87 55 71 -4 0 6 0.00 0.0 M 3.6 13 100 M M 0 1 19 40
23 93 56 75 0 0 10 0.00 0.0 M 2.2 10 340 M M 0 1 17 330
24 95 60 78 3 0 13 0.00 0.0 M 2.3 12 270 M M 2 17 300
25 95 63 79 4 0 14 0.00 0.0 M 2.7 12 180 M M 1 1 15 190
26 95 63 79 3 0 14 0.00 0.0 M 5.7 15 220 M M 1 23 260
27 94 63 79 3 0 14 0.00 0.0 M 4.7 15 170 M M 2 27 180
28 90 67 79 3 0 14 0.65 0.0 M 8.2 29 280 M M 5 1 42 300
29 86 60 73 -3 0 8 0.09 0.0 M 8.6 20 320 M M 4 18 27 330
30 84 53 69 -8 0 4 0.00 0.0 M 5.8 13 50 M M 2 18 18 10
31 84 56 70 -7 0 5 0.00 0.0 M 5.9 15 130 M M 2 8 26 90
================================================================================
SM 2633 1731 21 196 1.84 0.0 181.4 M 70
================================================================================
AV 84.9 55.8 5.9 FASTST M M 2 MAX(MPH)
MISC ----> 30 230 46 230
================================================================================
NOTES:
# LAST OF SEVERAL OCCURRENCES
COLUMN 17 PEAK WIND IN M.P.H.
PRELIMINARY LOCAL CLIMATOLOGICAL DATA (WS FORM: F-6) , PAGE 2
STATION: MACON
MONTH: MAY
YEAR: 2021
LATITUDE: 32 42 N
LONGITUDE: 83 39 W
[TEMPERATURE DATA] [PRECIPITATION DATA] SYMBOLS USED IN COLUMN 16
AVERAGE MONTHLY: 70.4 TOTAL FOR MONTH: 1.84 1 = FOG OR MIST
DPTR FM NORMAL: -2.5 DPTR FM NORMAL: -0.81 2 = FOG REDUCING VISIBILITY
HIGHEST: 95 ON 26,25 GRTST 24HR 0.74 ON 28-29 TO 1/4 MILE OR LESS
LOWEST: 42 ON 8 3 = THUNDER
SNOW, ICE PELLETS, HAIL 4 = ICE PELLETS
TOTAL MONTH: 0.0 INCH 5 = HAIL
GRTST 24HR 0.0 6 = FREEZING RAIN OR DRIZZLE
GRTST DEPTH: M ON M 7 = DUSTSTORM OR SANDSTORM:
VSBY 1/2 MILE OR LESS
8 = SMOKE OR HAZE
[NO. OF DAYS WITH] [WEATHER - DAYS WITH] 9 = BLOWING SNOW
X = TORNADO
MAX 32 OR BELOW: 0 0.01 INCH OR MORE: 7
MAX 90 OR ABOVE: 7 0.10 INCH OR MORE: 5
MIN 32 OR BELOW: 0 0.50 INCH OR MORE: 1
MIN 0 OR BELOW: 0 1.00 INCH OR MORE: 0
[HDD (BASE 65) ]
TOTAL THIS MO. 21 CLEAR (SCALE 0-3) 23
DPTR FM NORMAL 9 PTCLDY (SCALE 4-7) 7
TOTAL FM JUL 1 1943 CLOUDY (SCALE 8-10) 1
DPTR FM NORMAL -200
[CDD (BASE 65) ]
TOTAL THIS MO. 196
DPTR FM NORMAL -61 [PRESSURE DATA]
TOTAL FM JAN 1 296 HIGHEST SLP 30.41 ON 21
DPTR FM NORMAL -69 LOWEST SLP 29.80 ON 28
[REMARKS]
#FINAL-05-21#