000
CXUS52 KFFC 011010
CF6MCN
PRELIMINARY LOCAL CLIMATOLOGICAL DATA (WS FORM: F-6)
STATION: MACON
MONTH: MAY
YEAR: 2020
LATITUDE: 32 42 N
LONGITUDE: 83 39 W
TEMPERATURE IN F: :PCPN: SNOW: WIND :SUNSHINE: SKY :PK WND
================================================================================
1 2 3 4 5 6A 6B 7 8 9 10 11 12 13 14 15 16 17 18
12Z AVG MX 2MIN
DY MAX MIN AVG DEP HDD CDD WTR SNW DPTH SPD SPD DIR MIN PSBL S-S WX SPD DR
================================================================================
1 79 49 64 -3 1 0 0.00 0.0 0 9.3 20 300 M M 0 25 280
2 85 46 66 -2 0 1 0.00 0.0 0 2.1 8 240 M M 0 10 260
3 88 52 70 2 0 5 0.00 0.0 0 5.8 16 250 M M 0 21 240
4 88 59 74 6 0 9 0.00 0.0 0 4.7 13 260 M M 1 19 210
5 88 64 76 7 0 11 0.00 0.0 0 8.6 17 250 M M 1 22 270
6 81 53 67 -2 0 2 0.00 0.0 0 13.4 29 310 M M 1 40 330
7 74 43 59 -10 6 0 0.00 0.0 0 6.5 17 10 M M 0 22 280
8 76 44 60 -10 5 0 T M 0 6.3 21 230 M M 4 27 180
9 73 46 60 -10 5 0 0.00 0.0 0 6.7 18 340 M M 0 24 320
10 79 42 61 -9 4 0 0.00 0.0 0 2.3 10 260 M M 0 14 170
11 75 44 60 -10 5 0 0.00 0.0 0 7.2 21 300 M M 0 29 310
12 77 42 60 -11 5 0 0.00 0.0 0 3.8 14 100 M M 0 19 70
13 85 49 67 -4 0 2 0.00 0.0 0 5.0 13 140 M M 0 17 170
14 86 57 72 1 0 7 0.00 0.0 0 7.8 16 120 M M 1 21 130
15 86 56 71 -1 0 6 0.00 0.0 0 4.9 13 140 M M 2 1 21 160
16 88 59 74 2 0 9 0.00 0.0 0 5.0 15 90 M M 1 12 20 70
17 90 59 75 3 0 10 0.01 0.0 0 4.7 21 220 M M 2 13 29 220
18 83 68 76 3 0 11 0.67 0.0 0 4.2 22 250 M M 7 138 30 260
19 84 64 74 1 0 9 0.03 0.0 0 6.9 18 280 M M 6 1 25 300
20 70 58 64 -9 1 0 0.01 0.0 0 9.2 16 10 M M 10 13 20 20
21 84 57 71 -2 0 6 0.00 0.0 0 3.9 9 70 M M 7 1 14 30
22 92 64 78 4 0 13 0.26 0.0 0 5.2 26 230 M M 3 13 37 240
23 91 61 76 2 0 11 0.00 0.0 0 3.3 10 270 M M 2 12 14 260
24 94 67 81 7 0 16 0.03 0.0 0 4.0 15 230 M M 1 138 22 230
25 89 66 78 4 0 13 0.02 M M 8.2 24 120 M M 4 1 34 110
26 79 70 75 0 0 10 0.04 0.0 M 9.8 20 90 M M 10 18 26 90
27 80 68 74 -1 0 9 0.02 0.0 M 6.4 13 70 M M 9 1 15 80
28 92 68 80 5 0 15 0.00 M M 5.0 14 230 M M 5 1 18 220
29 91 71 81 5 0 16 0.22 0.0 M 5.6 17 190 M M 4 1 22 200
30 92 70 81 5 0 16 0.00 0.0 M 5.0 15 350 M M 4 1 19 350
31 90 63 77 1 0 12 0.00 0.0 M 5.4 14 30 M M 0 18 350
================================================================================
SM 2609 1779 32 219 1.31 0.0 186.2 M 85
================================================================================
AV 84.2 57.4 6.0 FASTST M M 3 MAX(MPH)
MISC ----> 29 310 40 330
================================================================================
NOTES:
# LAST OF SEVERAL OCCURRENCES
COLUMN 17 PEAK WIND IN M.P.H.
PRELIMINARY LOCAL CLIMATOLOGICAL DATA (WS FORM: F-6) , PAGE 2
STATION: MACON
MONTH: MAY
YEAR: 2020
LATITUDE: 32 42 N
LONGITUDE: 83 39 W
[TEMPERATURE DATA] [PRECIPITATION DATA] SYMBOLS USED IN COLUMN 16
AVERAGE MONTHLY: 70.8 TOTAL FOR MONTH: 1.31 1 = FOG OR MIST
DPTR FM NORMAL: -1.1 DPTR FM NORMAL: -1.41 2 = FOG REDUCING VISIBILITY
HIGHEST: 94 ON 24 GRTST 24HR 0.70 ON 18-19 TO 1/4 MILE OR LESS
LOWEST: 42 ON 12,10 3 = THUNDER
SNOW, ICE PELLETS, HAIL 4 = ICE PELLETS
TOTAL MONTH: 0.0 INCH 5 = HAIL
GRTST 24HR 0.0 6 = FREEZING RAIN OR DRIZZLE
GRTST DEPTH: 0 7 = DUSTSTORM OR SANDSTORM:
VSBY 1/2 MILE OR LESS
8 = SMOKE OR HAZE
[NO. OF DAYS WITH] [WEATHER - DAYS WITH] 9 = BLOWING SNOW
X = TORNADO
MAX 32 OR BELOW: 0 0.01 INCH OR MORE: 10
MAX 90 OR ABOVE: 8 0.10 INCH OR MORE: 3
MIN 32 OR BELOW: 0 0.50 INCH OR MORE: 1
MIN 0 OR BELOW: 0 1.00 INCH OR MORE: 0
[HDD (BASE 65) ]
TOTAL THIS MO. 32 CLEAR (SCALE 0-3) 19
DPTR FM NORMAL 17 PTCLDY (SCALE 4-7) 9
TOTAL FM JUL 1 1757 CLOUDY (SCALE 8-10) 3
DPTR FM NORMAL -561
[CDD (BASE 65) ]
TOTAL THIS MO. 219
DPTR FM NORMAL -10 [PRESSURE DATA]
TOTAL FM JAN 1 404 HIGHEST SLP 30.29 ON 14
DPTR FM NORMAL 91 LOWEST SLP 29.71 ON 19
[REMARKS]
#FINAL-05-20#