000
CXUS52 KFFC 031848
CLMMCN
CLIMATE REPORT
NATIONAL WEATHER SERVICE PEACHTREE CITY GA
148 PM EST WED JAN 03 2024
...................................
...THE MACON CLIMATE SUMMARY FOR THE MONTH OF DECEMBER 2023...
CLIMATE NORMAL PERIOD: 1991 TO 2020
CLIMATE RECORD PERIOD: 1899 TO 2024
WEATHER OBSERVED NORMAL DEPART LAST YEAR`S
VALUE DATE(S) VALUE FROM VALUE DATE(S)
NORMAL
................................................................
TEMPERATURE (F)
RECORD
HIGH 83 12/30/2021
LOW 5 12/13/1962
HIGHEST 78 12/09 67 11 83 12/08
LOWEST 22 12/20 29 -7 13 12/24
AVG. MAXIMUM 63.5 61.3 2.2 60.7
AVG. MINIMUM 38.4 37.8 0.6 40.4
MEAN 50.9 49.5 1.4 50.5
DAYS MAX >= 90 0 0.0 0.0 0
DAYS MAX <= 32 0 0.0 0.0 1
DAYS MIN <= 32 11 11.7 -0.7 9
DAYS MIN <= 0 0 0.0 0.0 0
PRECIPITATION (INCHES)
RECORD
MAXIMUM 12.62 2015
MINIMUM 0.33 1946
TOTALS 1.90 4.57 -2.67
DAILY AVG. 0.06 0.15 -0.09 0.07
DAYS >= .01 7 9.4 -2.4 13
DAYS >= .10 3 6.4 -3.4 4
DAYS >= .50 1 3.1 -2.1 1
DAYS >= 1.00 1 1.5 -0.5 1
GREATEST
24 HR. TOTAL 1.29 12/10 TO 12/10 1.83 11/30 TO 11/30
SNOWFALL (INCHES)
RECORDS
TOTAL 0.1 2010
24 HR TOTAL 0.1 12/25/2010 TO 12/25/2010
SNOW DEPTH 0 MM
TOTALS 0.0 MM MM 0.0
SINCE 7/1 0.0 MM MM MM
SNOWDEPTH AVG. MM MM
DAYS >= TRACE 0 MM MM 0
DAYS >= 1.0 0 MM MM 0
GREATEST
24 HR TOTAL MM MM
DEGREE DAYS
HEATING TOTAL 430 483 -53 453
SINCE 7/1 764 859 -95 MM
COOLING TOTAL 0 4 -4 12
SINCE 1/1 2282 2325 -43 MM
................................................................
WIND (MPH)
AVERAGE WIND SPEED 6.0
HIGHEST WIND SPEED/DIRECTION 33/330 DATE 12/10
HIGHEST GUST SPEED/DIRECTION 48/320 DATE 12/10
SKY COVER
POSSIBLE SUNSHINE (PERCENT) MM
AVERAGE SKY COVER 0.31
NUMBER OF DAYS FAIR 19
NUMBER OF DAYS PC 6
NUMBER OF DAYS CLOUDY 6
AVERAGE RH (PERCENT) 69
WEATHER CONDITIONS. NUMBER OF DAYS WITH
THUNDERSTORM 1 MIXED PRECIP 0
HEAVY RAIN 1 RAIN 5
LIGHT RAIN 5 FREEZING RAIN 0
LT FREEZING RAIN 0 HAIL 0
HEAVY SNOW 0 SNOW 0
LIGHT SNOW 0 SLEET 0
FOG 8 FOG W/VIS <= 1/4 MILE 1
HAZE 1
- INDICATES NEGATIVE NUMBERS.
R INDICATES RECORD WAS SET OR TIED.
MM INDICATES DATA IS MISSING.
T INDICATES TRACE AMOUNT.
$$