000
CXUS54 KMEG 010900
CF6MEG
PRELIMINARY LOCAL CLIMATOLOGICAL DATA (WS FORM: F-6)
STATION: MEMPHIS/GERMANTOWN WFO
MONTH: OCTOBER
YEAR: 2023
LATITUDE: 35 7 N
LONGITUDE: 89 48 W
TEMPERATURE IN F: :PCPN: SNOW: WIND :SUNSHINE: SKY :PK WND
================================================================================
1 2 3 4 5 6A 6B 7 8 9 10 11 12 13 14 15 16 17 18
12Z AVG MX 2MIN
DY MAX MIN AVG DEP HDD CDD WTR SNW DPTH SPD SPD DIR MIN PSBL S-S WX SPD DR
================================================================================
1 91 63 77 9 0 12 0.00 0.0 0 M M M M M M M M
2 92 64 78 10 0 13 0.00 0.0 0 M M M M M M M M
3 89 62 76 8 0 11 0.00 0.0 0 M M M M M M M M
4 79 62 71 4 0 6 0.00 0.0 0 M M M M M M M M
5 70 65 68 1 0 3 0.29 0.0 0 M M M M M M 1 M M
6 81 57 69 3 0 4 0.00 0.0 0 M M M M M M 1 M M
7 67 45 56 -10 9 0 0.00 0.0 0 M M M M M M M M
8 72 42 57 -8 8 0 0.00 0.0 0 M M M M M M M M
9 82 51 67 2 0 2 0.00 0.0 0 M M M M M M M M
10 82 53 68 3 0 3 0.00 0.0 0 M M M M M M M M
11 75 58 67 3 0 2 0.00 0.0 0 M M M M M M M M
12 75 55 65 1 0 0 0.00 0.0 0 M M M M M M M M
13 76 65 71 8 0 6 0.00 0.0 0 M M M M M M M M
14 68 54 61 -2 4 0 0.00 0.0 0 M M M M M M M M
15 61 46 54 -9 11 0 0.01 0.0 0 M M M M M M M M
16 67 44 56 -6 9 0 0.00 0.0 0 M M M M M M M M
17 72 42 57 -5 8 0 0.00 0.0 0 M M M M M M M M
18 77 46 62 1 3 0 0.00 0.0 0 M M M M M M M M
19 80 54 67 6 0 2 T 0.0 0 M M M M M M M M
20 80 54 67 7 0 2 0.00 0.0 0 M M M M M M M M
21 86 48 67 7 0 2 0.00 0.0 0 M M M M M M M M
22 78 51 65 5 0 0 0.00 0.0 0 M M M M M M M M
23 83 54 69 10 0 4 0.00 0.0 0 M M M M M M M M
24 85 67 76 17 0 11 0.00 0.0 0 M M M M M M M M
25 84 62 73 15 0 8 0.00 0.0 0 M M M M M M M M
26 84 62 73 15 0 8 0.00 0.0 0 M M M M M M M M
27 84 63 74 16 0 9 T 0.0 0 M M M M M M 1 M M
28 81 65 73 16 0 8 0.36 0.0 0 M M M M M M 12 M M
29 67 46 57 0 8 0 0.28 0.0 0 M M M M M M 12 M M
30 48 35 42 -14 23 0 0.72 0.0 0 M M M M M M 1 M M
31 53 30 42 -14 23 0 0.00 0.0 0 M M M M M M M M
================================================================================
SM 2369 1665 106 116 1.66 0.0 M M M
================================================================================
AV 76.4 53.7 M FASTST M M M MAX(MPH)
MISC ----> M M M M
================================================================================
NOTES:
# LAST OF SEVERAL OCCURRENCES
COLUMN 17 PEAK WIND IN M.P.H.
PRELIMINARY LOCAL CLIMATOLOGICAL DATA (WS FORM: F-6) , PAGE 2
STATION: MEMPHIS/GERMANTOWN WFO
MONTH: OCTOBER
YEAR: 2023
LATITUDE: 35 7 N
LONGITUDE: 89 48 W
[TEMPERATURE DATA] [PRECIPITATION DATA] SYMBOLS USED IN COLUMN 16
AVERAGE MONTHLY: 65.1 TOTAL FOR MONTH: 1.66 1 = FOG OR MIST
DPTR FM NORMAL: 2.9 DPTR FM NORMAL: -2.54 2 = FOG REDUCING VISIBILITY
HIGHEST: 92 ON 2 GRTST 24HR 0.72 ON 30-30 TO 1/4 MILE OR LESS
LOWEST: 30 ON 31 3 = THUNDER
SNOW, ICE PELLETS, HAIL 4 = ICE PELLETS
TOTAL MONTH: 0.0 INCH 5 = HAIL
GRTST 24HR 0.0 6 = FREEZING RAIN OR DRIZZLE
GRTST DEPTH: 0 7 = DUSTSTORM OR SANDSTORM:
VSBY 1/2 MILE OR LESS
8 = SMOKE OR HAZE
[NO. OF DAYS WITH] [WEATHER - DAYS WITH] 9 = BLOWING SNOW
X = TORNADO
MAX 32 OR BELOW: 0 0.01 INCH OR MORE: 5
MAX 90 OR ABOVE: 2 0.10 INCH OR MORE: 4
MIN 32 OR BELOW: 1 0.50 INCH OR MORE: 1
MIN 0 OR BELOW: 0 1.00 INCH OR MORE: 0
[HDD (BASE 65) ]
TOTAL THIS MO. 106 CLEAR (SCALE 0-3) 0
DPTR FM NORMAL -56 PTCLDY (SCALE 4-7) 0
TOTAL FM JUL 1 106 CLOUDY (SCALE 8-10) 31
DPTR FM NORMAL -71
[CDD (BASE 65) ]
TOTAL THIS MO. 116
DPTR FM NORMAL 42 [PRESSURE DATA]
TOTAL FM JAN 1 2186 HIGHEST SLP M ON M
DPTR FM NORMAL 219 LOWEST SLP M ON M
[REMARKS]
#FINAL-10-23#