000
CXUS54 KMEG 231816
CF6MEG
PRELIMINARY LOCAL CLIMATOLOGICAL DATA (WS FORM: F-6)
STATION: MEMPHIS/GERMANTOWN WFO
MONTH: APRIL
YEAR: 2024
LATITUDE: 35 7 N
LONGITUDE: 89 48 W
TEMPERATURE IN F: :PCPN: SNOW: WIND :SUNSHINE: SKY :PK WND
================================================================================
1 2 3 4 5 6A 6B 7 8 9 10 11 12 13 14 15 16 17 18
12Z AVG MX 2MIN
DY MAX MIN AVG DEP HDD CDD WTR SNW DPTH SPD SPD DIR MIN PSBL S-S WX SPD DR
================================================================================
1 75 69 72 16 0 7 T 0.0 0 M M M M M M 1 M M
2 79 51 65 8 0 0 0.86 0.0 0 M M M M M M 13 M M
3 58 45 52 -5 13 0 T 0.0 0 M M M M M M M M
4 65 46 56 -1 9 0 0.00 0.0 0 M M M M M M M M
5 64 38 51 -7 14 0 0.00 0.0 0 M M M M M M M M
6 70 44 57 -1 8 0 0.00 0.0 0 M M M M M M M M
7 81 52 67 9 0 2 0.83 0.0 0 M M M M M M 13 M M
8 80 62 71 12 0 6 0.16 0.0 0 M M M M M M 1 M M
9 66 59 63 4 2 0 0.81 0.0 0 M M M M M M 1 M M
10 70 61 66 7 0 1 0.12 0.0 0 M M M M M M 1 M M
11 71 54 63 3 2 0 0.59 0.0 0 M M M M M M 13 M M
12 71 49 60 0 5 0 0.00 0.0 0 M M M M M M M M
13 83 46 65 5 0 0 0.00 0.0 0 M M M M M M M M
14 83 63 73 13 0 8 0.00 0.0 0 M M M M M M M M
15 82 64 73 12 0 8 0.00 0.0 0 M M M M M M M M
16 83 67 75 14 0 10 0.09 0.0 0 M M M M M M 13 M M
17 84 69 77 16 0 12 0.00 0.0 0 M M M M M M M M
18 85 69 77 15 0 12 0.01 0.0 0 M M M M M M 1 M M
19 70 56 63 1 2 0 0.01 0.0 0 M M M M M M 13 M M
20 62 51 57 -5 8 0 T 0.0 0 M M M M M M 3 M M
21 62 51 57 -5 8 0 T 0.0 0 M M M M M M M M
22 70 38 54 -9 11 0 0.00 0.0 0 M M M M M M M M
================================================================================
SM 1614 1204 82 66 3.48 0.0 M M M
================================================================================
AV 73.4 54.7 M FASTST M M M MAX(MPH)
MISC ----> M M M M
================================================================================
NOTES:
# LAST OF SEVERAL OCCURRENCES
COLUMN 17 PEAK WIND IN M.P.H.
PRELIMINARY LOCAL CLIMATOLOGICAL DATA (WS FORM: F-6) , PAGE 2
STATION: MEMPHIS/GERMANTOWN WFO
MONTH: APRIL
YEAR: 2024
LATITUDE: 35 7 N
LONGITUDE: 89 48 W
[TEMPERATURE DATA] [PRECIPITATION DATA] SYMBOLS USED IN COLUMN 16
AVERAGE MONTHLY: 64.0 TOTAL FOR MONTH: 3.48 1 = FOG OR MIST
DPTR FM NORMAL: 4.4 DPTR FM NORMAL: -0.68 2 = FOG REDUCING VISIBILITY
HIGHEST: 85 ON 18 GRTST 24HR 0.86 ON 2- 2 TO 1/4 MILE OR LESS
LOWEST: 38 ON 22, 5 3 = THUNDER
SNOW, ICE PELLETS, HAIL 4 = ICE PELLETS
TOTAL MONTH: 0.0 INCH 5 = HAIL
GRTST 24HR 0.0 6 = FREEZING RAIN OR DRIZZLE
GRTST DEPTH: 0 7 = DUSTSTORM OR SANDSTORM:
VSBY 1/2 MILE OR LESS
8 = SMOKE OR HAZE
[NO. OF DAYS WITH] [WEATHER - DAYS WITH] 9 = BLOWING SNOW
X = TORNADO
MAX 32 OR BELOW: 0 0.01 INCH OR MORE: 9
MAX 90 OR ABOVE: 0 0.10 INCH OR MORE: 6
MIN 32 OR BELOW: 0 0.50 INCH OR MORE: 4
MIN 0 OR BELOW: 0 1.00 INCH OR MORE: 0
[HDD (BASE 65) ]
TOTAL THIS MO. 82 CLEAR (SCALE 0-3) 0
DPTR FM NORMAL -70 PTCLDY (SCALE 4-7) 0
TOTAL FM JUL 1 2639 CLOUDY (SCALE 8-10) 22
DPTR FM NORMAL -644
[CDD (BASE 65) ]
TOTAL THIS MO. 66
DPTR FM NORMAL 31 [PRESSURE DATA]
TOTAL FM JAN 1 96 HIGHEST SLP M ON M
DPTR FM NORMAL 48 LOWEST SLP M ON M
[REMARKS]