000
CXUS54 KJAN 011410
CF6MEI
PRELIMINARY LOCAL CLIMATOLOGICAL DATA (WS FORM: F-6)
STATION: MERIDIAN
MONTH: MAY
YEAR: 2021
LATITUDE: 32 19 N
LONGITUDE: 88 45 W
TEMPERATURE IN F: :PCPN: SNOW: WIND :SUNSHINE: SKY :PK WND
================================================================================
1 2 3 4 5 6A 6B 7 8 9 10 11 12 13 14 15 16 17 18
12Z AVG MX 2MIN
DY MAX MIN AVG DEP HDD CDD WTR SNW DPTH SPD SPD DIR MIN PSBL S-S WX SPD DR
================================================================================
1 83 55 69 0 0 4 0.00 0.0 0 4.1 16 60 M M 1 22 70
2 76 62 69 -1 0 4 0.05 0.0 0 7.0 21 170 M M 6 1 33 180
3 89 68 79 9 0 14 0.03 0.0 0 10.8 21 210 M M 7 13 27 180
4 86 63 75 5 0 10 1.04 0.0 0 11.7 41 270 M M 7 13 61 270
5 75 57 66 -4 0 1 0.01 0.0 0 5.3 15 350 M M 7 1 22 300
6 78 54 66 -5 0 1 0.00 0.0 0 5.6 15 360 M M 0 21 20
7 76 51 64 -7 1 0 0.00 0.0 0 5.2 16 30 M M 0 21 40
8 82 49 66 -5 0 1 0.00 0.0 0 5.9 15 170 M M 0 20 170
9 85 59 72 1 0 7 0.10 0.0 0 9.5 28 160 M M 3 13 36 180
10 80 65 73 1 0 8 0.20 0.0 0 4.3 13 50 M M 9 13 16 60
11 75 64 70 -2 0 5 0.24 0.0 0 6.4 14 10 M M 9 18 20 170
12 71 61 66 -6 0 1 0.73 0.0 0 6.9 15 10 M M 10 1 21 10
13 74 54 64 -8 1 0 0.00 0.0 0 6.8 15 40 M M 5 21 50
14 78 50 64 -9 1 0 0.00 0.0 0 2.7 10 70 M M 2 15 60
15 80 50 65 -8 0 0 0.00 0.0 0 2.5 13 160 M M 0 17 170
16 81 56 69 -4 0 4 0.00 0.0 0 4.4 16 170 M M 0 24 170
17 81 62 72 -2 0 7 0.33 0.0 0 5.9 16 150 M M 5 1 22 160
18 71 65 68 -6 0 3 0.82 0.0 0 6.6 16 360 M M 9 1 21 90
19 81 65 73 -1 0 8 0.00 0.0 0 7.7 18 140 M M 6 26 100
20 83 62 73 -1 0 8 0.00 0.0 0 10.3 20 140 M M 5 29 150
21 83 63 73 -2 0 8 0.00 0.0 0 9.3 21 150 M M 2 29 150
22 83 60 72 -3 0 7 0.00 0.0 0 5.1 17 80 M M 0 25 100
23 85 58 72 -3 0 7 0.00 0.0 0 2.3 10 90 M M 1 16 130
24 89 60 75 -1 0 10 0.00 0.0 0 2.1 10 140 M M 1 14 120
25 88 62 75 -1 0 10 0.00 0.0 0 4.7 16 190 M M 0 22 200
26 83 61 72 -4 0 7 0.09 0.0 0 4.5 17 290 M M 5 123 28 270
27 87 62 75 -1 0 10 0.00 0.0 0 3.5 12 200 M M 3 12 15 200
28 85 63 74 -2 0 9 0.00 0.0 0 7.7 17 200 M M 2 24 200
29 76 53 65 -12 0 0 0.00 0.0 0 9.0 21 10 M M 0 29 10
30 75 50 63 -14 2 0 0.00 0.0 0 5.8 16 20 M M 1 21 20
31 83 51 67 -10 0 2 0.00 0.0 0 2.4 14 110 M M 0 18 100
================================================================================
SM 2502 1815 5 156 3.64 0.0 186.0 M 106
================================================================================
AV 80.7 58.5 6.0 FASTST M M 3 MAX(MPH)
MISC ----> 41 270 61 270
================================================================================
NOTES:
# LAST OF SEVERAL OCCURRENCES
COLUMN 17 PEAK WIND IN M.P.H.
PRELIMINARY LOCAL CLIMATOLOGICAL DATA (WS FORM: F-6) , PAGE 2
STATION: MERIDIAN
MONTH: MAY
YEAR: 2021
LATITUDE: 32 19 N
LONGITUDE: 88 45 W
[TEMPERATURE DATA] [PRECIPITATION DATA] SYMBOLS USED IN COLUMN 16
AVERAGE MONTHLY: 69.6 TOTAL FOR MONTH: 3.64 1 = FOG OR MIST
DPTR FM NORMAL: -3.7 DPTR FM NORMAL: -0.56 2 = FOG REDUCING VISIBILITY
HIGHEST: 89 ON 24, 3 GRTST 24HR 1.12 ON 17-18 TO 1/4 MILE OR LESS
LOWEST: 49 ON 8 3 = THUNDER
SNOW, ICE PELLETS, HAIL 4 = ICE PELLETS
TOTAL MONTH: 0.0 INCH 5 = HAIL
GRTST 24HR 0.0 6 = FREEZING RAIN OR DRIZZLE
GRTST DEPTH: 0 7 = DUSTSTORM OR SANDSTORM:
VSBY 1/2 MILE OR LESS
8 = SMOKE OR HAZE
[NO. OF DAYS WITH] [WEATHER - DAYS WITH] 9 = BLOWING SNOW
X = TORNADO
MAX 32 OR BELOW: 0 0.01 INCH OR MORE: 11
MAX 90 OR ABOVE: 0 0.10 INCH OR MORE: 7
MIN 32 OR BELOW: 0 0.50 INCH OR MORE: 3
MIN 0 OR BELOW: 0 1.00 INCH OR MORE: 1
[HDD (BASE 65) ]
TOTAL THIS MO. 5 CLEAR (SCALE 0-3) 17
DPTR FM NORMAL -5 PTCLDY (SCALE 4-7) 10
TOTAL FM JUL 1 2182 CLOUDY (SCALE 8-10) 4
DPTR FM NORMAL 69
[CDD (BASE 65) ]
TOTAL THIS MO. 156
DPTR FM NORMAL -112 [PRESSURE DATA]
TOTAL FM JAN 1 302 HIGHEST SLP 30.34 ON 22
DPTR FM NORMAL -116 LOWEST SLP 29.69 ON 2
[REMARKS]
#FINAL-05-21#