867
CXUS54 KJAN 031732
CF6MEI
PRELIMINARY LOCAL CLIMATOLOGICAL DATA (WS FORM: F-6)
STATION: MERIDIAN
MONTH: AUGUST
YEAR: 2020
LATITUDE: 32 19 N
LONGITUDE: 88 45 W
TEMPERATURE IN F: :PCPN: SNOW: WIND :SUNSHINE: SKY :PK WND
================================================================================
1 2 3 4 5 6A 6B 7 8 9 10 11 12 13 14 15 16 17 18
12Z AVG MX 2MIN
DY MAX MIN AVG DEP HDD CDD WTR SNW DPTH SPD SPD DIR MIN PSBL S-S WX SPD DR
================================================================================
1 91 72 82 1 0 17 0.00 0.0 0 5.8 15 240 M M 2 21 240
2 89 71 80 -1 0 15 0.00 0.0 0 4.3 10 350 M M 2 14 350
3 94 70 82 1 0 17 0.00 0.0 0 2.3 13 10 M M 2 18 340
4 93 69 81 0 0 16 0.24 0.0 0 3.6 16 180 M M 3 1 23 180
5 92 71 82 1 0 17 0.00 0.0 0 4.2 13 340 M M 2 16 20
6 92 67 80 -1 0 15 0.00 0.0 0 2.8 12 350 M M 0 16 340
7 95 66 81 0 0 16 0.00 0.0 0 2.2 9 350 M M 1 13 290
8 97 71 84 3 0 19 0.09 0.0 0 1.2 28 340 M M 1 42 340
9 98 71 85 4 0 20 T 0.0 0 2.1 15 290 M M 3 21 290
10 98 74 86 5 0 21 0.00 0.0 0 2.8 9 320 M M 1 1 14 280
11 97 73 85 4 0 20 1.69 0.0 0 5.8 21 60 M M 2 13 31 110
12 94 71 83 2 0 18 T 0.0 0 M 14 310 M M 1 17 300
13 89 73 81 0 0 16 0.01 0.0 0 4.3 18 170 M M 4 3 26 180
14 94 74 84 4 0 19 0.64 0.0 0 4.7 25 300 M M 6 13 35 310
15 95 74 85 5 0 20 0.00 0.0 0 4.7 14 310 M M 5 1 18 300
16 96 70 83 3 0 18 0.01 0.0 0 3.2 29 30 M M 1 13 36 30
17 93 72 83 3 0 18 0.00 0.0 0 4.9 14 360 M M 2 18 40
18 95 68 82 2 0 17 0.00 0.0 0 2.6 10 10 M M 0 14 340
19 93 69 81 1 0 16 0.00 0.0 0 4.6 16 20 M M 1 20 30
20 87 70 79 -1 0 14 0.29 0.0 0 4.9 24 120 M M 4 13 35 110
21 86 69 78 -2 0 13 T 0.0 0 3.1 20 260 M M 4 13 29 260
22 91 68 80 0 0 15 0.00 0.0 0 2.5 9 30 M M 3 14 350
23 92 68 80 0 0 15 0.00 0.0 0 2.5 12 30 M M 2 15 50
24 92 72 82 2 0 17 0.02 0.0 0 5.4 18 70 M M 6 26 100
25 80 76 78 -2 0 13 0.33 0.0 0 5.4 10 110 M M 8 1 16 90
26 93 76 85 5 0 20 0.15 0.0 0 6.0 21 140 M M 5 3 32 150
27 87 77 82 2 0 17 0.02 0.0 0 10.2 20 180 M M 5 3 29 160
28 83 75 79 0 0 14 1.06 0.0 0 9.3 16 200 M M 8 13 21 200
29 91 75 83 4 0 18 T 0.0 0 4.6 12 160 M M 5 3 15 290
30 93 74 84 5 0 19 0.11 0.0 0 4.0 20 300 M M 2 13 28 300
31 94 76 85 6 0 20 0.02 0.0 0 4.5 14 190 M M 6 13 19 180
================================================================================
SM 2854 2222 0 530 4.68 0.0 128.5 M 97
================================================================================
AV 92.1 71.7 4.3 FASTST M M 3 MAX(MPH)
MISC ----> # 29 30 # 42 340
================================================================================
NOTES:
# LAST OF SEVERAL OCCURRENCES
COLUMN 17 PEAK WIND IN M.P.H.
PRELIMINARY LOCAL CLIMATOLOGICAL DATA (WS FORM: F-6) , PAGE 2
STATION: MERIDIAN
MONTH: AUGUST
YEAR: 2020
LATITUDE: 32 19 N
LONGITUDE: 88 45 W
[TEMPERATURE DATA] [PRECIPITATION DATA] SYMBOLS USED IN COLUMN 16
AVERAGE MONTHLY: 81.9 TOTAL FOR MONTH: 4.68 1 = FOG OR MIST
DPTR FM NORMAL: 1.6 DPTR FM NORMAL: 0.69 2 = FOG REDUCING VISIBILITY
HIGHEST: 98 ON 10, 9 GRTST 24HR 1.69 ON 11-11 TO 1/4 MILE OR LESS
LOWEST: 66 ON 7 3 = THUNDER
SNOW, ICE PELLETS, HAIL 4 = ICE PELLETS
TOTAL MONTH: 0.0 INCH 5 = HAIL
GRTST 24HR 0.0 6 = FREEZING RAIN OR DRIZZLE
GRTST DEPTH: 0 7 = DUSTSTORM OR SANDSTORM:
VSBY 1/2 MILE OR LESS
8 = SMOKE OR HAZE
[NO. OF DAYS WITH] [WEATHER - DAYS WITH] 9 = BLOWING SNOW
X = TORNADO
MAX 32 OR BELOW: 0 0.01 INCH OR MORE: 14
MAX 90 OR ABOVE: 24 0.10 INCH OR MORE: 8
MIN 32 OR BELOW: 0 0.50 INCH OR MORE: 3
MIN 0 OR BELOW: 0 1.00 INCH OR MORE: 2
[HDD (BASE 65) ]
TOTAL THIS MO. 0 CLEAR (SCALE 0-3) 18
DPTR FM NORMAL 0 PTCLDY (SCALE 4-7) 12
TOTAL FM JUL 1 0 CLOUDY (SCALE 8-10) 1
DPTR FM NORMAL 0
[CDD (BASE 65) ]
TOTAL THIS MO. 530
DPTR FM NORMAL 57 [PRESSURE DATA]
TOTAL FM JAN 1 1983 HIGHEST SLP M ON M
DPTR FM NORMAL 363 LOWEST SLP 29.73 ON 27
[REMARKS]
#FINAL-08-20#