000
CXUS54 KLZK 011232
CF6MEZ
PRELIMINARY LOCAL CLIMATOLOGICAL DATA (WS FORM: F-6)
STATION: MENA AIRPORT
MONTH: DECEMBER
YEAR: 2021
LATITUDE: 34 9 N
LONGITUDE: 94 15 W
TEMPERATURE IN F: :PCPN: SNOW: WIND :SUNSHINE: SKY :PK WND
================================================================================
1 2 3 4 5 6A 6B 7 8 9 10 11 12 13 14 15 16 17 18
12Z AVG MX 2MIN
DY MAX MIN AVG DEP HDD CDD WTR SNW DPTH SPD SPD DIR MIN PSBL S-S WX SPD DR
================================================================================
1 70 41 56 12 9 0 0.00 M M 4.6 10 250 M M 3 16 230
2 77 37 57 13 8 0 0.00 M M 1.4 7 280 M M 0 M M
3 66 46 56 13 9 0 0.00 M M 3.6 7 230 M M 8 M M
4 73 59 66 23 0 1 0.02 M M 0.7 5 70 M M 9 3 M M
5 70 59 65 22 0 0 0.04 M M 4.7 8 210 M M 9 3 21 210
6 68 30 49 7 16 0 0.17 M M 7.0 14 330 M M 2 30 230
7 52 27 40 -2 25 0 0.00 M M 2.0 8 80 M M 1 M M
8 63 28 46 4 19 0 0.00 M M 0.9 6 50 M M 0 M M
9 68 50 59 17 6 0 0.00 M M 3.8 10 220 M M 7 20 220
10 75 52 64 23 1 0 0.00 M M 5.9 10 240 M M 6 23 220
11 72 27 50 9 15 0 0.00 M M 6.4 15 280 M M 0 25 270
12 55 23 39 -2 26 0 0.00 M M 0.9 7 130 M M 0 M M
13 64 30 47 7 18 0 0.00 M M 1.0 6 230 M M 3 M M
14 70 54 62 22 3 0 0.14 M M 3.1 6 170 M M 10 21 120
15 73 68 71 31 0 6 0.08 M M 5.4 9 220 M M 8 20 200
16 72 54 63 23 2 0 0.07 M M 5.3 10 80 M M 8 18 200
17 72 52 62 22 3 0 0.22 M M 4.3 8 90 M M 9 3 17 150
18 68 34 51 11 14 0 0.93 M M 5.9 12 340 M M 5 3 24 200
19 45 28 37 -3 28 0 0.00 M M 1.2 6 30 M M 1 M M
20 41 27 34 -5 31 0 0.04 M M 0.1 3 240 M M 7 M M
21 59 28 44 5 21 0 0.00 M M 2.8 9 250 M M 1 M M
22 59 30 45 6 20 0 0.00 M M 1.5 6 60 M M 0 M M
23 64 34 49 10 16 0 0.00 M M 4.2 8 220 M M 6 22 210
24 73 61 67 28 0 2 0.00 M M 8.8 14 230 M M 5 22 210
25 75 50 63 24 2 0 0.00 M M 5.6 12 250 M M 3 21 240
26 70 50 60 21 5 0 0.00 M M 2.5 8 230 M M 7 18 230
27 75 59 67 28 0 2 0.00 M M 4.2 10 240 M M 7 21 240
28 73 48 61 22 4 0 0.06 M M 5.5 12 210 M M 5 23 230
29 59 41 50 11 15 0 0.36 M M 0.8 6 90 M M 7 M M
30 68 50 59 21 6 0 0.00 M M 1.7 9 240 M M 5 M M
31 70 50 60 22 5 0 0.37 M M 2.9 8 250 M M 7 3 M M
================================================================================
SM 2059 1327 327 11 2.50 M 108.7 M 149
================================================================================
AV 66.4 42.8 3.5 FASTST M M 5 MAX(MPH)
MISC ----> 15 280 30 230
================================================================================
NOTES:
# LAST OF SEVERAL OCCURRENCES
COLUMN 17 PEAK WIND IN M.P.H.
PRELIMINARY LOCAL CLIMATOLOGICAL DATA (WS FORM: F-6) , PAGE 2
STATION: MENA AIRPORT
MONTH: DECEMBER
YEAR: 2021
LATITUDE: 34 9 N
LONGITUDE: 94 15 W
[TEMPERATURE DATA] [PRECIPITATION DATA] SYMBOLS USED IN COLUMN 16
AVERAGE MONTHLY: 54.6 TOTAL FOR MONTH: 2.50 1 = FOG OR MIST
DPTR FM NORMAL: 14.2 DPTR FM NORMAL: -2.67 2 = FOG REDUCING VISIBILITY
HIGHEST: 77 ON 2 GRTST 24HR 0.93 ON 18-18 TO 1/4 MILE OR LESS
LOWEST: 23 ON 12 3 = THUNDER
SNOW, ICE PELLETS, HAIL 4 = ICE PELLETS
TOTAL MONTH: M 5 = HAIL
GRTST 24HR M ON M 6 = FREEZING RAIN OR DRIZZLE
GRTST DEPTH: M ON M 7 = DUSTSTORM OR SANDSTORM:
VSBY 1/2 MILE OR LESS
8 = SMOKE OR HAZE
[NO. OF DAYS WITH] [WEATHER - DAYS WITH] 9 = BLOWING SNOW
X = TORNADO
MAX 32 OR BELOW: 0 0.01 INCH OR MORE: 12
MAX 90 OR ABOVE: 0 0.10 INCH OR MORE: 6
MIN 32 OR BELOW: 10 0.50 INCH OR MORE: 1
MIN 0 OR BELOW: 0 1.00 INCH OR MORE: 0
[HDD (BASE 65) ]
TOTAL THIS MO. 327 CLEAR (SCALE 0-3) 12
DPTR FM NORMAL -436 PTCLDY (SCALE 4-7) 13
TOTAL FM JUL 1 851 CLOUDY (SCALE 8-10) 6
DPTR FM NORMAL -589
[CDD (BASE 65) ]
TOTAL THIS MO. 11
DPTR FM NORMAL 10 [PRESSURE DATA]
TOTAL FM JAN 1 1835 HIGHEST SLP M ON M
DPTR FM NORMAL 317 LOWEST SLP M ON M
[REMARKS]
#FINAL-12-21#