000
CXUS54 KLZK 011130
CF6MEZ
PRELIMINARY LOCAL CLIMATOLOGICAL DATA (WS FORM: F-6)
STATION: Mena Airport
MONTH: MARCH
YEAR: 2020
LATITUDE: 34 9 N
LONGITUDE: 94 15 W
TEMPERATURE IN F: :PCPN: SNOW: WIND :SUNSHINE: SKY :PK WND
================================================================================
1 2 3 4 5 6A 6B 7 8 9 10 11 12 13 14 15 16 17 18
12Z AVG MX 2MIN
DY MAX MIN AVG DEP HDD CDD WTR SNW DPTH SPD SPD DIR MIN PSBL S-S WX SPD DR
================================================================================
1 68 57 63 17 2 0 0.00 M M 6.1 9 170 M M 7 23 170
2 73 61 67 21 0 2 0.00 M M 5.7 9 250 M M 6 M M
3 68 45 57 10 8 0 0.00 M M 1.7 6 70 M M 2 M M
4 64 50 57 10 8 0 0.00 M M 2.5 15 60 M M 4 18 60
5 72 37 55 8 10 0 0.00 M M 5.8 14 320 M M 1 22 320
6 63 36 50 2 15 0 0.00 M M 5.0 12 30 M M 0 20 360
7 64 32 48 0 17 0 0.00 M M 1.5 7 150 M M 0 M M
8 68 36 52 4 13 0 0.00 M M 2.4 8 160 M M 0 M M
9 66 57 62 14 3 0 0.28 M M 6.9 10 140 M M 9 24 150
10 75 48 62 13 3 0 0.02 M M 2.8 12 280 M M 3 M M
11 73 50 62 13 3 0 0.00 M M 2.1 10 220 M M 6 17 220
12 79 63 71 22 0 6 0.00 M M 4.2 8 220 M M 8 3 M M
13 64 46 55 6 10 0 0.00 M M 8.3 14 80 M M 10 3 22 70
14 54 45 50 0 15 0 0.01 M M 3.5 13 70 M M 10 3 M M
15 52 46 49 -1 16 0 0.00 M M 8.2 13 80 M M 10 3 M M
16 54 45 50 0 15 0 0.00 M M 2.6 13 100 M M 10 3 17 100
17 59 52 56 6 9 0 0.01 M M 4.8 9 80 M M 10 M M
18 72 55 64 13 1 0 0.00 M M 2.7 9 80 M M 9 M M
19 75 63 69 18 0 4 0.00 M M 6.7 10 200 M M 6 3 23 190
20 66 45 56 5 9 0 0.00 M M 6.7 15 340 M M 5 21 340
21 61 43 52 0 13 0 0.00 M M 5.4 10 80 M M 6 M M
22 54 45 50 -2 15 0 0.00 M M 2.6 8 90 M M 9 M M
23 61 54 58 6 7 0 0.00 M M 2.7 8 70 M M 10 M M
24 82 54 68 16 0 3 0.00 M M 5.9 15 310 M M 6 18 250
25 77 45 61 8 4 0 0.00 M M 0.8 6 210 M M 2 M M
26 88 61 75 22 0 10 0.01 M M 4.0 8 220 M M 1 18 230
27 81 72 77 24 0 12 0.00 M M 4.7 15 240 M M 3 21 240
28 79 54 67 14 0 2 0.00 M M 5.9 14 250 M M 3 3 39 250
29 73 45 59 5 6 0 0.00 M M 1.7 10 270 M M 0 M M
30 59 52 56 2 9 0 1.52 M M 4.3 14 80 M M 8 3 21 80
31 66 46 56 2 9 0 0.00 M M 4.4 9 60 M M 5 M M
================================================================================
SM 2110 1540 220 39 1.85 M 132.6 M 169
================================================================================
AV 68.1 49.7 4.3 FASTST M M 5 MAX(MPH)
MISC ----> # 15 60 # 39 250
================================================================================
NOTES:
# LAST OF SEVERAL OCCURRENCES
COLUMN 17 PEAK WIND IN M.P.H.
PRELIMINARY LOCAL CLIMATOLOGICAL DATA (WS FORM: F-6) , PAGE 2
STATION: Mena Airport
MONTH: MARCH
YEAR: 2020
LATITUDE: 34 9 N
LONGITUDE: 94 15 W
[TEMPERATURE DATA] [PRECIPITATION DATA] SYMBOLS USED IN COLUMN 16
AVERAGE MONTHLY: 58.9 TOTAL FOR MONTH: 1.85 1 = FOG OR MIST
DPTR FM NORMAL: 8.7 DPTR FM NORMAL: -3.17 2 = FOG REDUCING VISIBILITY
HIGHEST: 88 ON 26 GRTST 24HR 1.52 ON 30-30 TO 1/4 MILE OR LESS
LOWEST: 32 ON 7 3 = THUNDER
SNOW, ICE PELLETS, HAIL 4 = ICE PELLETS
TOTAL MONTH: M 5 = HAIL
GRTST 24HR M ON M 6 = FREEZING RAIN OR DRIZZLE
GRTST DEPTH: M ON M 7 = DUSTSTORM OR SANDSTORM:
VSBY 1/2 MILE OR LESS
8 = SMOKE OR HAZE
[NO. OF DAYS WITH] [WEATHER - DAYS WITH] 9 = BLOWING SNOW
X = TORNADO
MAX 32 OR BELOW: 0 0.01 INCH OR MORE: 6
MAX 90 OR ABOVE: 0 0.10 INCH OR MORE: 2
MIN 32 OR BELOW: 1 0.50 INCH OR MORE: 1
MIN 0 OR BELOW: 0 1.00 INCH OR MORE: 1
[HDD (BASE 65) ]
TOTAL THIS MO. 220 CLEAR (SCALE 0-3) 10
DPTR FM NORMAL -245 PTCLDY (SCALE 4-7) 11
TOTAL FM JUL 1 2200 CLOUDY (SCALE 8-10) 10
DPTR FM NORMAL -1151
[CDD (BASE 65) ]
TOTAL THIS MO. 39
DPTR FM NORMAL 33 [PRESSURE DATA]
TOTAL FM JAN 1 39 HIGHEST SLP M ON M
DPTR FM NORMAL 33 LOWEST SLP M ON M
[REMARKS]
#FINAL-03-20#