000
CXUS54 KBRO 010800
CF6MFE
PRELIMINARY LOCAL CLIMATOLOGICAL DATA (WS FORM: F-6)
STATION: MCALLEN
MONTH: SEPTEMBER
YEAR: 2023
LATITUDE: 26 10 N
LONGITUDE: 98 14 W
TEMPERATURE IN F: :PCPN: SNOW: WIND :SUNSHINE: SKY :PK WND
================================================================================
1 2 3 4 5 6A 6B 7 8 9 10 11 12 13 14 15 16 17 18
12Z AVG MX 2MIN
DY MAX MIN AVG DEP HDD CDD WTR SNW DPTH SPD SPD DIR MIN PSBL S-S WX SPD DR
================================================================================
1 103 77 90 3 0 25 0.00 0.0 0 6.9 20 70 M M 1 26 60
2 101 75 88 1 0 23 0.00 0.0 0 6.8 22 80 M M 1 28 80
3 104 76 90 3 0 25 0.00 0.0 0 9.0 25 120 M M 1 35 120
4 105 81 93 6 0 28 0.00 0.0 0 15.1 28 130 M M 1 41 140
5 103 81 92 5 0 27 0.00 0.0 0 15.5 24 130 M M 1 8 34 140
6 103 81 92 6 0 27 0.00 0.0 0 10.3 21 80 M M 2 8 28 70
7 103 80 92 6 0 27 0.00 0.0 0 8.4 25 130 M M 1 32 120
8 104 78 91 5 0 26 0.00 0.0 0 8.4 21 100 M M 1 28 100
9 103 78 91 5 0 26 0.00 0.0 0 8.5 18 100 M M 0 32 170
10 105 76 91 5 0 26 0.00 0.0 0 7.4 29 70 M M 0 38 38 70
11 103 78 91 5 0 26 0.00 0.0 0 9.2 20 100 M M 1 29 90
12 102 78 90 4 0 25 0.00 0.0 0 9.8 26 110 M M 1 33 120
13 102 77 90 5 0 25 0.00 0.0 0 11.7 23 130 M M 0 28 130
14 103 78 91 6 0 26 0.00 0.0 0 12.8 23 140 M M 0 8 30 140
15 103 81 92 7 0 27 0.00 0.0 0 13.1 23 130 M M 1 29 130
16 100 75 88 3 0 23 0.33 0.0 0 7.0 24 40 M M 3 13 33 60
17 91 77 84 -1 0 19 0.33 0.0 0 5.4 22 120 M M 2 13 28 130
18 98 74 86 2 0 21 0.00 0.0 0 5.6 18 100 M M 0 25 100
19 99 74 87 3 0 22 0.00 0.0 0 5.7 17 100 M M 1 23 90
20 101 74 88 4 0 23 0.00 0.0 0 8.0 20 120 M M 0 25 120
21 101 75 88 4 0 23 0.00 0.0 0 10.4 22 120 M M 2 29 180
22 102 78 90 6 0 25 0.00 0.0 0 11.2 21 140 M M 1 28 120
23 102 80 91 7 0 26 0.00 0.0 0 11.9 21 130 M M 2 27 150
24 103 81 92 8 0 27 0.00 0.0 0 12.7 22 140 M M 1 30 140
25 101 79 90 7 0 25 0.00 0.0 0 11.6 20 130 M M 1 27 130
26 99 79 89 6 0 24 0.00 0.0 0 6.6 18 70 M M 2 24 50
27 98 76 87 4 0 22 T 0.0 0 6.2 18 120 M M 1 25 80
28 96 73 85 2 0 20 0.00 0.0 0 6.5 20 70 M M 0 26 80
29 98 75 87 4 0 22 0.00 0.0 0 5.4 17 80 M M 1 24 90
30 99 76 88 5 0 23 0.00 0.0 0 6.1 21 80 M M 1 28 80
================================================================================
SM 3035 2321 0 734 0.66 0.0 273.2 M 30
================================================================================
AV101.2 77.4 9.1 FASTST M M 1 MAX(MPH)
MISC ----> 29 70 41 140
================================================================================
NOTES:
# LAST OF SEVERAL OCCURRENCES
COLUMN 17 PEAK WIND IN M.P.H.
PRELIMINARY LOCAL CLIMATOLOGICAL DATA (WS FORM: F-6) , PAGE 2
STATION: MCALLEN
MONTH: SEPTEMBER
YEAR: 2023
LATITUDE: 26 10 N
LONGITUDE: 98 14 W
[TEMPERATURE DATA] [PRECIPITATION DATA] SYMBOLS USED IN COLUMN 16
AVERAGE MONTHLY: 89.3 TOTAL FOR MONTH: 0.66 1 = FOG OR MIST
DPTR FM NORMAL: 4.3 DPTR FM NORMAL: -3.95 2 = FOG REDUCING VISIBILITY
HIGHEST: 105 ON 10, 4 GRTST 24HR 0.60 ON 16-17 TO 1/4 MILE OR LESS
LOWEST: 73 ON 28 3 = THUNDER
SNOW, ICE PELLETS, HAIL 4 = ICE PELLETS
TOTAL MONTH: 0.0 INCH 5 = HAIL
GRTST 24HR 0.0 6 = FREEZING RAIN OR DRIZZLE
GRTST DEPTH: 0 7 = DUSTSTORM OR SANDSTORM:
VSBY 1/2 MILE OR LESS
8 = SMOKE OR HAZE
[NO. OF DAYS WITH] [WEATHER - DAYS WITH] 9 = BLOWING SNOW
X = TORNADO
MAX 32 OR BELOW: 0 0.01 INCH OR MORE: 2
MAX 90 OR ABOVE: 30 0.10 INCH OR MORE: 2
MIN 32 OR BELOW: 0 0.50 INCH OR MORE: 0
MIN 0 OR BELOW: 0 1.00 INCH OR MORE: 0
[HDD (BASE 65) ]
TOTAL THIS MO. 0 CLEAR (SCALE 0-3) 29
DPTR FM NORMAL 0 PTCLDY (SCALE 4-7) 1
TOTAL FM JUL 1 0 CLOUDY (SCALE 8-10) 0
DPTR FM NORMAL 0
[CDD (BASE 65) ]
TOTAL THIS MO. 734
DPTR FM NORMAL 135 [PRESSURE DATA]
TOTAL FM JAN 1 4533 HIGHEST SLP M ON M
DPTR FM NORMAL 291 LOWEST SLP 29.71 ON 4
[REMARKS]
#FINAL-09-23#