000
CXUS56 KMFR 011030
CF6MFR
PRELIMINARY LOCAL CLIMATOLOGICAL DATA (WS FORM: F-6)
STATION: MEDFORD OR
MONTH: NOVEMBER
YEAR: 2022
LATITUDE: 42 22 N
LONGITUDE: 122 52 W
TEMPERATURE IN F: :PCPN: SNOW: WIND :SUNSHINE: SKY :PK WND
================================================================================
1 2 3 4 5 6A 6B 7 8 9 10 11 12 13 14 15 16 17 18
12Z AVG MX 2MIN
DY MAX MIN AVG DEP HDD CDD WTR SNW DPTH SPD SPD DIR MIN PSBL S-S WX SPD DR
================================================================================
1 53 39 46 -4 19 0 0.66 0.0 0 5.6 16 300 M M 9 1 24 280
2 47 37 42 -7 23 0 0.08 0.0 0 3.6 16 10 M M 9 1 20 10
3 47 36 42 -7 23 0 0.01 0.0 0 2.3 8 10 M M 10 1 10 30
4 55 41 48 -1 17 0 0.05 0.0 0 2.6 8 40 M M 9 1 10 40
5 54 42 48 0 17 0 0.25 0.0 0 3.4 15 10 M M 8 18 21 20
6 56 37 47 -1 18 0 0.37 0.0 0 5.8 24 210 M M 7 1 34 200
7 48 34 41 -7 24 0 0.17 T 0 3.4 14 220 M M 7 1 17 220
8 46 37 42 -5 23 0 0.14 0.0 0 2.6 7 220 M M 10 1 10 290
9 50 34 42 -5 23 0 T 0.0 0 2.8 12 350 M M 7 15 360
10 51 32 42 -5 23 0 0.00 0.0 0 1.8 7 50 M M 5 9 270
11 47 31 39 -7 26 0 0.11 0.0 0 2.6 15 320 M M 6 1 19 310
12 50 34 42 -4 23 0 T 0.0 0 2.0 9 290 M M 7 1 12 290
13 52 31 42 -4 23 0 0.00 0.0 0 2.7 8 80 M M 4 12 10 320
14 58 26 42 -4 23 0 0.00 0.0 0 2.4 7 70 M M 3 12 10 20
15 64 26 45 0 20 0 0.00 0.0 0 3.3 18 130 M M 0 8 24 130
16 61 26 44 -1 21 0 0.00 0.0 0 1.2 7 50 M M 0 8 40
17 52 25 39 -6 26 0 0.00 0.0 0 0.8 6 30 M M 0 8 30
18 56 26 41 -3 24 0 0.00 0.0 0 3.5 21 150 M M 0 1 26 150
19 58 23 41 -3 24 0 0.00 0.0 0 3.4 9 40 M M 0 14 50
20 53 22 38 -6 27 0 0.00 0.0 0 0.6 7 210 M M 0 8 210
21 54 26 40 -4 25 0 0.00 0.0 0 0.5 6 160 M M 0 7 290
22 49 26 38 -5 27 0 T 0.0 0 1.7 8 360 M M 5 1 11 330
23 50 31 41 -2 24 0 T 0.0 0 1.9 7 20 M M 6 12 9 10
24 57 32 45 2 20 0 0.00 0.0 0 1.0 8 150 M M 5 128 10 150
25 50 30 40 -2 25 0 0.03 0.0 0 1.8 8 270 M M 1 1 9 270
26 50 40 45 3 20 0 0.01 M M 2.0 7 350 M M 9 1 10 20
27 49 39 44 2 21 0 0.01 0.0 0 1.9 9 10 M M 10 1 10 10
28 48 29 39 -3 26 0 0.04 0.0 0 4.2 20 360 M M 7 12 25 360
29 46 30 38 -4 27 0 0.00 0.0 0 1.2 9 360 M M 6 12 350
30 56 33 45 4 20 0 0.13 0.0 0 5.1 24 220 M M 9 37 220
================================================================================
SM 1567 955 682 0 2.06 T 77.7 M 159
================================================================================
AV 52.2 31.8 2.6 FASTST M M 5 MAX(MPH)
MISC ----> # 24 210 37 220
================================================================================
NOTES:
# LAST OF SEVERAL OCCURRENCES
COLUMN 17 PEAK WIND IN M.P.H.
PRELIMINARY LOCAL CLIMATOLOGICAL DATA (WS FORM: F-6) , PAGE 2
STATION: MEDFORD OR
MONTH: NOVEMBER
YEAR: 2022
LATITUDE: 42 22 N
LONGITUDE: 122 52 W
[TEMPERATURE DATA] [PRECIPITATION DATA] SYMBOLS USED IN COLUMN 16
AVERAGE MONTHLY: 42.0 TOTAL FOR MONTH: 2.06 1 = FOG OR MIST
DPTR FM NORMAL: -3.2 DPTR FM NORMAL: -0.55 2 = FOG REDUCING VISIBILITY
HIGHEST: 64 ON 15 GRTST 24HR 0.66 ON 1- 1 TO 1/4 MILE OR LESS
LOWEST: 22 ON 20 3 = THUNDER
SNOW, ICE PELLETS, HAIL 4 = ICE PELLETS
TOTAL MONTH: T 5 = HAIL
GRTST 24HR T ON 7- 7 6 = FREEZING RAIN OR DRIZZLE
GRTST DEPTH: 0 7 = DUSTSTORM OR SANDSTORM:
VSBY 1/2 MILE OR LESS
8 = SMOKE OR HAZE
[NO. OF DAYS WITH] [WEATHER - DAYS WITH] 9 = BLOWING SNOW
X = TORNADO
MAX 32 OR BELOW: 0 0.01 INCH OR MORE: 14
MAX 90 OR ABOVE: 0 0.10 INCH OR MORE: 7
MIN 32 OR BELOW: 17 0.50 INCH OR MORE: 1
MIN 0 OR BELOW: 0 1.00 INCH OR MORE: 0
[HDD (BASE 65) ]
TOTAL THIS MO. 682 CLEAR (SCALE 0-3) 8
DPTR FM NORMAL 88 PTCLDY (SCALE 4-7) 14
TOTAL FM JUL 1 847 CLOUDY (SCALE 8-10) 8
DPTR FM NORMAL -90
[CDD (BASE 65) ]
TOTAL THIS MO. 0
DPTR FM NORMAL 0 [PRESSURE DATA]
TOTAL FM JAN 1 1283 HIGHEST SLP 30.55 ON 16
DPTR FM NORMAL 374 LOWEST SLP 29.49 ON 6
[REMARKS]
#FINAL-11-22#