000
CXUS54 KBMX 011110
CF6MGM
PRELIMINARY LOCAL CLIMATOLOGICAL DATA (WS FORM: F-6)
STATION: MONTGOMERY
MONTH: JANUARY
YEAR: 2024
LATITUDE: 32 17 N
LONGITUDE: 86 24 W
TEMPERATURE IN F: :PCPN: SNOW: WIND :SUNSHINE: SKY :PK WND
================================================================================
1 2 3 4 5 6A 6B 7 8 9 10 11 12 13 14 15 16 17 18
12Z AVG MX 2MIN
DY MAX MIN AVG DEP HDD CDD WTR SNW DPTH SPD SPD DIR MIN PSBL S-S WX SPD DR
================================================================================
1 59 34 47 -1 18 0 0.00 0.0 0 6.7 18 300 M M 0 27 280
2 54 24 39 -9 26 0 0.00 0.0 0 1.7 8 320 M M 0 10 310
3 44 27 36 -12 29 0 0.06 0.0 0 2.2 14 90 M M 6 1 18 90
4 56 27 42 -6 23 0 0.00 0.0 0 5.9 16 350 M M 1 12 22 350
5 62 29 46 -2 19 0 0.53 M M 9.4 20 80 M M 2 1 26 90
6 55 M M M M M 0.14 0.0 M 8.1 20 270 M M 9 1 25 270
7 55 M M M M M 0.00 0.0 0 7.5 20 300 M M 4 25 280
8 55 33 44 -4 21 0 1.03 0.0 0 14.7 28 120 M M 5 13 42 100
9 63 40 52 4 13 0 3.26 0.0 0 14.6 36 130 M M 9 13 49 140
10 54 33 44 -4 21 0 0.00 0.0 0 6.9 22 280 M M 0 30 280
11 66 33 50 2 15 0 0.00 0.0 0 4.9 13 110 M M 2 16 140
12 72 41 57 9 8 0 0.08 0.0 0 12.5 28 320 M M 7 1 40 290
13 51 30 41 -7 24 0 0.00 0.0 0 6.4 22 290 M M 0 30 290
14 60 26 43 -5 22 0 0.00 0.0 0 2.7 14 300 M M 0 19 300
15 68 31 50 2 15 0 T 0.0 0 6.5 17 300 M M 3 21 300
16 41 20 31 -17 34 0 0.21 M 0 12.6 22 320 M M 6 16 30 310
17 41 15 28 -20 37 0 0.00 0.0 0 3.4 12 340 M M 0 15 340
18 57 18 38 -10 27 0 0.06 0.0 0 4.8 14 160 M M 5 1 19 180
19 51 31 41 -7 24 0 0.02 0.0 0 12.7 23 320 M M 3 1 31 330
20 38 22 30 -18 35 0 0.00 0.0 0 8.9 16 10 M M 0 24 340
21 44 18 31 -17 34 0 0.00 0.0 0 6.4 13 10 M M 0 22 360
22 56 25 41 -7 24 0 0.00 0.0 0 7.2 15 80 M M 4 19 80
23 67 50 59 11 6 0 0.08 0.0 0 10.3 16 100 M M 7 1 20 100
24 76 59 68 20 0 3 1.98 0.0 0 8.9 17 170 M M 10 13 25 160
25 72 58 65 17 0 0 0.98 0.0 0 8.3 18 190 M M 8 13 28 200
26 71 56 64 15 1 0 T 0.0 0 1.8 7 70 M M 5 1 9 170
27 67 50 59 10 6 0 0.62 0.0 0 8.7 25 270 M M 8 1 33 270
28 50 45 48 -1 17 0 0.00 0.0 0 12.8 21 290 M M 10 30 270
29 58 37 48 -1 17 0 0.00 0.0 0 9.4 17 290 M M 4 24 300
30 66 29 48 -1 17 0 0.00 0.0 0 5.9 15 220 M M 1 22 210
31 60 36 48 -1 17 0 0.00 0.0 0 6.8 16 320 M M 0 23 10
================================================================================
SM 1789 977 550 3 9.05 0.0 239.6 M 119
================================================================================
AV 57.7 33.7 7.7 FASTST M M 4 MAX(MPH)
MISC ----> 36 130 49 140
================================================================================
NOTES:
# LAST OF SEVERAL OCCURRENCES
COLUMN 17 PEAK WIND IN M.P.H.
PRELIMINARY LOCAL CLIMATOLOGICAL DATA (WS FORM: F-6) , PAGE 2
STATION: MONTGOMERY
MONTH: JANUARY
YEAR: 2024
LATITUDE: 32 17 N
LONGITUDE: 86 24 W
[TEMPERATURE DATA] [PRECIPITATION DATA] SYMBOLS USED IN COLUMN 16
AVERAGE MONTHLY: 45.7 TOTAL FOR MONTH: 9.05 1 = FOG OR MIST
DPTR FM NORMAL: -2.4 DPTR FM NORMAL: 4.41 2 = FOG REDUCING VISIBILITY
HIGHEST: 76 ON 24 GRTST 24HR 3.41 ON 8- 9 TO 1/4 MILE OR LESS
LOWEST: 15 ON 17 3 = THUNDER
SNOW, ICE PELLETS, HAIL 4 = ICE PELLETS
TOTAL MONTH: 0.0 INCH 5 = HAIL
GRTST 24HR 0.0 6 = FREEZING RAIN OR DRIZZLE
GRTST DEPTH: 0 7 = DUSTSTORM OR SANDSTORM:
VSBY 1/2 MILE OR LESS
8 = SMOKE OR HAZE
[NO. OF DAYS WITH] [WEATHER - DAYS WITH] 9 = BLOWING SNOW
X = TORNADO
MAX 32 OR BELOW: 0 0.01 INCH OR MORE: 13
MAX 90 OR ABOVE: 0 0.10 INCH OR MORE: 8
MIN 32 OR BELOW: 15 0.50 INCH OR MORE: 6
MIN 0 OR BELOW: 0 1.00 INCH OR MORE: 3
[HDD (BASE 65) ]
TOTAL THIS MO. 550 CLEAR (SCALE 0-3) 14
DPTR FM NORMAL 24 PTCLDY (SCALE 4-7) 12
TOTAL FM JUL 1 1297 CLOUDY (SCALE 8-10) 5
DPTR FM NORMAL -37
[CDD (BASE 65) ]
TOTAL THIS MO. 3
DPTR FM NORMAL -1 [PRESSURE DATA]
TOTAL FM JAN 1 3 HIGHEST SLP 30.64 ON 21
DPTR FM NORMAL -1 LOWEST SLP 29.43 ON 9
[REMARKS]
#FINAL-01-24#