000
CXUS54 KBMX 011110
CF6MGM
PRELIMINARY LOCAL CLIMATOLOGICAL DATA (WS FORM: F-6)
STATION: MONTGOMERY
MONTH: NOVEMBER
YEAR: 2020
LATITUDE: 32 17 N
LONGITUDE: 86 24 W
TEMPERATURE IN F: :PCPN: SNOW: WIND :SUNSHINE: SKY :PK WND
================================================================================
1 2 3 4 5 6A 6B 7 8 9 10 11 12 13 14 15 16 17 18
12Z AVG MX 2MIN
DY MAX MIN AVG DEP HDD CDD WTR SNW DPTH SPD SPD DIR MIN PSBL S-S WX SPD DR
================================================================================
1 76 52 64 3 1 0 0.00 0.0 M 6.7 16 320 M M 2 22 320
2 64 40 52 -8 13 0 0.00 0.0 M 6.0 16 360 M M 0 8 21 340
3 70 34 52 -8 13 0 0.00 0.0 M 1.3 7 300 M M 0 1 10 350
4 74 39 57 -3 8 0 0.00 0.0 M 1.5 8 70 M M 0 11 70
5 76 45 61 1 4 0 0.00 0.0 0 4.4 13 100 M M 0 15 110
6 80 58 69 10 0 4 0.00 0.0 0 7.2 15 40 M M 4 19 80
7 74 60 67 8 0 2 T 0.0 0 6.9 16 70 M M 5 18 19 70
8 77 65 71 12 0 6 0.00 0.0 0 10.7 20 60 M M 5 23 50
9 81 68 75 17 0 10 0.00 0.0 0 9.4 21 70 M M 7 24 70
10 81 70 76 18 0 11 T 0.0 0 10.1 18 100 M M 9 24 90
11 86 69 78 20 0 13 0.05 0.0 M 5.1 17 320 M M 7 12 22 320
12 70 57 64 6 1 0 0.00 0.0 M 7.9 14 290 M M 8 17 310
13 79 53 66 9 0 1 0.00 0.0 0 4.6 15 360 M M 4 1 18 360
14 79 49 64 7 1 0 0.00 0.0 0 4.0 12 110 M M 0 1 16 100
15 80 49 65 8 0 0 0.00 0.0 0 6.3 20 290 M M 4 12 25 280
16 68 37 53 -3 12 0 0.00 0.0 0 4.8 15 20 M M 0 20 10
17 70 35 53 -3 12 0 0.00 0.0 0 6.3 18 360 M M 0 25 350
18 68 36 52 -4 13 0 0.00 0.0 M 5.3 13 70 M M 0 15 70
19 69 37 53 -2 12 0 0.00 0.0 M 7.2 14 100 M M 0 18 90
20 76 45 61 6 4 0 0.00 0.0 M 3.2 9 90 M M 0 12 90
21 75 48 62 7 3 0 0.00 0.0 M 3.2 13 100 M M 2 1 16 100
22 77 49 63 9 2 0 0.00 0.0 M 2.8 10 280 M M 4 1 14 300
23 66 39 53 -1 12 0 0.00 0.0 M 7.0 16 340 M M 2 21 340
24 72 35 54 0 11 0 0.00 0.0 M 5.6 16 140 M M 0 21 150
25 78 47 63 9 2 0 0.60 0.0 M 8.4 30 250 M M 5 18 40 270
26 74 56 65 12 0 0 0.82 0.0 M 3.9 14 280 M M 6 13 18 270
27 74 57 66 13 0 1 1.41 0.0 M 2.0 14 310 M M 8 138 24 330
28 65 55 60 7 5 0 0.08 0.0 M 4.2 10 360 M M 4 1 13 350
29 62 54 58 6 7 0 1.89 0.0 0 8.3 31 270 M M 7 1 41 270
30 54 31 43 -9 22 0 0.03 0.0 0 15.2 28 290 M M 9 1 39 290
================================================================================
SM 2195 1469 158 48 4.88 0.0 179.5 M 102
================================================================================
AV 73.2 49.0 6.0 FASTST M M 3 MAX(MPH)
MISC ----> 31 270 41 270
================================================================================
NOTES:
# LAST OF SEVERAL OCCURRENCES
COLUMN 17 PEAK WIND IN M.P.H.
PRELIMINARY LOCAL CLIMATOLOGICAL DATA (WS FORM: F-6) , PAGE 2
STATION: MONTGOMERY
MONTH: NOVEMBER
YEAR: 2020
LATITUDE: 32 17 N
LONGITUDE: 86 24 W
[TEMPERATURE DATA] [PRECIPITATION DATA] SYMBOLS USED IN COLUMN 16
AVERAGE MONTHLY: 61.1 TOTAL FOR MONTH: 4.88 1 = FOG OR MIST
DPTR FM NORMAL: 4.6 DPTR FM NORMAL: 0.27 2 = FOG REDUCING VISIBILITY
HIGHEST: 86 ON 11 GRTST 24HR 1.89 ON 29-29 TO 1/4 MILE OR LESS
LOWEST: 31 ON 30 3 = THUNDER
SNOW, ICE PELLETS, HAIL 4 = ICE PELLETS
TOTAL MONTH: 0.0 INCH 5 = HAIL
GRTST 24HR 0.0 6 = FREEZING RAIN OR DRIZZLE
GRTST DEPTH: 0 7 = DUSTSTORM OR SANDSTORM:
VSBY 1/2 MILE OR LESS
8 = SMOKE OR HAZE
[NO. OF DAYS WITH] [WEATHER - DAYS WITH] 9 = BLOWING SNOW
X = TORNADO
MAX 32 OR BELOW: 0 0.01 INCH OR MORE: 7
MAX 90 OR ABOVE: 0 0.10 INCH OR MORE: 4
MIN 32 OR BELOW: 1 0.50 INCH OR MORE: 4
MIN 0 OR BELOW: 0 1.00 INCH OR MORE: 2
[HDD (BASE 65) ]
TOTAL THIS MO. 158 CLEAR (SCALE 0-3) 14
DPTR FM NORMAL -122 PTCLDY (SCALE 4-7) 14
TOTAL FM JUL 1 189 CLOUDY (SCALE 8-10) 2
DPTR FM NORMAL -182
[CDD (BASE 65) ]
TOTAL THIS MO. 48
DPTR FM NORMAL 25 [PRESSURE DATA]
TOTAL FM JAN 1 2725 HIGHEST SLP 30.55 ON 19
DPTR FM NORMAL 457 LOWEST SLP 29.67 ON 29
[REMARKS]
#FINAL-11-20#