000
CXUS51 KPBZ 010730
CF6MGW
PRELIMINARY LOCAL CLIMATOLOGICAL DATA (WS FORM: F-6)
STATION: MORGANTOWN WV
MONTH: APRIL
YEAR: 2021
LATITUDE: 39 39 N
LONGITUDE: 79 55 W
TEMPERATURE IN F: :PCPN: SNOW: WIND :SUNSHINE: SKY :PK WND
================================================================================
1 2 3 4 5 6A 6B 7 8 9 10 11 12 13 14 15 16 17 18
12Z AVG MX 2MIN
DY MAX MIN AVG DEP HDD CDD WTR SNW DPTH SPD SPD DIR MIN PSBL S-S WX SPD DR
================================================================================
1 39 26 33 -15 32 0 0.07 M M 7.6 15 330 M M 9 18 26 310
2 41 23 32 -16 33 0 T M M 5.6 17 10 M M 4 8 24 10
3 54 22 38 -10 27 0 0.00 M M 4.6 14 180 M M 2 18 170
4 70 43 57 8 8 0 0.00 M M 5.2 15 340 M M 2 22 330
5 73 36 55 6 10 0 0.00 M M 1.9 10 210 M M 2 13 310
6 79 48 64 14 1 0 0.00 M M 3.4 12 280 M M 4 8 16 240
7 81 49 65 15 0 0 0.00 M M 2.2 9 280 M M 3 8 13 340
8 81 56 69 19 0 4 0.01 M M 9.0 24 160 M M 3 8 32 120
9 78 57 68 17 0 3 0.19 M M 7.1 15 210 M M 4 1 24 210
10 81 56 69 18 0 4 0.47 M M 7.5 23 150 M M 3 1 31 150
11 70 52 61 10 4 0 0.21 M M 4.8 14 220 M M 6 1 22 220
12 59 50 55 3 10 0 0.22 M M 4.9 13 290 M M 9 128 20 290
13 70 48 59 7 6 0 T M M 2.8 9 250 M M 7 12 15 270
14 57 50 54 2 11 0 0.01 M M 3.6 9 220 M M 8 15 220
15 50 42 46 -7 19 0 0.00 M M 5.8 14 270 M M 10 19 300
16 47 39 43 -10 22 0 0.04 M M 4.2 12 270 M M 10 18 270
17 55 39 47 -6 18 0 0.00 M M 2.6 8 350 M M 8 14 330
18 62 40 51 -3 14 0 T M M 2.8 10 260 M M 8 16 250
19 66 37 52 -2 13 0 0.00 M M 3.8 13 220 M M 2 21 280
20 70 45 58 4 7 0 0.00 M M 5.0 14 360 M M 3 22 220
21 46 28 37 -18 28 0 0.12 M M 5.7 17 300 M M 8 128 22 300
22 47 31 39 -16 26 0 0.00 M M 7.6 15 290 M M 9 24 320
23 59 32 46 -9 19 0 0.00 M M 5.9 14 220 M M 1 21 230
24 61 35 48 -8 17 0 0.44 M M 3.0 13 160 M M 5 1 16 150
25 63 42 53 -3 12 0 0.00 M M 6.1 14 350 M M 7 18 20 330
26 65 32 49 -7 16 0 0.00 M M 1.3 8 180 M M 0 10 170
27 84 46 65 9 0 0 0.00 M M 6.1 15 210 M M 0 23 190
28 81 58 70 13 0 5 0.76 M M 6.1 14 230 M M 5 13 23 210
29 72 54 63 6 2 0 0.39 M M 8.0 20 220 M M 10 1 31 220
30 63 44 54 -3 11 0 0.11 M M 7.6 23 280 M M 7 34 270
================================================================================
SM 1924 1260 366 16 3.04 M 151.8 M 159
================================================================================
AV 64.1 42.0 5.1 FASTST M M 5 MAX(MPH)
MISC ----> 24 160 34 270
================================================================================
NOTES:
# LAST OF SEVERAL OCCURRENCES
COLUMN 17 PEAK WIND IN M.P.H.
PRELIMINARY LOCAL CLIMATOLOGICAL DATA (WS FORM: F-6) , PAGE 2
STATION: MORGANTOWN WV
MONTH: APRIL
YEAR: 2021
LATITUDE: 39 39 N
LONGITUDE: 79 55 W
[TEMPERATURE DATA] [PRECIPITATION DATA] SYMBOLS USED IN COLUMN 16
AVERAGE MONTHLY: 53.1 TOTAL FOR MONTH: 3.04 1 = FOG OR MIST
DPTR FM NORMAL: 0.4 DPTR FM NORMAL: -0.48 2 = FOG REDUCING VISIBILITY
HIGHEST: 84 ON 27 GRTST 24HR 0.76 ON 28-28 TO 1/4 MILE OR LESS
LOWEST: 22 ON 3 3 = THUNDER
SNOW, ICE PELLETS, HAIL 4 = ICE PELLETS
TOTAL MONTH: M 5 = HAIL
GRTST 24HR M ON M 6 = FREEZING RAIN OR DRIZZLE
GRTST DEPTH: M ON M 7 = DUSTSTORM OR SANDSTORM:
VSBY 1/2 MILE OR LESS
8 = SMOKE OR HAZE
[NO. OF DAYS WITH] [WEATHER - DAYS WITH] 9 = BLOWING SNOW
X = TORNADO
MAX 32 OR BELOW: 0 0.01 INCH OR MORE: 13
MAX 90 OR ABOVE: 0 0.10 INCH OR MORE: 9
MIN 32 OR BELOW: 7 0.50 INCH OR MORE: 1
MIN 0 OR BELOW: 0 1.00 INCH OR MORE: 0
[HDD (BASE 65) ]
TOTAL THIS MO. 366 CLEAR (SCALE 0-3) 9
DPTR FM NORMAL -16 PTCLDY (SCALE 4-7) 13
TOTAL FM JUL 1 4516 CLOUDY (SCALE 8-10) 8
DPTR FM NORMAL -467
[CDD (BASE 65) ]
TOTAL THIS MO. 16
DPTR FM NORMAL 2 [PRESSURE DATA]
TOTAL FM JAN 1 17 HIGHEST SLP 30.50 ON 3
DPTR FM NORMAL 1 LOWEST SLP 29.46 ON 11
[REMARKS]
#FINAL-04-21#