000
CDUS43 KFSD 212220
CLIMHE


CLIMATE REPORT
NATIONAL WEATHER SERVICE SIOUX FALLS SD
520 PM CDT SAT APR 21 2018


...................................

...THE MITCHELL SD CLIMATE SUMMARY FOR APRIL 21 2018...
VALID TODAY AS OF 0500 PM LOCAL TIME.

CLIMATE NORMAL PERIOD 1981 TO 2010
CLIMATE RECORD PERIOD 1893 TO 2018


WEATHER ITEM   OBSERVED TIME   RECORD YEAR NORMAL DEPARTURE LAST
                VALUE   (LST)  VALUE       VALUE  FROM      YEAR
                                                  NORMAL
..................................................................
TEMPERATURE (F)
 TODAY
  MAXIMUM         47    356 PM  94    1980  63    -16       64
  MINIMUM         37    633 AM  15    1927  38     -1       32
  AVERAGE         42                        50     -8       48

PRECIPITATION (IN)
  TODAY            0.00          1.37 1921   0.09  -0.09     0.00
  MONTH TO DATE    1.54                      1.30   0.24     2.43
  SINCE MAR 1      3.05                      2.36   0.69     2.77
  SINCE JAN 1      4.09                      2.92   1.17     3.93

SNOWFALL (IN)
  TODAY            0.0           2.0  1927  MM     MM        0.0
  MONTH TO DATE   19.5                      MM     MM        1.6
  SINCE MAR 1     30.5                      MM     MM        5.2
  SINCE JUL 1     57.5                      MM     MM       30.6
  SNOW DEPTH       1

DEGREE DAYS
 HEATING
  TODAY           23                        15      8       17
  MONTH TO DATE  683                       405    278      303
  SINCE MAR 1   1665                      1363    302     1172
  SINCE JUL 1   7220                      6885    335     5906

 COOLING
  TODAY            0                         0      0        0
  MONTH TO DATE    0                         0      0        0
  SINCE MAR 1      0                         0      0        0
  SINCE JAN 1      0                         0      0        0
..................................................................


WIND (MPH)
  HIGHEST WIND SPEED    10   HIGHEST WIND DIRECTION     S (160)
  HIGHEST GUST SPEED    13   HIGHEST GUST DIRECTION    SE (150)
  AVERAGE WIND SPEED     5.2


SKY COVER
  POSSIBLE SUNSHINE  MM
  AVERAGE SKY COVER 1.0


WEATHER CONDITIONS
 THE FOLLOWING WEATHER WAS RECORDED TODAY.
  FOG


RELATIVE HUMIDITY (PERCENT)
 HIGHEST    92           100 AM
 LOWEST     70          1000 AM
 AVERAGE    81

..........................................................


THE MITCHELL SD CLIMATE NORMALS FOR TOMORROW
                         NORMAL    RECORD    YEAR
 MAXIMUM TEMPERATURE (F)   64        97      1980
 MINIMUM TEMPERATURE (F)   38        23      1927


SUNRISE AND SUNSET
APRIL 21 2018.........SUNRISE   639 AM CDT   SUNSET   823 PM CDT
APRIL 22 2018.........SUNRISE   638 AM CDT   SUNSET   824 PM CDT


-  INDICATES NEGATIVE NUMBERS.
R  INDICATES RECORD WAS SET OR TIED.
MM INDICATES DATA IS MISSING.
T  INDICATES TRACE AMOUNT.




$$
