000
CXUS52 KMFL 011030
CF6MIA
PRELIMINARY LOCAL CLIMATOLOGICAL DATA (WS FORM: F-6)
STATION: MIAMI
MONTH: MAY
YEAR: 2022
LATITUDE: 25 49 N
LONGITUDE: 80 17 W
TEMPERATURE IN F: :PCPN: SNOW: WIND :SUNSHINE: SKY :PK WND
================================================================================
1 2 3 4 5 6A 6B 7 8 9 10 11 12 13 14 15 16 17 18
12Z AVG MX 2MIN
DY MAX MIN AVG DEP HDD CDD WTR SNW DPTH SPD SPD DIR MIN PSBL S-S WX SPD DR
================================================================================
1 85 72 79 0 0 14 0.06 0.0 0 9.4 20 90 M M 6 13 23 90
2 86 75 81 2 0 16 0.00 0.0 0 11.5 22 110 M M 6 26 110
3 87 77 82 3 0 17 0.02 0.0 0 9.8 17 90 M M 7 21 90
4 88 73 81 2 0 16 0.28 0.0 0 4.9 21 90 M M 5 3 26 100
5 91 71 81 2 0 16 0.00 0.0 0 4.8 14 130 M M 3 20 160
6 93 76 85 6 0 20 0.00 0.0 0 7.1 16 230 M M 3 22 220
7 93 76 85 6 0 20 0.00 0.0 0 10.4 22 230 M M 5 3 30 260
8 94 75 85 6 0 20 0.15 0.0 0 6.5 20 350 M M 6 31 310
9 87 72 80 1 0 15 0.00 0.0 0 9.4 22 90 M M 4 27 100
10 85 70 78 -2 0 13 0.00 0.0 0 9.1 17 50 M M 4 23 50
11 88 68 78 -2 0 13 T 0.0 0 9.1 18 50 M M 4 25 60
12 84 68 76 -4 0 11 0.16 0.0 0 5.3 17 80 M M 6 3 22 90
13 86 70 78 -2 0 13 0.00 0.0 0 5.2 15 130 M M 5 21 120
14 89 74 82 2 0 17 T 0.0 0 5.8 15 200 M M 5 3 21 140
15 89 76 83 3 0 18 0.07 0.0 0 3.6 15 170 M M 8 3 20 90
16 89 73 81 1 0 16 0.45 0.0 0 4.9 20 310 M M 7 138 33 310
17 89 74 82 2 0 17 T 0.0 0 5.7 15 150 M M 3 3 22 150
18 91 76 84 4 0 19 0.00 0.0 0 6.3 15 110 M M 4 22 120
19 90 78 84 4 0 19 0.00 0.0 0 6.0 17 130 M M 5 24 160
20 91 75 83 3 0 18 1.65 M M 9.9 28 120 M M 8 138 34 120
21 88 82 85 5 0 20 0.00 M M 14.9 23 120 M M 8 28 130
22 89 81 85 4 0 20 0.00 0.0 0 14.0 20 90 M M 6 25 120
23 88 78 83 2 0 18 0.03 0.0 0 13.4 20 100 M M 5 26 130
24 88 78 83 2 0 18 0.00 0.0 0 13.9 22 100 M M 6 27 110
25 88 79 84 3 0 19 T 0.0 0 15.1 23 100 M M 5 28 90
26 88 79 84 3 0 19 0.00 0.0 0 10.9 18 110 M M 7 24 110
27 89 78 84 3 0 19 T 0.0 0 9.8 17 120 M M 5 26 130
28 89 71 80 -1 0 15 0.37 0.0 0 7.3 20 340 M M 5 13 29 340
29 89 70 80 -1 0 15 0.41 0.0 0 5.7 21 210 M M 7 13 29 210
30 88 71 80 -2 0 15 0.76 0.0 0 7.3 23 110 M M 8 13 26 100
31 86 76 81 -1 0 16 0.06 0.0 0 4.8 13 40 M M 7 1 18 20
================================================================================
SM 2745 2312 0 522 4.47 0.0 261.8 M 173
================================================================================
AV 88.5 74.6 8.4 FASTST M M 6 MAX(MPH)
MISC ----> 28 120 34 120
================================================================================
NOTES:
# LAST OF SEVERAL OCCURRENCES
COLUMN 17 PEAK WIND IN M.P.H.
PRELIMINARY LOCAL CLIMATOLOGICAL DATA (WS FORM: F-6) , PAGE 2
STATION: MIAMI
MONTH: MAY
YEAR: 2022
LATITUDE: 25 49 N
LONGITUDE: 80 17 W
[TEMPERATURE DATA] [PRECIPITATION DATA] SYMBOLS USED IN COLUMN 16
AVERAGE MONTHLY: 81.6 TOTAL FOR MONTH: 4.47 1 = FOG OR MIST
DPTR FM NORMAL: 1.5 DPTR FM NORMAL: -1.85 2 = FOG REDUCING VISIBILITY
HIGHEST: 94 ON 8 GRTST 24HR 1.65 ON 20-20 TO 1/4 MILE OR LESS
LOWEST: 68 ON 12,11 3 = THUNDER
SNOW, ICE PELLETS, HAIL 4 = ICE PELLETS
TOTAL MONTH: 0.0 INCH 5 = HAIL
GRTST 24HR 0.0 6 = FREEZING RAIN OR DRIZZLE
GRTST DEPTH: 0 7 = DUSTSTORM OR SANDSTORM:
VSBY 1/2 MILE OR LESS
8 = SMOKE OR HAZE
[NO. OF DAYS WITH] [WEATHER - DAYS WITH] 9 = BLOWING SNOW
X = TORNADO
MAX 32 OR BELOW: 0 0.01 INCH OR MORE: 13
MAX 90 OR ABOVE: 7 0.10 INCH OR MORE: 8
MIN 32 OR BELOW: 0 0.50 INCH OR MORE: 2
MIN 0 OR BELOW: 0 1.00 INCH OR MORE: 1
[HDD (BASE 65) ]
TOTAL THIS MO. 0 CLEAR (SCALE 0-3) 2
DPTR FM NORMAL 0 PTCLDY (SCALE 4-7) 28
TOTAL FM JUL 1 54 CLOUDY (SCALE 8-10) 1
DPTR FM NORMAL -49
[CDD (BASE 65) ]
TOTAL THIS MO. 522
DPTR FM NORMAL 56 [PRESSURE DATA]
TOTAL FM JAN 1 1707 HIGHEST SLP 30.21 ON 22
DPTR FM NORMAL 291 LOWEST SLP 29.78 ON 8
[REMARKS]
#FINAL-05-22#