000
CXUS52 KMFL 011137
CLMMIA
CLIMATE REPORT
NATIONAL WEATHER SERVICE MIAMI, FL
737 AM EDT THU JUN 01 2023
...................................
...THE MIAMI CLIMATE SUMMARY FOR THE MONTH OF MAY 2023...
CLIMATE NORMAL PERIOD: 1991 TO 2020
CLIMATE RECORD PERIOD: 1895 TO 2023
WEATHER OBSERVED NORMAL DEPART LAST YEAR`S
VALUE DATE(S) VALUE FROM VALUE
NORMAL
..............................................................
TEMPERATURE (F)
RECORD
HIGH 98 05/28/2017
LOW 50 05/05/1921
HIGHEST 93 05/28 94
LOWEST 69 05/04 68
05/20
AVG. MAXIMUM 88.7 86.7 2.0 88.5
AVG. MINIMUM 73.7 73.4 0.3 74.6
MEAN 81.2 80.1 1.1 81.6
DAYS MAX >= 90 10 7
DAYS MAX <= 32 0 0
DAYS MIN <= 32 0 0
DAYS MIN <= 0 0 0
PRECIPITATION (INCHES)
RECORD
MAXIMUM 18.89 2020
MINIMUM 0.44 1965
TOTALS 5.92 6.32 -0.40 4.47
DAILY AVG. 0.19 0.20 -0.01
DAYS >= .01 15 13
DAYS >= .10 10 8
DAYS >= .50 6 2
DAYS >= 1.00 2 1
GREATEST
24 HR. TOTAL 1.33 05/21 TO 05/22 1.65
DEGREE DAYS
HEATING TOTAL 0 0 0 0
SINCE 7/1 67 103 -36 MM
COOLING TOTAL 509 466 43 522
SINCE 1/1 1875 1416 459 MM
..............................................................
WIND (MPH)
AVERAGE WIND SPEED 6.9
HIGHEST WIND SPEED/DIRECTION 37/200 DATE 05/25
HIGHEST GUST SPEED/DIRECTION 45/200 DATE 05/25
SKY COVER
POSSIBLE SUNSHINE (PERCENT) MM
AVERAGE SKY COVER 0.52
NUMBER OF DAYS FAIR 6
NUMBER OF DAYS PC 23
NUMBER OF DAYS CLOUDY 2
AVERAGE RH (PERCENT) 68
WEATHER CONDITIONS. NUMBER OF DAYS WITH
THUNDERSTORM 13 MIXED PRECIP 0
HEAVY RAIN 4 RAIN 6
LIGHT RAIN 14 FREEZING RAIN 0
LT FREEZING RAIN 0 HAIL 0
HEAVY SNOW 0 SNOW 0
LIGHT SNOW 0 SLEET 0
FOG 7 FOG W/VIS <= 1/4 MILE 0
HAZE 1
- INDICATES NEGATIVE NUMBERS.
R INDICATES RECORD WAS SET OR TIED.
MM INDICATES DATA IS MISSING.
T INDICATES TRACE AMOUNT.
$$