000
CXUS53 KEAX 010736
CF6MKC
PRELIMINARY LOCAL CLIMATOLOGICAL DATA (WS FORM: F-6)
STATION: DOWNTOWN KANSAS CITY MO
MONTH: APRIL
YEAR: 2023
LATITUDE: 39 7 N
LONGITUDE: 94 36 W
TEMPERATURE IN F: :PCPN: SNOW: WIND :SUNSHINE: SKY :PK WND
================================================================================
1 2 3 4 5 6A 6B 7 8 9 10 11 12 13 14 15 16 17 18
12Z AVG MX 2MIN
DY MAX MIN AVG DEP HDD CDD WTR SNW DPTH SPD SPD DIR MIN PSBL S-S WX SPD DR
================================================================================
1 59 36 48 -4 17 0 0.00 M M 11.5 31 280 M M 2 47 280
2 80 44 62 10 3 0 0.00 M M 9.3 29 220 M M 2 41 230
3 76 52 64 11 1 0 0.00 M M 8.2 15 20 M M 6 24 70
4 87 47 67 14 0 2 0.00 M M 15.6 31 200 M M 1 3 47 160
5 52 35 44 -9 21 0 0.11 M M 11.2 22 290 M M 2 3 34 290
6 60 32 46 -8 19 0 0.00 M M 4.0 13 170 M M 0 17 170
7 68 39 54 0 11 0 0.00 M M 6.3 15 120 M M 0 20 140
8 70 46 58 4 7 0 0.00 M M 7.9 15 160 M M 0 22 140
9 74 49 62 7 3 0 0.00 M M 8.1 17 170 M M 0 27 170
10 71 54 63 8 2 0 M M M 6.4 17 140 M M 4 13 24 170
11 79 46 63 8 2 0 0.00 M M 6.4 22 190 M M 1 18 32 190
12 80 59 70 14 0 5 0.00 M M 13.7 26 220 M M 0 40 200
13 81 55 68 12 0 3 0.00 M M 12.2 21 210 M M 0 33 160
14 83 58 71 15 0 6 T M M 10.8 23 190 M M 1 31 200
15 74 43 59 3 6 0 0.75 M M 10.8 35 300 M M 9 135 50 280
16 59 39 49 -8 16 0 0.00 M M 15.3 28 300 M M 6 47 290
17 71 37 54 -3 11 0 0.00 M M 6.3 14 210 M M 0 18 200
18 83 51 67 10 0 2 0.00 M M 11.0 23 190 M M 0 35 190
19 79 63 71 13 0 6 T M M 16.8 28 190 M M 7 3 47 160
20 71 49 60 2 5 0 0.61 M M 10.4 33 320 M M 6 13 45 320
21 60 42 51 -7 14 0 0.00 M M 10.5 25 290 M M 0 36 290
22 49 36 43 -15 22 0 0.00 M M 9.8 21 300 M M 5 32 300
23 56 31 44 -15 21 0 0.00 M M 5.5 17 340 M M 2 29 330
24 69 41 55 -4 10 0 0.00 M M 8.6 21 210 M M 1 37 170
25 69 45 57 -2 8 0 0.00 M M 5.8 13 240 M M 3 19 250
26 68 48 58 -2 7 0 0.00 M M 8.1 16 60 M M 0 23 50
27 69 53 61 1 4 0 0.00 M M 5.0 13 120 M M 7 16 120
28 67 52 60 0 5 0 T M M 5.9 20 280 M M 9 31 280
29 75 47 61 0 4 0 0.00 M M 9.2 35 340 M M 2 48 360
30 62 44 53 -8 12 0 0.00 M M 12.6 28 300 M M 2 42 310
================================================================================
SM 2101 1373 231 24 1.47 M 283.2 M 78
================================================================================
AV 70.0 45.8 9.4 FASTST M M 3 MAX(MPH)
MISC ----> # 35 300 50 280
================================================================================
NOTES:
# LAST OF SEVERAL OCCURRENCES
COLUMN 17 PEAK WIND IN M.P.H.
PRELIMINARY LOCAL CLIMATOLOGICAL DATA (WS FORM: F-6) , PAGE 2
STATION: DOWNTOWN KANSAS CITY MO
MONTH: APRIL
YEAR: 2023
LATITUDE: 39 7 N
LONGITUDE: 94 36 W
[TEMPERATURE DATA] [PRECIPITATION DATA] SYMBOLS USED IN COLUMN 16
AVERAGE MONTHLY: 57.9 TOTAL FOR MONTH: 1.47 1 = FOG OR MIST
DPTR FM NORMAL: 1.4 DPTR FM NORMAL: -2.42 2 = FOG REDUCING VISIBILITY
HIGHEST: 87 ON 4 GRTST 24HR 0.75 ON 15-15 TO 1/4 MILE OR LESS
LOWEST: 31 ON 23 3 = THUNDER
SNOW, ICE PELLETS, HAIL 4 = ICE PELLETS
TOTAL MONTH: M 5 = HAIL
GRTST 24HR M ON M 6 = FREEZING RAIN OR DRIZZLE
GRTST DEPTH: M ON M 7 = DUSTSTORM OR SANDSTORM:
VSBY 1/2 MILE OR LESS
8 = SMOKE OR HAZE
[NO. OF DAYS WITH] [WEATHER - DAYS WITH] 9 = BLOWING SNOW
X = TORNADO
MAX 32 OR BELOW: 0 0.01 INCH OR MORE: 3
MAX 90 OR ABOVE: 0 0.10 INCH OR MORE: 3
MIN 32 OR BELOW: 2 0.50 INCH OR MORE: 2
MIN 0 OR BELOW: 0 1.00 INCH OR MORE: 0
[HDD (BASE 65) ]
TOTAL THIS MO. 231 CLEAR (SCALE 0-3) 21
DPTR FM NORMAL -49 PTCLDY (SCALE 4-7) 7
TOTAL FM JUL 1 4394 CLOUDY (SCALE 8-10) 2
DPTR FM NORMAL -135
[CDD (BASE 65) ]
TOTAL THIS MO. 24
DPTR FM NORMAL -3 [PRESSURE DATA]
TOTAL FM JAN 1 24 HIGHEST SLP M ON M
DPTR FM NORMAL -9 LOWEST SLP 29.32 ON 4
[REMARKS]
#FINAL-04-23#