000
CXUS53 KMKX 011601
CLMMKE
CLIMATE REPORT
NATIONAL WEATHER SERVICE MILWAUKEE/SULLIVAN WI
1101 AM CDT SAT APR 01 2023
...................................
...THE MILWAUKEE WI CLIMATE SUMMARY FOR THE MONTH OF MARCH 2023...
CLIMATE NORMAL PERIOD 1991 TO 2020
CLIMATE RECORD PERIOD 1871 TO 2023
WEATHER OBSERVED NORMAL DEPART LAST YEAR`S
VALUE DATE(S) VALUE FROM VALUE DATE(S)
NORMAL
................................................................
TEMPERATURE (F)
RECORD
HIGH 84 03/21/2012
LOW -10 03/01/1962
HIGHEST 61 03/31 63 -2 70 03/16
LOWEST 13 03/18 8 5 8 03/12
AVG. MAXIMUM 42.7 44.2 -1.5 45.0
AVG. MINIMUM 29.4 28.7 0.7 29.0
MEAN 36.1 36.4 -0.3 37.0
DAYS MAX >= 90 0 0.0 0.0 0
DAYS MAX <= 32 2 4.7 -2.7 4
DAYS MIN <= 32 19 21.0 -2.0 18
DAYS MIN <= 0 0 0.2 -0.2 0
PRECIPITATION (INCHES)
RECORD
MAXIMUM 6.93 1976
MINIMUM 0.05 1910
TOTALS 4.02 2.20 1.82 2.95
DAILY AVG. 0.13 0.07 0.06 0.10
DAYS >= .01 14 10.7 3.3 12
DAYS >= .10 8 5.3 2.7 9
DAYS >= .50 3 1.5 1.5 2
DAYS >= 1.00 0 0.2 -0.2 0
GREATEST
24 HR. TOTAL 1.13 03/09 TO 03/10 0.80
SNOWFALL (INCHES)
RECORDS
TOTAL 52.6 1881
TOTALS 23.1 6.7 16.4 4.1
SINCE 7/1 51.6 46.6 5.0 MM
SNOWDEPTH AVG. 1 0
DAYS >= 1.0 4 1.9 2.1 2
GREATEST
SNOW DEPTH 8 03/10 1 03/07
03/08
24 HR TOTAL 10.7 03/09 TO 03/10 MM
DEGREE DAYS
HEATING TOTAL 888 886 2 861
SINCE 7/1 5037 5542 -505 MM
COOLING TOTAL 0 1 -1 0
SINCE 1/1 0 1 -1 MM
................................................................
WIND (MPH)
AVERAGE WIND SPEED 10.1
HIGHEST WIND SPEED/DIRECTION 31/240 DATE 03/31
HIGHEST GUST SPEED/DIRECTION 44/250 DATE 03/31
SKY COVER
POSSIBLE SUNSHINE (PERCENT) MM
AVERAGE SKY COVER 0.70
NUMBER OF DAYS FAIR 4
NUMBER OF DAYS PC 13
NUMBER OF DAYS CLOUDY 14
AVERAGE RH (PERCENT) 67
WEATHER CONDITIONS. NUMBER OF DAYS WITH
THUNDERSTORM 1 MIXED PRECIP 0
HEAVY RAIN 1 RAIN 2
LIGHT RAIN 11 FREEZING RAIN 0
LT FREEZING RAIN 0 HAIL 0
HEAVY SNOW 3 SNOW 5
LIGHT SNOW 14 SLEET 1
FOG 17 FOG W/VIS <= 1/4 MILE 3
HAZE 11
- INDICATES NEGATIVE NUMBERS.
R INDICATES RECORD WAS SET OR TIED.
MM INDICATES DATA IS MISSING.
T INDICATES TRACE AMOUNT.
$$