000
CXUS54 KMEG 010900
CF6MKL
PRELIMINARY LOCAL CLIMATOLOGICAL DATA (WS FORM: F-6)
STATION: JACKSON
MONTH: MARCH
YEAR: 2024
LATITUDE: 35 35 N
LONGITUDE: 88 55 W
TEMPERATURE IN F: :PCPN: SNOW: WIND :SUNSHINE: SKY :PK WND
================================================================================
1 2 3 4 5 6A 6B 7 8 9 10 11 12 13 14 15 16 17 18
12Z AVG MX 2MIN
DY MAX MIN AVG DEP HDD CDD WTR SNW DPTH SPD SPD DIR MIN PSBL S-S WX SPD DR
================================================================================
1 48 41 45 -1 20 0 0.03 M M 4.0 9 160 M M 10 18 15 150
2 64 44 54 7 11 0 0.00 M M 3.5 10 150 M M 5 14 130
3 76 40 58 11 7 0 0.00 M M 7.0 16 200 M M 1 1 24 200
4 81 62 72 25 0 7 0.00 M M 10.1 20 200 M M 2 31 180
5 71 62 67 19 0 2 0.01 M M 6.6 17 190 M M 6 25 190
6 63 55 59 11 6 0 0.02 M M 7.0 17 350 M M 10 1 20 350
7 68 53 61 13 4 0 0.00 M M 3.6 10 130 M M 7 15 140
8 69 58 64 16 1 0 0.12 M M 5.6 23 160 M M 8 33 170
9 59 34 47 -2 18 0 0.01 M M 9.0 21 340 M M 8 1 27 340
10 58 30 44 -5 21 0 0.00 M M 6.0 18 340 M M 0 27 330
11 67 26 47 -2 18 0 0.00 M M 3.5 12 200 M M 0 18 230
12 74 32 53 3 12 0 0.00 M M 4.9 16 200 M M 0 24 200
13 80 43 62 12 3 0 0.00 M M 9.3 16 200 M M 2 25 230
14 82 61 72 22 0 7 0.89 M M 10.2 28 350 M M 6 13 37 10
15 64 46 55 4 10 0 0.80 M M 8.4 22 330 M M 8 13 28 330
16 68 38 53 2 12 0 0.00 M M 3.7 13 250 M M 2 12 16 240
17 62 40 51 0 14 0 0.00 M M 9.1 21 20 M M 5 30 20
18 48 27 38 -14 27 0 0.00 M M 10.0 21 320 M M 2 30 340
19 59 22 41 -11 24 0 0.00 M M 8.7 21 250 M M 0 28 250
20 74 46 60 8 5 0 0.00 M M 7.7 15 240 M M 1 21 240
21 74 46 60 8 5 0 0.00 M M 6.0 13 110 M M 1 17 120
22 72 53 63 10 2 0 0.31 M M 3.5 10 180 M M 7 1 15 180
23 58 40 49 -4 16 0 0.00 M M 12.9 24 350 M M 3 1 33 340
24 68 36 52 -1 13 0 0.00 M M 6.5 13 90 M M 0 22 150
25 68 60 64 10 1 0 1.21 M M 12.0 22 160 M M 8 13 39 130
26 64 44 54 0 11 0 0.00 M M 12.3 24 260 M M 3 40 230
27 60 35 48 -6 17 0 0.00 M M 5.6 15 340 M M 0 26 330
28 66 32 49 -5 16 0 0.00 M M 2.2 12 270 M M 0 18 330
29 74 34 54 -1 11 0 0.00 M M 5.4 17 240 M M 0 23 240
30 79 52 66 11 0 1 0.00 M M 10.8 22 250 M M 3 33 240
31 77 58 68 13 0 3 0.00 M M 9.4 18 200 M M 5 28 240
================================================================================
SM 2095 1350 305 20 3.40 M 224.5 M 113
================================================================================
AV 67.6 43.5 7.2 FASTST M M 4 MAX(MPH)
MISC ----> 28 350 40 230
================================================================================
NOTES:
# LAST OF SEVERAL OCCURRENCES
COLUMN 17 PEAK WIND IN M.P.H.
PRELIMINARY LOCAL CLIMATOLOGICAL DATA (WS FORM: F-6) , PAGE 2
STATION: JACKSON
MONTH: MARCH
YEAR: 2024
LATITUDE: 35 35 N
LONGITUDE: 88 55 W
[TEMPERATURE DATA] [PRECIPITATION DATA] SYMBOLS USED IN COLUMN 16
AVERAGE MONTHLY: 55.6 TOTAL FOR MONTH: 3.40 1 = FOG OR MIST
DPTR FM NORMAL: 4.7 DPTR FM NORMAL: -2.15 2 = FOG REDUCING VISIBILITY
HIGHEST: 82 ON 14 GRTST 24HR 1.69 ON 14-15 TO 1/4 MILE OR LESS
LOWEST: 22 ON 19 3 = THUNDER
SNOW, ICE PELLETS, HAIL 4 = ICE PELLETS
TOTAL MONTH: M 5 = HAIL
GRTST 24HR M ON M 6 = FREEZING RAIN OR DRIZZLE
GRTST DEPTH: M ON M 7 = DUSTSTORM OR SANDSTORM:
VSBY 1/2 MILE OR LESS
8 = SMOKE OR HAZE
[NO. OF DAYS WITH] [WEATHER - DAYS WITH] 9 = BLOWING SNOW
X = TORNADO
MAX 32 OR BELOW: 0 0.01 INCH OR MORE: 9
MAX 90 OR ABOVE: 0 0.10 INCH OR MORE: 5
MIN 32 OR BELOW: 6 0.50 INCH OR MORE: 3
MIN 0 OR BELOW: 0 1.00 INCH OR MORE: 1
[HDD (BASE 65) ]
TOTAL THIS MO. 305 CLEAR (SCALE 0-3) 18
DPTR FM NORMAL -142 PTCLDY (SCALE 4-7) 10
TOTAL FM JUL 1 2866 CLOUDY (SCALE 8-10) 3
DPTR FM NORMAL -417
[CDD (BASE 65) ]
TOTAL THIS MO. 20
DPTR FM NORMAL 10 [PRESSURE DATA]
TOTAL FM JAN 1 28 HIGHEST SLP 30.33 ON 11
DPTR FM NORMAL 17 LOWEST SLP 29.46 ON 25
[REMARKS]
#FINAL-03-24#