000
CXUS54 KMEG 041736
CLMMKL
CLIMATE REPORT
NATIONAL WEATHER SERVICE MEMPHIS TN
1136 AM CST MON MAR 04 2024
...................................
...THE JACKSON CLIMATE SUMMARY FOR THE MONTH OF FEBRUARY 2024...
CLIMATE NORMAL PERIOD 1991 TO 2020
CLIMATE RECORD PERIOD 1948 TO 2024
WEATHER OBSERVED NORMAL DEPART LAST YEAR`S
VALUE DATE(S) VALUE FROM VALUE DATE(S)
NORMAL
................................................................
TEMPERATURE (F)
RECORD
HIGH 81 02/23/1982
02/13/1962
LOW -12 02/02/1951
HIGHEST 77 02/26 52 25 78 02/22
02/27
02/23
LOWEST 18 02/18 31 -13 19 02/18
AVG. MAXIMUM 63.4 53.0 10.4 60.2
AVG. MINIMUM 37.8 32.5 5.3 37.3
MEAN 50.6 42.7 7.9 48.7
DAYS MAX >= 90 0 0.0 0.0 0
DAYS MAX <= 32 0 1.3 -1.3 1
DAYS MIN <= 32 11 15.3 -4.3 11
DAYS MIN <= 0 0 0.0 0.0 0
PRECIPITATION (INCHES)
RECORD
MAXIMUM 14.54 2018
MINIMUM 1.22 1968
TOTALS 4.70 4.40 0.30 2.86
DAILY AVG. 0.16 NAN NAN 0.10
DAYS >= .01 8 10.1 -2.1 13
DAYS >= .10 7 6.5 0.5 8
DAYS >= .50 4 3.2 0.8 2
DAYS >= 1.00 1 1.4 -0.4 0
GREATEST
24 HR. TOTAL 1.28 02/10 TO 02/11
SNOWFALL (INCHES)
RECORDS
TOTAL 12.6 1985
TOTALS MM MM MM MM
SINCE 7/1 MM MM MM MM
SNOWDEPTH AVG. MM MM
DAYS >= 1.0 MM MM MM MM
GREATEST
SNOW DEPTH MM MM MM
24 HR TOTAL MM
DEGREE DAYS
HEATING TOTAL 417 624 -207 455
SINCE 7/1 2561 2873 -312 MM
COOLING TOTAL 8 1 7 5
SINCE 1/1 8 1 7 MM
................................................................
WIND (MPH)
AVERAGE WIND SPEED 7.8
HIGHEST WIND SPEED/DIRECTION 33/310 DATE 02/28
HIGHEST GUST SPEED/DIRECTION 49/340 DATE 02/16
SKY COVER
POSSIBLE SUNSHINE (PERCENT) MM
AVERAGE SKY COVER 0.29
NUMBER OF DAYS FAIR 19
NUMBER OF DAYS PC 4
NUMBER OF DAYS CLOUDY 6
AVERAGE RH (PERCENT) 66
WEATHER CONDITIONS. NUMBER OF DAYS WITH
THUNDERSTORM 6 MIXED PRECIP 0
HEAVY RAIN 5 RAIN 7
LIGHT RAIN 9 FREEZING RAIN 0
LT FREEZING RAIN 0 HAIL 0
HEAVY SNOW 0 SNOW 0
LIGHT SNOW 1 SLEET 0
FOG 9 FOG W/VIS <= 1/4 MILE 0
HAZE 1
- INDICATES NEGATIVE NUMBERS.
R INDICATES RECORD WAS SET OR TIED.
MM INDICATES DATA IS MISSING.
T INDICATES TRACE AMOUNT.
$$