000
CXUS54 KFWD 220502
CF6MKN
PRELIMINARY LOCAL CLIMATOLOGICAL DATA (WS FORM: F-6)
STATION: COMANCHE
MONTH: JULY
YEAR: 2022
LATITUDE: 31 55 N
LONGITUDE: 98 36 W
TEMPERATURE IN F: :PCPN: SNOW: WIND :SUNSHINE: SKY :PK WND
================================================================================
1 2 3 4 5 6A 6B 7 8 9 10 11 12 13 14 15 16 17 18
12Z AVG MX 2MIN
DY MAX MIN AVG DEP HDD CDD WTR SNW DPTH SPD SPD DIR MIN PSBL S-S WX SPD DR
================================================================================
1 102 72 87 M 0 22 0.00 M M 6.8 10 160 M M 0 17 50
2 106 73 90 M 0 25 0.04 M M 6.7 20 70 M M 1 16 70
3 102 77 90 M 0 25 0.00 M M 8.2 14 180 M M 1 18 200
4 100 75 88 M 0 23 0.00 M M 11.5 18 160 M M 0 23 160
5 106 79 93 M 0 28 0.00 M M 11.7 15 190 M M 0 21 190
6 108 77 93 M 0 28 0.00 M M 8.5 14 190 M M 0 18 190
7 108 79 94 M 0 29 0.00 M M 9.4 15 210 M M 0 23 200
8 109 81 95 M 0 30 0.00 M M 6.3 13 190 M M 0 18 240
9 111 75 93 M 0 28 0.00 M M 3.5 10 200 M M 0 20 330
10 108 75 92 M 0 27 0.00 M M 4.4 8 80 M M 0 20 350
11 109 75 92 M 0 27 0.00 M M 5.9 12 50 M M 1 M M
12 106 75 91 M 0 26 0.00 M M 6.2 16 30 M M 2 24 30
13 111 75 93 M 0 28 0.00 M M 4.7 10 70 M M 0 17 70
14 108 72 90 M 0 25 0.14 M M 8.1 20 120 M M 1 3 30 120
15 102 64 83 M 0 18 0.00 M M 3.7 9 110 M M 1 18 120
16 104 73 89 M 0 24 0.00 M M 6.9 14 150 M M 1 20 150
17 108 79 94 M 0 29 0.00 M M 9.6 15 210 M M 0 22 220
18 111 79 95 M 0 30 0.00 M M 11.2 18 160 M M 0 23 220
19 111 81 96 M 0 31 0.00 M M 12.5 16 210 M M 0 25 210
20 111 81 96 M 0 31 0.00 M M 9.4 16 160 M M 0 22 190
21 108 79 94 M 0 29 0.00 M M 7.4 13 190 M M 0 21 180
22 104 77 91 M 0 26 0.00 M M 9.0 14 200 M M 0 18 170
23 106 77 92 M 0 27 0.00 M M 9.6 16 160 M M 0 21 160
24 106 77 92 M 0 27 0.00 M M 9.8 15 180 M M 1 20 190
25 106 79 93 M 0 28 0.00 M M 10.7 16 190 M M 0 23 190
26 106 77 92 M 0 27 0.00 M M 12.5 16 200 M M 1 25 200
27 M M M M M M 0.00 M M M M M M M M M M
28 82 82 82 M 0 17 0.00 M M 15.0 15 190 M M 0 18 190
29 M M M M M M M M M M M M M M M M M
30 M M M M M M M M M M M M M M M M M
31 M M M M M M M M M M M M M M M M M
================================================================================
SM 2859 2065 0 715 0.18 M 229.2 M 10
================================================================================
AV105.9 76.5 8.5 FASTST M M 0 MAX(MPH)
MISC ----> # 20 70 30 120
================================================================================
NOTES:
# LAST OF SEVERAL OCCURRENCES
COLUMN 17 PEAK WIND IN M.P.H.
PRELIMINARY LOCAL CLIMATOLOGICAL DATA (WS FORM: F-6) , PAGE 2
STATION: COMANCHE
MONTH: JULY
YEAR: 2022
LATITUDE: 31 55 N
LONGITUDE: 98 36 W
[TEMPERATURE DATA] [PRECIPITATION DATA] SYMBOLS USED IN COLUMN 16
AVERAGE MONTHLY: 91.2 TOTAL FOR MONTH: 0.18 1 = FOG OR MIST
DPTR FM NORMAL: 0.0 DPTR FM NORMAL: -1.80 2 = FOG REDUCING VISIBILITY
HIGHEST: 111 ON 18,20 GRTST 24HR 0.14 ON 14-14 TO 1/4 MILE OR LESS
LOWEST: 64 ON 15 3 = THUNDER
SNOW, ICE PELLETS, HAIL 4 = ICE PELLETS
TOTAL MONTH: M 5 = HAIL
GRTST 24HR M ON M 6 = FREEZING RAIN OR DRIZZLE
GRTST DEPTH: M ON M 7 = DUSTSTORM OR SANDSTORM:
VSBY 1/2 MILE OR LESS
8 = SMOKE OR HAZE
[NO. OF DAYS WITH] [WEATHER - DAYS WITH] 9 = BLOWING SNOW
X = TORNADO
MAX 32 OR BELOW: 0 0.01 INCH OR MORE: 2
MAX 90 OR ABOVE: 26 0.10 INCH OR MORE: 1
MIN 32 OR BELOW: 0 0.50 INCH OR MORE: 0
MIN 0 OR BELOW: 0 1.00 INCH OR MORE: 0
[HDD (BASE 65) ]
TOTAL THIS MO. 0 CLEAR (SCALE 0-3) 27
DPTR FM NORMAL M PTCLDY (SCALE 4-7) 0
TOTAL FM JUL 1 0 CLOUDY (SCALE 8-10) 4
DPTR FM NORMAL M
[CDD (BASE 65) ]
TOTAL THIS MO. 715
DPTR FM NORMAL M [PRESSURE DATA]
TOTAL FM JAN 1 2125 HIGHEST SLP M ON M
DPTR FM NORMAL M LOWEST SLP M ON M
[REMARKS]
#FINAL-07-22#