000
CXUS54 KTSA 011104
CF6MKO
PRELIMINARY LOCAL CLIMATOLOGICAL DATA (WS FORM: F-6)
STATION: MUSKOGEE OKLAHOMA
MONTH: JULY
YEAR: 2023
LATITUDE: 35 40 N
LONGITUDE: 95 22 W
TEMPERATURE IN F: :PCPN: SNOW: WIND :SUNSHINE: SKY :PK WND
================================================================================
1 2 3 4 5 6A 6B 7 8 9 10 11 12 13 14 15 16 17 18
12Z AVG MX 2MIN
DY MAX MIN AVG DEP HDD CDD WTR SNW DPTH SPD SPD DIR MIN PSBL S-S WX SPD DR
================================================================================
1 90 76 83 3 0 18 T 0.0 M 8.6 18 220 M M 2 3 24 210
2 93 70 82 2 0 17 0.00 0.0 M 4.1 13 330 M M 0 18 350
3 96 68 82 2 0 17 0.04 0.0 M 5.1 30 330 M M 1 3 39 330
4 94 67 81 1 0 16 0.00 0.0 M 6.1 17 230 M M 0 1 28 230
5 86 72 79 -2 0 14 0.08 0.0 M 3.8 21 10 M M 2 13 25 10
6 82 70 76 -5 0 11 1.32 0.0 M 4.9 29 250 M M 4 13 41 260
7 86 68 77 -4 0 12 0.00 0.0 M 4.2 16 160 M M 3 12 27 200
8 91 72 82 1 0 17 0.26 0.0 M 5.3 18 240 M M 4 13 25 240
9 84 68 76 -5 0 11 1.12 0.0 M 7.5 21 270 M M 5 13 30 280
10 87 68 78 -3 0 13 0.00 0.0 M 6.1 13 100 M M 2 1 18 120
11 84 71 78 -3 0 13 0.12 0.0 M 7.1 15 120 M M 2 1 22 120
12 94 72 83 2 0 18 0.00 0.0 M 8.2 15 190 M M 0 1 23 170
13 93 79 86 4 0 21 0.34 0.0 M 7.0 24 360 M M 4 13 34 360
14 91 72 82 0 0 17 0.10 0.0 M 10.4 32 350 M M 4 13 46 350
15 90 71 81 -1 0 16 0.00 0.0 M 5.3 13 360 M M 2 20 330
16 91 69 80 -2 0 15 0.00 0.0 M 5.0 14 220 M M 1 1 23 220
17 89 69 79 -3 0 14 0.01 0.0 M 5.6 29 360 M M 0 3 42 20
18 96 77 87 5 0 22 0.00 0.0 M 8.5 16 190 M M 0 1 24 230
19 97 79 88 6 0 23 0.00 0.0 M 8.7 18 210 M M 0 26 210
20 95 78 87 5 0 22 T 0.0 M 4.6 17 10 M M 0 22 10
21 83 69 76 -6 0 11 0.16 0.0 M 5.8 23 310 M M 5 13 33 330
22 88 66 77 -5 0 12 0.00 0.0 M 5.8 15 20 M M 0 1 27 30
23 94 65 80 -2 0 15 0.00 0.0 M 3.9 10 230 M M 0 1 14 220
24 95 69 82 0 0 17 0.00 0.0 M 6.8 15 200 M M 0 22 190
25 98 71 85 3 0 20 0.00 0.0 M 8.1 17 190 M M 0 26 230
26 97 75 86 4 0 21 0.00 0.0 M 9.3 23 220 M M 0 32 220
27 98 72 85 3 0 20 0.00 0.0 M 7.8 17 190 M M 0 1 26 230
28 98 78 88 6 0 23 0.00 0.0 M 8.3 18 220 M M 0 29 230
29 100 71 86 4 0 21 0.00 0.0 M 4.4 12 240 M M 0 18 200
30 103 73 88 6 0 23 0.00 0.0 M 2.8 10 250 M M 0 18 16 230
31 100 74 87 5 0 22 0.00 0.0 M 6.6 22 70 M M 0 30 30
================================================================================
SM 2863 2219 0 532 3.55 0.0 195.7 M 41
================================================================================
AV 92.4 71.6 6.3 FASTST M M 1 MAX(MPH)
MISC ----> 32 350 46 350
================================================================================
NOTES:
# LAST OF SEVERAL OCCURRENCES
COLUMN 17 PEAK WIND IN M.P.H.
PRELIMINARY LOCAL CLIMATOLOGICAL DATA (WS FORM: F-6) , PAGE 2
STATION: MUSKOGEE OKLAHOMA
MONTH: JULY
YEAR: 2023
LATITUDE: 35 40 N
LONGITUDE: 95 22 W
[TEMPERATURE DATA] [PRECIPITATION DATA] SYMBOLS USED IN COLUMN 16
AVERAGE MONTHLY: 82.0 TOTAL FOR MONTH: 3.55 1 = FOG OR MIST
DPTR FM NORMAL: 0.4 DPTR FM NORMAL: -0.05 2 = FOG REDUCING VISIBILITY
HIGHEST: 103 ON 30 GRTST 24HR 1.39 ON 5- 6 TO 1/4 MILE OR LESS
LOWEST: 65 ON 23 3 = THUNDER
SNOW, ICE PELLETS, HAIL 4 = ICE PELLETS
TOTAL MONTH: 0.0 INCH 5 = HAIL
GRTST 24HR 0.0 6 = FREEZING RAIN OR DRIZZLE
GRTST DEPTH: M ON M 7 = DUSTSTORM OR SANDSTORM:
VSBY 1/2 MILE OR LESS
8 = SMOKE OR HAZE
[NO. OF DAYS WITH] [WEATHER - DAYS WITH] 9 = BLOWING SNOW
X = TORNADO
MAX 32 OR BELOW: 0 0.01 INCH OR MORE: 10
MAX 90 OR ABOVE: 22 0.10 INCH OR MORE: 7
MIN 32 OR BELOW: 0 0.50 INCH OR MORE: 2
MIN 0 OR BELOW: 0 1.00 INCH OR MORE: 2
[HDD (BASE 65) ]
TOTAL THIS MO. 0 CLEAR (SCALE 0-3) 25
DPTR FM NORMAL 0 PTCLDY (SCALE 4-7) 6
TOTAL FM JUL 1 0 CLOUDY (SCALE 8-10) 0
DPTR FM NORMAL 0
[CDD (BASE 65) ]
TOTAL THIS MO. 532
DPTR FM NORMAL 18 [PRESSURE DATA]
TOTAL FM JAN 1 1020 HIGHEST SLP 30.11 ON 29
DPTR FM NORMAL -69 LOWEST SLP 29.74 ON 13
[REMARKS]
#FINAL-07-23#