000
CXUS54 KTSA 010850
CF6MLC
PRELIMINARY LOCAL CLIMATOLOGICAL DATA (WS FORM: F-6)
STATION: MCALESTER OKLAHOMA
MONTH: JUNE
YEAR: 2021
LATITUDE: 34 52 N
LONGITUDE: 95 47 W
TEMPERATURE IN F: :PCPN: SNOW: WIND :SUNSHINE: SKY :PK WND
================================================================================
1 2 3 4 5 6A 6B 7 8 9 10 11 12 13 14 15 16 17 18
12Z AVG MX 2MIN
DY MAX MIN AVG DEP HDD CDD WTR SNW DPTH SPD SPD DIR MIN PSBL S-S WX SPD DR
================================================================================
1 69 64 67 -8 0 2 0.07 0.0 M 5.1 13 330 M M 10 1 17 310
2 75 58 67 -8 0 2 0.00 0.0 M 3.8 13 340 M M 7 17 340
3 84 54 69 -6 0 4 0.00 0.0 M 2.0 8 110 M M 2 1 13 120
4 86 61 74 -2 0 9 0.00 0.0 M 2.0 9 150 M M 3 14 170
5 83 63 73 -3 0 8 0.49 0.0 M 2.7 12 110 M M 7 138 22 130
6 78 64 71 -5 0 6 0.09 0.0 M 3.0 10 140 M M 4 1 18 130
7 81 66 74 -2 0 9 0.13 0.0 M 3.6 12 120 M M 6 13 24 130
8 87 67 77 0 0 12 0.13 0.0 M 3.2 12 210 M M 7 13 20 100
9 88 73 81 4 0 16 0.00 0.0 M 4.6 14 210 M M 6 1 19 210
10 92 72 82 5 0 17 0.00 0.0 M 5.2 14 220 M M 3 1 18 230
11 88 76 82 5 0 17 0.00 0.0 M 6.0 13 190 M M 7 24 180
12 94 69 82 4 0 17 0.24 0.0 M 4.1 23 330 M M 2 13 30 350
13 95 72 84 6 0 19 0.00 0.0 M 3.4 12 350 M M 2 1 20 50
14 94 68 81 3 0 16 0.00 0.0 M 1.9 9 20 M M 0 13 10
15 95 65 80 2 0 15 0.00 0.0 M 1.4 8 330 M M 2 11 350
16 95 67 81 3 0 16 0.00 0.0 M 2.3 9 210 M M 1 14 230
17 95 70 83 4 0 18 0.00 0.0 M 3.5 12 160 M M 1 21 170
18 93 73 83 4 0 18 0.00 0.0 M 5.0 13 210 M M 1 20 210
19 90 66 78 -1 0 13 0.00 0.0 M 4.5 13 210 M M 1 1 19 230
20 93 73 83 4 0 18 0.00 0.0 M 8.2 21 220 M M 1 31 210
21 80 60 70 -10 0 5 0.58 0.0 0 6.1 20 350 M M 6 13 26 10
22 83 54 69 -11 0 4 0.00 0.0 0 3.5 9 160 M M 1 1 16 120
23 88 62 75 -5 0 10 0.00 0.0 0 7.2 14 190 M M 4 27 170
24 91 78 85 5 0 20 0.00 0.0 M 7.9 15 210 M M 2 27 210
25 91 79 85 5 0 20 0.00 0.0 M 7.7 16 200 M M 2 28 200
26 90 76 83 3 0 18 0.02 0.0 M 6.9 14 190 M M 3 30 180
27 90 71 81 1 0 16 0.15 0.0 M 5.4 17 330 M M 5 13 23 200
28 87 71 79 -2 0 14 0.71 0.0 M 4.2 16 160 M M 4 13 33 160
29 87 71 79 -2 0 14 T 0.0 M 3.7 13 230 M M 6 22 110
30 90 71 81 0 0 16 0.00 0.0 M 3.4 13 220 M M 3 1 18 210
================================================================================
SM 2632 2034 0 389 2.61 0.0 131.5 M 109
================================================================================
AV 87.7 67.8 4.4 FASTST M M 4 MAX(MPH)
MISC ----> 23 330 33 160
================================================================================
NOTES:
# LAST OF SEVERAL OCCURRENCES
COLUMN 17 PEAK WIND IN M.P.H.
PRELIMINARY LOCAL CLIMATOLOGICAL DATA (WS FORM: F-6) , PAGE 2
STATION: MCALESTER OKLAHOMA
MONTH: JUNE
YEAR: 2021
LATITUDE: 34 52 N
LONGITUDE: 95 47 W
[TEMPERATURE DATA] [PRECIPITATION DATA] SYMBOLS USED IN COLUMN 16
AVERAGE MONTHLY: 77.8 TOTAL FOR MONTH: 2.61 1 = FOG OR MIST
DPTR FM NORMAL: -0.4 DPTR FM NORMAL: -1.85 2 = FOG REDUCING VISIBILITY
HIGHEST: 95 ON 17,16 GRTST 24HR 0.71 ON 28-28 TO 1/4 MILE OR LESS
LOWEST: 54 ON 22, 3 3 = THUNDER
SNOW, ICE PELLETS, HAIL 4 = ICE PELLETS
TOTAL MONTH: 0.0 INCH 5 = HAIL
GRTST 24HR 0.0 6 = FREEZING RAIN OR DRIZZLE
GRTST DEPTH: 0 7 = DUSTSTORM OR SANDSTORM:
VSBY 1/2 MILE OR LESS
8 = SMOKE OR HAZE
[NO. OF DAYS WITH] [WEATHER - DAYS WITH] 9 = BLOWING SNOW
X = TORNADO
MAX 32 OR BELOW: 0 0.01 INCH OR MORE: 10
MAX 90 OR ABOVE: 15 0.10 INCH OR MORE: 7
MIN 32 OR BELOW: 0 0.50 INCH OR MORE: 2
MIN 0 OR BELOW: 0 1.00 INCH OR MORE: 0
[HDD (BASE 65) ]
TOTAL THIS MO. 0 CLEAR (SCALE 0-3) 17
DPTR FM NORMAL 0 PTCLDY (SCALE 4-7) 12
TOTAL FM JUL 1 3202 CLOUDY (SCALE 8-10) 1
DPTR FM NORMAL 124
[CDD (BASE 65) ]
TOTAL THIS MO. 389
DPTR FM NORMAL -7 [PRESSURE DATA]
TOTAL FM JAN 1 559 HIGHEST SLP 30.12 ON 30
DPTR FM NORMAL -105 LOWEST SLP 29.69 ON 21
[REMARKS]
#FINAL-06-21#