000
CXUS54 KTSA 010840
CF6MLC
PRELIMINARY LOCAL CLIMATOLOGICAL DATA (WS FORM: F-6)
STATION: MCALESTER OKLAHOMA
MONTH: AUGUST
YEAR: 2020
LATITUDE: 34 52 N
LONGITUDE: 95 47 W
TEMPERATURE IN F: :PCPN: SNOW: WIND :SUNSHINE: SKY :PK WND
================================================================================
1 2 3 4 5 6A 6B 7 8 9 10 11 12 13 14 15 16 17 18
12Z AVG MX 2MIN
DY MAX MIN AVG DEP HDD CDD WTR SNW DPTH SPD SPD DIR MIN PSBL S-S WX SPD DR
================================================================================
1 87 64 76 -7 0 11 0.00 0.0 0 2.8 13 350 M M 2 1 17 360
2 90 65 78 -5 0 13 0.07 0.0 0 3.0 24 350 M M 2 3 41 340
3 86 61 74 -9 0 9 0.00 0.0 0 4.3 15 20 M M 2 20 30
4 84 60 72 -11 0 7 0.00 0.0 0 4.3 14 20 M M 2 23 10
5 83 64 74 -9 0 9 0.39 0.0 0 3.5 10 100 M M 4 13 18 100
6 90 68 79 -4 0 14 0.00 0.0 0 5.4 12 130 M M 2 13 22 150
7 90 74 82 -1 0 17 0.17 0.0 0 6.5 9 160 M M 2 13 20 150
8 95 77 86 3 0 21 0.00 0.0 0 7.7 17 210 M M 1 26 220
9 96 77 87 4 0 22 0.00 0.0 0 7.3 16 210 M M 1 23 220
10 96 79 88 5 0 23 0.00 0.0 0 7.3 18 220 M M 1 26 210
11 84 70 77 -6 0 12 1.61 0.0 0 7.1 24 260 M M 6 13 35 310
12 88 71 80 -3 0 15 0.01 0.0 0 4.8 9 190 M M 5 17 99
13 93 73 83 0 0 18 0.01 0.0 0 5.7 18 30 M M 1 27 360
14 91 74 83 0 0 18 0.01 0.0 0 5.8 14 110 M M 1 3 26 80
15 97 73 85 2 0 20 0.00 0.0 0 3.1 10 40 M M 1 21 50
16 95 73 84 2 0 19 T 0.0 0 3.5 15 360 M M 2 20 50
17 93 68 81 -1 0 16 0.00 0.0 0 2.2 9 360 M M 2 8 14 10
18 89 64 77 -5 0 12 0.00 0.0 0 5.1 15 360 M M 2 23 20
19 88 59 74 -8 0 9 0.00 0.0 0 2.8 10 10 M M 1 16 20
20 90 61 76 -6 0 11 0.00 0.0 0 2.5 9 20 M M 2 14 190
21 92 59 76 -6 0 11 0.00 0.0 0 2.4 8 270 M M 1 12 100
22 94 63 79 -3 0 14 0.00 0.0 0 2.3 9 230 M M 2 14 220
23 94 65 80 -2 0 15 0.00 0.0 0 3.0 12 190 M M 2 18 90
24 95 64 80 -1 0 15 0.00 0.0 0 2.5 7 99 M M 2 16 99
25 96 65 81 0 0 16 0.00 0.0 0 3.0 12 30 M M 1 1 18 80
26 82 68 75 -6 0 10 0.01 0.0 0 3.3 14 110 M M 4 25 110
27 87 70 79 -2 0 14 0.01 0.0 0 3.1 13 340 M M 3 3 16 30
28 101 69 85 5 0 20 0.00 0.0 0 4.9 13 230 M M 1 19 210
29 101 78 90 10 0 25 0.00 0.0 0 6.0 15 360 M M 1 23 360
30 94 72 83 3 0 18 0.14 0.0 0 7.0 17 220 M M 3 13 23 200
31 89 76 83 3 0 18 0.07 0.0 0 5.9 18 220 M M 3 13 28 210
================================================================================
SM 2830 2124 0 472 2.50 0.0 138.1 M 65
================================================================================
AV 91.3 68.5 4.5 FASTST M M 2 MAX(MPH)
MISC ----> # 24 350 # 41 340
================================================================================
NOTES:
# LAST OF SEVERAL OCCURRENCES
COLUMN 17 PEAK WIND IN M.P.H.
PRELIMINARY LOCAL CLIMATOLOGICAL DATA (WS FORM: F-6) , PAGE 2
STATION: MCALESTER OKLAHOMA
MONTH: AUGUST
YEAR: 2020
LATITUDE: 34 52 N
LONGITUDE: 95 47 W
[TEMPERATURE DATA] [PRECIPITATION DATA] SYMBOLS USED IN COLUMN 16
AVERAGE MONTHLY: 79.9 TOTAL FOR MONTH: 2.50 1 = FOG OR MIST
DPTR FM NORMAL: -2.1 DPTR FM NORMAL: -0.14 2 = FOG REDUCING VISIBILITY
HIGHEST: 101 ON 29,28 GRTST 24HR 1.61 ON 11-11 TO 1/4 MILE OR LESS
LOWEST: 59 ON 21,19 3 = THUNDER
SNOW, ICE PELLETS, HAIL 4 = ICE PELLETS
TOTAL MONTH: 0.0 INCH 5 = HAIL
GRTST 24HR 0.0 6 = FREEZING RAIN OR DRIZZLE
GRTST DEPTH: 0 7 = DUSTSTORM OR SANDSTORM:
VSBY 1/2 MILE OR LESS
8 = SMOKE OR HAZE
[NO. OF DAYS WITH] [WEATHER - DAYS WITH] 9 = BLOWING SNOW
X = TORNADO
MAX 32 OR BELOW: 0 0.01 INCH OR MORE: 11
MAX 90 OR ABOVE: 20 0.10 INCH OR MORE: 4
MIN 32 OR BELOW: 0 0.50 INCH OR MORE: 1
MIN 0 OR BELOW: 0 1.00 INCH OR MORE: 1
[HDD (BASE 65) ]
TOTAL THIS MO. 0 CLEAR (SCALE 0-3) 24
DPTR FM NORMAL 0 PTCLDY (SCALE 4-7) 7
TOTAL FM JUL 1 0 CLOUDY (SCALE 8-10) 0
DPTR FM NORMAL 0
[CDD (BASE 65) ]
TOTAL THIS MO. 472
DPTR FM NORMAL -56 [PRESSURE DATA]
TOTAL FM JAN 1 1724 HIGHEST SLP 30.12 ON 17
DPTR FM NORMAL 49 LOWEST SLP 29.66 ON 30
[REMARKS]
#FINAL-08-20#