000
CXUS54 KTSA 230850
CF6MLC
PRELIMINARY LOCAL CLIMATOLOGICAL DATA (WS FORM: F-6)
STATION: MCALESTER OKLAHOMA
MONTH: APRIL
YEAR: 2024
LATITUDE: 34 52 N
LONGITUDE: 95 47 W
TEMPERATURE IN F: :PCPN: SNOW: WIND :SUNSHINE: SKY :PK WND
================================================================================
1 2 3 4 5 6A 6B 7 8 9 10 11 12 13 14 15 16 17 18
12Z AVG MX 2MIN
DY MAX MIN AVG DEP HDD CDD WTR SNW DPTH SPD SPD DIR MIN PSBL S-S WX SPD DR
================================================================================
1 77 65 71 13 0 6 1.29 0.0 M 8.5 18 220 M M 8 138 31 170
2 68 41 55 -4 10 0 T 0.0 M 10.4 21 310 M M 8 32 310
3 64 38 51 -8 14 0 T 0.0 M 8.7 26 340 M M 2 36 350
4 73 35 54 -5 11 0 0.00 0.0 M 4.3 13 320 M M 2 18 30
5 81 47 64 5 1 0 0.00 0.0 M 5.5 13 210 M M 2 8 19 210
6 78 58 68 8 0 3 T 0.0 M 10.6 20 190 M M 3 37 150
7 75 47 61 1 4 0 0.10 0.0 M 9.2 22 210 M M 4 1 32 210
8 81 46 64 4 1 0 0.01 0.0 M 5.6 20 210 M M 3 3 27 210
9 73 58 66 6 0 1 0.96 0.0 M 6.2 20 100 M M 6 13 37 90
10 63 52 58 -2 7 0 0.06 0.0 M 10.3 24 350 M M 8 1 36 330
11 70 41 56 -5 9 0 0.00 0.0 M 9.3 28 330 M M 3 38 300
12 79 37 58 -3 7 0 0.00 0.0 M 4.1 15 210 M M 2 22 210
13 84 62 73 12 0 8 0.00 0.0 M 10.4 22 210 M M 1 39 190
14 82 62 72 11 0 7 0.00 0.0 M 9.7 20 220 M M 4 31 200
15 72 67 70 8 0 5 0.06 0.0 M 7.7 20 140 M M 8 138 37 150
16 83 63 73 11 0 8 0.01 0.0 M 10.3 22 220 M M 5 34 220
17 88 60 74 12 0 9 0.00 0.0 M 4.4 14 210 M M 4 12 21 160
18 84 57 71 9 0 6 T 0.0 M 10.0 21 360 M M 8 18 28 350
19 64 54 59 -3 6 0 0.00 0.0 M 8.1 20 10 M M 10 27 360
20 60 50 55 -8 10 0 0.51 0.0 M 6.5 15 10 M M 10 138 26 70
21 65 39 52 -11 13 0 0.00 0.0 M 7.6 17 350 M M 3 29 360
22 70 35 53 -10 12 0 0.00 0.0 M 5.9 15 210 M M 2 24 210
================================================================================
SM 1634 1114 105 53 3.00 0.0 173.3 M 106
================================================================================
AV 74.3 50.6 7.9 FASTST M M 5 MAX(MPH)
MISC ----> 28 330 39 190
================================================================================
NOTES:
# LAST OF SEVERAL OCCURRENCES
COLUMN 17 PEAK WIND IN M.P.H.
PRELIMINARY LOCAL CLIMATOLOGICAL DATA (WS FORM: F-6) , PAGE 2
STATION: MCALESTER OKLAHOMA
MONTH: APRIL
YEAR: 2024
LATITUDE: 34 52 N
LONGITUDE: 95 47 W
[TEMPERATURE DATA] [PRECIPITATION DATA] SYMBOLS USED IN COLUMN 16
AVERAGE MONTHLY: 62.5 TOTAL FOR MONTH: 3.00 1 = FOG OR MIST
DPTR FM NORMAL: 1.7 DPTR FM NORMAL: -0.16 2 = FOG REDUCING VISIBILITY
HIGHEST: 88 ON 17 GRTST 24HR 1.29 ON 1- 1 TO 1/4 MILE OR LESS
LOWEST: 35 ON 22, 4 3 = THUNDER
SNOW, ICE PELLETS, HAIL 4 = ICE PELLETS
TOTAL MONTH: 0.0 INCH 5 = HAIL
GRTST 24HR 0.0 6 = FREEZING RAIN OR DRIZZLE
GRTST DEPTH: M ON M 7 = DUSTSTORM OR SANDSTORM:
VSBY 1/2 MILE OR LESS
8 = SMOKE OR HAZE
[NO. OF DAYS WITH] [WEATHER - DAYS WITH] 9 = BLOWING SNOW
X = TORNADO
MAX 32 OR BELOW: 0 0.01 INCH OR MORE: 8
MAX 90 OR ABOVE: 0 0.10 INCH OR MORE: 4
MIN 32 OR BELOW: 0 0.50 INCH OR MORE: 3
MIN 0 OR BELOW: 0 1.00 INCH OR MORE: 1
[HDD (BASE 65) ]
TOTAL THIS MO. 105 CLEAR (SCALE 0-3) 9
DPTR FM NORMAL -27 PTCLDY (SCALE 4-7) 9
TOTAL FM JUL 1 2688 CLOUDY (SCALE 8-10) 4
DPTR FM NORMAL -330
[CDD (BASE 65) ]
TOTAL THIS MO. 53
DPTR FM NORMAL 15 [PRESSURE DATA]
TOTAL FM JAN 1 99 HIGHEST SLP M ON M
DPTR FM NORMAL 38 LOWEST SLP 29.50 ON 1
[REMARKS]