000
CXUS51 KCAR 010600
CF6MLT
PRELIMINARY LOCAL CLIMATOLOGICAL DATA (WS FORM: F-6)
STATION: MILLINOCKET ME
MONTH: APRIL
YEAR: 2021
LATITUDE: 45 39 N
LONGITUDE: 68 41 W
TEMPERATURE IN F: :PCPN: SNOW: WIND :SUNSHINE: SKY :PK WND
================================================================================
1 2 3 4 5 6A 6B 7 8 9 10 11 12 13 14 15 16 17 18
12Z AVG MX 2MIN
DY MAX MIN AVG DEP HDD CDD WTR SNW DPTH SPD SPD DIR MIN PSBL S-S WX SPD DR
================================================================================
1 49 29 39 5 26 0 0.85 M M 10.4 22 300 M M 10 1 30 310
2 33 24 29 -5 36 0 0.00 M M 9.5 18 310 M M 10 24 310
3 42 17 30 -5 35 0 0.00 M M 5.1 16 310 M M 1 24 310
4 48 20 34 -1 31 0 0.05 M M 11.1 24 360 M M 3 1 36 10
5 46 33 40 4 25 0 0.04 M M 12.1 21 360 M M 10 1 33 330
6 53 41 47 11 18 0 0.01 M M 7.7 16 340 M M 8 1 22 340
7 59 45 52 15 13 0 0.00 M M 7.7 17 10 M M 10 1 27 50
8 65 39 52 15 13 0 0.00 M M 4.9 14 90 M M 5 19 110
9 69 33 51 13 14 0 0.00 M M 1.3 12 70 M M 4 12 14 70
10 67 41 54 16 11 0 T M M 5.6 15 20 M M 5 22 20
11 60 34 47 8 18 0 0.07 M M 7.4 17 20 M M 6 1 26 30
12 58 44 51 12 14 0 T M M 10.6 21 80 M M 9 1 30 90
13 61 36 49 9 16 0 0.00 M M 9.2 17 60 M M 6 25 60
14 61 30 46 6 19 0 0.00 M M 4.4 14 90 M M 0 19 80
15 63 28 46 5 19 0 0.00 M M 3.9 17 90 M M 0 23 90
16 48 33 41 0 24 0 0.18 M M 10.8 24 70 M M 7 1 31 100
17 44 33 39 -3 26 0 0.19 M M 8.6 17 60 M M 10 1 24 40
18 53 34 44 2 21 0 T M M 6.1 16 360 M M 7 21 340
19 63 30 47 4 18 0 0.00 M M 4.9 14 300 M M 5 19 300
20 65 34 50 7 15 0 T M M 5.2 20 310 M M 3 27 270
21 43 33 38 -6 27 0 0.45 M M 4.7 12 330 M M 8 1 17 40
22 36 29 33 -11 32 0 0.07 M M 11.5 23 280 M M 9 1 36 290
23 52 31 42 -3 23 0 0.00 M M 12.8 24 300 M M 4 37 260
24 68 32 50 5 15 0 0.00 M M 7.4 22 310 M M 0 32 290
25 67 37 52 6 13 0 T M M 3.6 13 170 M M 7 20 170
26 44 33 39 -7 26 0 0.08 M M 12.6 26 300 M M 9 1 41 310
27 62 35 49 2 16 0 0.00 M M 11.6 23 310 M M 2 33 290
28 71 39 55 8 10 0 0.00 M M 3.4 14 310 M M 1 19 290
29 72 39 56 8 9 0 0.00 M M 2.7 10 360 M M 4 16 260
30 51 40 46 -2 19 0 1.46 0.0 0 7.9 18 350 M M 10 1 24 360
================================================================================
SM 1673 1006 602 0 3.45 0.0 224.7 M 173
================================================================================
AV 55.8 33.5 7.5 FASTST M M 6 MAX(MPH)
MISC ----> 26 300 41 310
================================================================================
NOTES:
# LAST OF SEVERAL OCCURRENCES
COLUMN 17 PEAK WIND IN M.P.H.
PRELIMINARY LOCAL CLIMATOLOGICAL DATA (WS FORM: F-6) , PAGE 2
STATION: MILLINOCKET ME
MONTH: APRIL
YEAR: 2021
LATITUDE: 45 39 N
LONGITUDE: 68 41 W
[TEMPERATURE DATA] [PRECIPITATION DATA] SYMBOLS USED IN COLUMN 16
AVERAGE MONTHLY: 44.7 TOTAL FOR MONTH: 3.45 1 = FOG OR MIST
DPTR FM NORMAL: 3.8 DPTR FM NORMAL: -0.11 2 = FOG REDUCING VISIBILITY
HIGHEST: 72 ON 29 GRTST 24HR 1.46 ON 30-30 TO 1/4 MILE OR LESS
LOWEST: 17 ON 3 3 = THUNDER
SNOW, ICE PELLETS, HAIL 4 = ICE PELLETS
TOTAL MONTH: 0.0 INCH 5 = HAIL
GRTST 24HR 0.0 6 = FREEZING RAIN OR DRIZZLE
GRTST DEPTH: 0 7 = DUSTSTORM OR SANDSTORM:
VSBY 1/2 MILE OR LESS
8 = SMOKE OR HAZE
[NO. OF DAYS WITH] [WEATHER - DAYS WITH] 9 = BLOWING SNOW
X = TORNADO
MAX 32 OR BELOW: 0 0.01 INCH OR MORE: 11
MAX 90 OR ABOVE: 0 0.10 INCH OR MORE: 5
MIN 32 OR BELOW: 10 0.50 INCH OR MORE: 2
MIN 0 OR BELOW: 0 1.00 INCH OR MORE: 1
[HDD (BASE 65) ]
TOTAL THIS MO. 602 CLEAR (SCALE 0-3) 8
DPTR FM NORMAL -120 PTCLDY (SCALE 4-7) 12
TOTAL FM JUL 1 7122 CLOUDY (SCALE 8-10) 10
DPTR FM NORMAL -798
[CDD (BASE 65) ]
TOTAL THIS MO. 0
DPTR FM NORMAL 0 [PRESSURE DATA]
TOTAL FM JAN 1 0 HIGHEST SLP M ON M
DPTR FM NORMAL 0 LOWEST SLP 29.18 ON 30
[REMARKS]
#FINAL-04-21#