000
CXUS54 KSHV 011300
CF6MLU
PRELIMINARY LOCAL CLIMATOLOGICAL DATA (WS FORM: F-6)
STATION: MONROE
MONTH: MARCH
YEAR: 2021
LATITUDE: 32 30 N
LONGITUDE: 92 2 W
TEMPERATURE IN F: :PCPN: SNOW: WIND :SUNSHINE: SKY :PK WND
================================================================================
1 2 3 4 5 6A 6B 7 8 9 10 11 12 13 14 15 16 17 18
12Z AVG MX 2MIN
DY MAX MIN AVG DEP HDD CDD WTR SNW DPTH SPD SPD DIR MIN PSBL S-S WX SPD DR
================================================================================
1 71 45 58 4 7 0 0.63 0.0 0 12.3 23 20 M M 9 1 30 340
2 49 36 43 -11 22 0 0.33 0.0 0 7.9 20 40 M M 8 1 23 50
3 64 32 48 -7 17 0 0.00 0.0 0 1.7 9 10 M M 0 12 13 10
4 71 35 53 -2 12 0 0.00 0.0 0 1.5 8 100 M M 0 18 12 170
5 63 48 56 1 9 0 0.20 0.0 0 6.7 18 30 M M 5 22 20
6 62 43 53 -2 12 0 0.01 0.0 0 10.7 24 30 M M 3 32 40
7 66 40 53 -3 12 0 0.00 0.0 0 6.5 17 60 M M 0 21 60
8 71 35 53 -3 12 0 0.00 0.0 0 3.8 12 170 M M 0 16 160
9 76 45 61 5 4 0 0.00 0.0 0 6.4 18 210 M M 0 24 200
10 78 58 68 12 0 3 0.00 0.0 0 10.6 23 200 M M 5 30 200
11 80 65 73 16 0 8 T 0.0 0 8.0 16 200 M M 6 22 180
12 83 63 73 16 0 8 0.00 0.0 0 5.8 16 210 M M 4 20 210
13 81 58 70 13 0 5 0.00 0.0 0 4.6 14 180 M M 3 1 21 180
14 81 57 69 11 0 4 0.01 0.0 0 7.5 16 160 M M 5 25 170
15 84 60 72 14 0 7 0.53 0.0 0 6.4 22 230 M M 5 1 27 230
16 84 63 74 16 0 9 0.00 0.0 0 3.9 15 160 M M 6 1 23 130
17 80 59 70 12 0 5 0.06 0.0 0 11.7 23 270 M M 6 13 32 190
18 61 49 55 -3 10 0 0.00 0.0 0 18.4 30 280 M M 8 38 270
19 55 49 52 -7 13 0 0.00 0.0 0 10.3 20 350 M M 10 25 320
20 63 45 54 -5 11 0 0.00 0.0 0 4.9 13 60 M M 7 17 60
21 72 41 57 -2 8 0 0.00 0.0 0 3.3 12 60 M M 1 12 15 60
22 73 45 59 -1 6 0 0.07 0.0 0 5.6 15 150 M M 4 26 150
23 81 59 70 10 0 5 0.07 0.0 0 7.4 15 220 M M 5 13 21 180
24 77 56 67 7 0 2 0.42 0.0 0 5.5 13 50 M M 7 13 18 160
25 83 58 71 11 0 6 0.06 0.0 0 8.6 24 260 M M 6 1 30 270
26 81 49 65 5 0 0 0.00 0.0 0 4.6 12 50 M M 1 1 15 50
27 85 71 78 17 0 13 0.04 0.0 0 10.4 21 190 M M 8 13 28 180
28 74 46 60 -1 5 0 0.34 0.0 0 9.2 24 300 M M 2 13 32 300
29 71 40 56 -5 9 0 0.00 0.0 0 3.3 9 90 M M 0 1 M M
30 78 48 63 1 2 0 0.31 0.0 0 6.5 15 180 M M 8 1 23 160
31 71 45 58 -4 7 0 0.56 0.0 0 12.1 28 40 M M 7 13 37 10
================================================================================
SM 2269 1543 178 75 3.64 0.0 226.1 M 139
================================================================================
AV 73.2 49.8 7.3 FASTST M M 4 MAX(MPH)
MISC ----> 30 280 38 270
================================================================================
NOTES:
# LAST OF SEVERAL OCCURRENCES
COLUMN 17 PEAK WIND IN M.P.H.
PRELIMINARY LOCAL CLIMATOLOGICAL DATA (WS FORM: F-6) , PAGE 2
STATION: MONROE
MONTH: MARCH
YEAR: 2021
LATITUDE: 32 30 N
LONGITUDE: 92 2 W
[TEMPERATURE DATA] [PRECIPITATION DATA] SYMBOLS USED IN COLUMN 16
AVERAGE MONTHLY: 61.5 TOTAL FOR MONTH: 3.64 1 = FOG OR MIST
DPTR FM NORMAL: 3.5 DPTR FM NORMAL: -1.08 2 = FOG REDUCING VISIBILITY
HIGHEST: 85 ON 27 GRTST 24HR 0.87 ON 30-31 TO 1/4 MILE OR LESS
LOWEST: 32 ON 3 3 = THUNDER
SNOW, ICE PELLETS, HAIL 4 = ICE PELLETS
TOTAL MONTH: 0.0 INCH 5 = HAIL
GRTST 24HR 0.0 6 = FREEZING RAIN OR DRIZZLE
GRTST DEPTH: 0 7 = DUSTSTORM OR SANDSTORM:
VSBY 1/2 MILE OR LESS
8 = SMOKE OR HAZE
[NO. OF DAYS WITH] [WEATHER - DAYS WITH] 9 = BLOWING SNOW
X = TORNADO
MAX 32 OR BELOW: 0 0.01 INCH OR MORE: 15
MAX 90 OR ABOVE: 0 0.10 INCH OR MORE: 8
MIN 32 OR BELOW: 1 0.50 INCH OR MORE: 3
MIN 0 OR BELOW: 0 1.00 INCH OR MORE: 0
[HDD (BASE 65) ]
TOTAL THIS MO. 178 CLEAR (SCALE 0-3) 11
DPTR FM NORMAL -72 PTCLDY (SCALE 4-7) 16
TOTAL FM JUL 1 2033 CLOUDY (SCALE 8-10) 4
DPTR FM NORMAL -112
[CDD (BASE 65) ]
TOTAL THIS MO. 75
DPTR FM NORMAL 43 [PRESSURE DATA]
TOTAL FM JAN 1 92 HIGHEST SLP 30.54 ON 8
DPTR FM NORMAL 49 LOWEST SLP 29.54 ON 17
[REMARKS]
#FINAL-03-21#