000
CXUS56 KPQR 011301
CF6MMV
PRELIMINARY LOCAL CLIMATOLOGICAL DATA (WS FORM: F-6)
STATION: MCMINNVILLE OR
MONTH: FEBRUARY
YEAR: 2023
LATITUDE: 45 11 N
LONGITUDE: 123 8 W
TEMPERATURE IN F: :PCPN: SNOW: WIND :SUNSHINE: SKY :PK WND
================================================================================
1 2 3 4 5 6A 6B 7 8 9 10 11 12 13 14 15 16 17 18
12Z AVG MX 2MIN
DY MAX MIN AVG DEP HDD CDD WTR SNW DPTH SPD SPD DIR MIN PSBL S-S WX SPD DR
================================================================================
1 45 24 35 -7 30 0 0.00 M M 0.5 6 280 M M 0 18 7 290
2 47 24 36 -6 29 0 0.00 M M 1.3 10 10 M M 0 18 12 10
3 54 31 43 1 22 0 0.09 M M 7.0 28 180 M M 7 1 32 180
4 50 42 46 4 19 0 0.03 M M 6.2 14 340 M M 7 1 18 330
5 51 37 44 2 21 0 0.20 M M 10.9 24 240 M M 7 1 31 220
6 51 38 45 3 20 0 T M M 6.4 15 180 M M 10 1 18 200
7 52 37 45 3 20 0 0.26 M M 10.0 16 250 M M 7 1 21 190
8 50 32 41 -1 24 0 0.02 M M 3.1 9 220 M M 6 12 12 280
9 54 31 43 0 22 0 0.01 M M 3.3 16 190 M M 3 1 22 190
10 56 40 48 5 17 0 0.04 M M 4.8 13 10 M M 7 1 16 10
11 50 28 39 -4 26 0 0.00 M M 2.4 10 10 M M 1 12 13 40
12 44 28 36 -7 29 0 0.00 M M 1.5 8 130 M M 8 128 10 110
13 48 34 41 -2 24 0 0.17 M M 9.5 30 300 M M 8 1 37 310
14 45 29 37 -6 28 0 0.18 M M 4.0 15 180 M M 7 12 17 180
15 44 25 35 -8 30 0 0.00 M M 0.6 6 330 M M 3 12 8 110
16 44 27 36 -7 29 0 0.00 M M 0.4 6 230 M M 4 1 6 230
17 52 35 44 1 21 0 0.00 M M 2.0 8 250 M M 8 1 9 250
18 51 34 43 0 22 0 0.00 M M 4.6 15 210 M M 8 18 18 210
19 51 31 41 -3 24 0 0.00 M M 5.3 15 260 M M 7 1 18 260
20 50 44 47 3 18 0 0.00 M M 10.4 20 200 M M 10 31 230
21 49 35 42 -2 23 0 0.33 M M 10.4 21 260 M M 5 1 27 250
22 40 33 37 -7 28 0 0.08 M M 12.2 20 200 M M 9 1 25 190
23 33 23 28 -16 37 0 0.14 M M 12.6 22 180 M M 8 12 27 30
24 36 21 29 -15 36 0 0.00 M M 11.5 20 10 M M 0 25 10
25 43 18 31 -13 34 0 0.02 M M 2.3 14 180 M M 1 19 170
26 43 34 39 -5 26 0 0.16 M M 10.0 18 160 M M 9 1 23 150
27 47 34 41 -3 24 0 0.03 M M 10.2 29 180 M M 9 35 180
28 40 29 35 -9 30 0 0.26 M M 4.5 18 230 M M 9 1 27 230
================================================================================
SM 1320 878 713 0 2.02 M 167.9 M 168
================================================================================
AV 47.1 31.4 6.0 FASTST M M 6 MAX(MPH)
MISC ----> 30 300 37 310
================================================================================
NOTES:
# LAST OF SEVERAL OCCURRENCES
COLUMN 17 PEAK WIND IN M.P.H.
PRELIMINARY LOCAL CLIMATOLOGICAL DATA (WS FORM: F-6) , PAGE 2
STATION: MCMINNVILLE OR
MONTH: FEBRUARY
YEAR: 2023
LATITUDE: 45 11 N
LONGITUDE: 123 8 W
[TEMPERATURE DATA] [PRECIPITATION DATA] SYMBOLS USED IN COLUMN 16
AVERAGE MONTHLY: 39.3 TOTAL FOR MONTH: 2.02 1 = FOG OR MIST
DPTR FM NORMAL: -4.0 DPTR FM NORMAL: -2.06 2 = FOG REDUCING VISIBILITY
HIGHEST: 56 ON 10 GRTST 24HR 0.35 ON 13-14 TO 1/4 MILE OR LESS
LOWEST: 18 ON 25 3 = THUNDER
SNOW, ICE PELLETS, HAIL 4 = ICE PELLETS
TOTAL MONTH: M 5 = HAIL
GRTST 24HR M ON M 6 = FREEZING RAIN OR DRIZZLE
GRTST DEPTH: M ON M 7 = DUSTSTORM OR SANDSTORM:
VSBY 1/2 MILE OR LESS
8 = SMOKE OR HAZE
[NO. OF DAYS WITH] [WEATHER - DAYS WITH] 9 = BLOWING SNOW
X = TORNADO
MAX 32 OR BELOW: 0 0.01 INCH OR MORE: 16
MAX 90 OR ABOVE: 0 0.10 INCH OR MORE: 8
MIN 32 OR BELOW: 15 0.50 INCH OR MORE: 0
MIN 0 OR BELOW: 0 1.00 INCH OR MORE: 0
[HDD (BASE 65) ]
TOTAL THIS MO. 713 CLEAR (SCALE 0-3) 7
DPTR FM NORMAL 101 PTCLDY (SCALE 4-7) 15
TOTAL FM JUL 1 3167 CLOUDY (SCALE 8-10) 6
DPTR FM NORMAL -74
[CDD (BASE 65) ]
TOTAL THIS MO. 0
DPTR FM NORMAL 0 [PRESSURE DATA]
TOTAL FM JAN 1 0 HIGHEST SLP 30.55 ON 8
DPTR FM NORMAL 0 LOWEST SLP 29.38 ON 27
[REMARKS]
#FINAL-02-23#