000
CXUS56 KPQR 011155
CF6MMV
PRELIMINARY LOCAL CLIMATOLOGICAL DATA (WS FORM: F-6)
STATION: MCMINNVILLE OR
MONTH: OCTOBER
YEAR: 2022
LATITUDE: 45 11 N
LONGITUDE: 123 8 W
TEMPERATURE IN F: :PCPN: SNOW: WIND :SUNSHINE: SKY :PK WND
================================================================================
1 2 3 4 5 6A 6B 7 8 9 10 11 12 13 14 15 16 17 18
12Z AVG MX 2MIN
DY MAX MIN AVG DEP HDD CDD WTR SNW DPTH SPD SPD DIR MIN PSBL S-S WX SPD DR
================================================================================
1 85 53 69 11 0 4 0.00 M M 9.9 18 20 M M 0 22 50
2 87 50 69 11 0 4 0.00 M M 4.6 12 260 M M 0 15 230
3 80 47 64 6 1 0 0.00 M M 3.8 14 240 M M 1 12 16 240
4 68 47 58 1 7 0 0.00 M M 1.9 9 210 M M 4 12 11 200
5 69 48 59 2 6 0 0.00 M M 2.6 8 340 M M 5 12 11 140
6 75 50 63 7 2 0 0.00 M M 1.4 7 100 M M 5 128 8 140
7 80 48 64 8 1 0 0.00 M M 1.5 6 270 M M 2 128 8 210
8 88 45 67 11 0 2 0.00 M M 1.0 6 20 M M 0 12 9 10
9 85 45 65 10 0 0 0.00 M M 1.1 7 130 M M 0 128 8 110
10 79 45 62 7 3 0 0.00 M M 3.1 12 250 M M 1 12 13 250
11 73 48 61 6 4 0 0.00 M M 4.2 10 10 M M 2 13 350
12 79 40 60 6 5 0 0.00 M M 1.3 6 150 M M 0 18 7 140
13 85 40 63 9 2 0 0.00 M M 1.2 7 60 M M 1 128 8 60
14 86 40 63 9 2 0 0.00 M M 3.2 13 360 M M 0 18 15 350
15 89 47 68 15 0 3 0.00 M M 9.5 15 20 M M 0 21 40
16 76 48 62 9 3 0 0.00 M M 8.7 18 220 M M 0 22 220
17 70 42 56 3 9 0 0.00 M M 0.6 7 40 M M 3 12 9 340
18 71 39 55 3 10 0 0.00 M M 1.2 7 130 M M 4 128 8 190
19 75 41 58 6 7 0 0.00 M M 0.6 6 260 M M 7 128 8 340
20 69 39 54 2 11 0 0.00 M M 1.7 7 320 M M 4 128 9 10
21 55 39 47 -4 18 0 0.42 M M 3.7 20 230 M M 7 1 24 230
22 58 45 52 1 13 0 0.06 M M 6.0 10 270 M M 7 17 300
23 M M M M M M 0.00 M M M M M M M M M M
24 59 45 52 1 13 0 0.24 M M 7.4 20 170 M M 6 1 25 160
25 55 40 48 -2 17 0 0.62 M M 6.4 21 190 M M 8 12 26 200
26 56 39 48 -2 17 0 0.01 M M 5.6 12 260 M M 3 1 15 220
27 60 36 48 -2 17 0 0.00 M M 1.2 5 290 M M 6 12 M M
28 M M M M M M M M M M M M M M M M M
29 M M M M M M M M M M M M M M M M M
30 M M M M M M 0.00 M M M M M M M M M M
31 56 47 52 3 13 0 0.43 M M 7.3 16 190 M M 10 1 20 190
================================================================================
SM 1968 1193 181 13 1.78 M 100.7 M 86
================================================================================
AV 72.9 44.2 3.7 FASTST M M 3 MAX(MPH)
MISC ----> 21 190 26 200
================================================================================
NOTES:
# LAST OF SEVERAL OCCURRENCES
COLUMN 17 PEAK WIND IN M.P.H.
PRELIMINARY LOCAL CLIMATOLOGICAL DATA (WS FORM: F-6) , PAGE 2
STATION: MCMINNVILLE OR
MONTH: OCTOBER
YEAR: 2022
LATITUDE: 45 11 N
LONGITUDE: 123 8 W
[TEMPERATURE DATA] [PRECIPITATION DATA] SYMBOLS USED IN COLUMN 16
AVERAGE MONTHLY: 58.5 TOTAL FOR MONTH: 1.78 1 = FOG OR MIST
DPTR FM NORMAL: 5.3 DPTR FM NORMAL: -1.70 2 = FOG REDUCING VISIBILITY
HIGHEST: 89 ON 15 GRTST 24HR 0.63 ON 25-26 TO 1/4 MILE OR LESS
LOWEST: 36 ON 27 3 = THUNDER
SNOW, ICE PELLETS, HAIL 4 = ICE PELLETS
TOTAL MONTH: M 5 = HAIL
GRTST 24HR M ON M 6 = FREEZING RAIN OR DRIZZLE
GRTST DEPTH: M ON M 7 = DUSTSTORM OR SANDSTORM:
VSBY 1/2 MILE OR LESS
8 = SMOKE OR HAZE
[NO. OF DAYS WITH] [WEATHER - DAYS WITH] 9 = BLOWING SNOW
X = TORNADO
MAX 32 OR BELOW: 0 0.01 INCH OR MORE: 6
MAX 90 OR ABOVE: 0 0.10 INCH OR MORE: 4
MIN 32 OR BELOW: 0 0.50 INCH OR MORE: 1
MIN 0 OR BELOW: 0 1.00 INCH OR MORE: 0
[HDD (BASE 65) ]
TOTAL THIS MO. 181 CLEAR (SCALE 0-3) 14
DPTR FM NORMAL -188 PTCLDY (SCALE 4-7) 12
TOTAL FM JUL 1 235 CLOUDY (SCALE 8-10) 5
DPTR FM NORMAL -304
[CDD (BASE 65) ]
TOTAL THIS MO. 13
DPTR FM NORMAL 11 [PRESSURE DATA]
TOTAL FM JAN 1 450 HIGHEST SLP 30.31 ON 29
DPTR FM NORMAL 166 LOWEST SLP 29.57 ON 21
[REMARKS]
#FINAL-10-22#