000
CXUS56 KPQR 011155
CF6MMV
PRELIMINARY LOCAL CLIMATOLOGICAL DATA (WS FORM: F-6)
STATION: MCMINNVILLE OR
MONTH: AUGUST
YEAR: 2021
LATITUDE: 45 11 N
LONGITUDE: 123 8 W
TEMPERATURE IN F: :PCPN: SNOW: WIND :SUNSHINE: SKY :PK WND
================================================================================
1 2 3 4 5 6A 6B 7 8 9 10 11 12 13 14 15 16 17 18
12Z AVG MX 2MIN
DY MAX MIN AVG DEP HDD CDD WTR SNW DPTH SPD SPD DIR MIN PSBL S-S WX SPD DR
================================================================================
1 94 58 76 7 0 11 0.00 M M 5.7 15 10 M M 0 20 20
2 94 57 76 7 0 11 0.00 M M 5.1 16 220 M M 0 19 220
3 91 58 75 6 0 10 0.00 M M 5.1 18 10 M M 0 23 10
4 98 52 75 6 0 10 0.00 M M 5.2 14 10 M M 0 18 20
5 84 57 71 3 0 6 0.00 M M 7.2 17 240 M M 1 21 220
6 83 62 73 5 0 8 0.00 M M 8.2 15 250 M M 6 19 240
7 82 57 70 2 0 5 0.00 M M 7.3 21 250 M M 4 24 260
8 79 49 64 -4 1 0 0.00 M M 5.0 16 360 M M 3 21 360
9 87 48 68 0 0 3 0.00 M M 6.8 17 10 M M 0 21 350
10 94 57 76 8 0 11 0.00 M M 7.2 17 10 M M 0 23 360
11 102 61 82 14 0 17 0.00 M M 3.5 8 310 M M 0 11 360
12 103 63 83 15 0 18 0.00 M M 4.1 17 220 M M 0 20 220
13 97 65 81 13 0 16 0.00 M M 5.6 17 220 M M 0 21 230
14 95 62 79 11 0 14 0.00 M M 3.3 10 240 M M 0 14 240
15 95 61 78 10 0 13 0.00 M M 5.9 17 210 M M 0 20 220
16 84 55 70 2 0 5 0.00 M M 8.1 18 220 M M 1 23 220
17 72 53 63 -5 2 0 0.00 M M 6.6 16 220 M M 7 18 20 250
18 82 50 66 -1 0 1 0.00 M M 5.6 15 220 M M 0 18 210
19 83 50 67 0 0 2 0.00 M M 4.9 16 220 M M 0 19 210
20 75 52 64 -3 1 0 0.00 M M 5.8 16 250 M M 7 20 280
21 72 54 63 -4 2 0 0.01 M M 3.7 14 330 M M 8 1 16 310
22 71 47 59 -8 6 0 0.00 M M 4.2 14 10 M M 8 17 350
23 76 40 58 -9 7 0 0.00 M M 4.6 14 10 M M 0 12 18 30
24 86 44 65 -2 0 0 0.00 M M 4.5 15 240 M M 0 1 18 220
25 82 48 65 -2 0 0 T M M 5.8 16 250 M M 1 8 21 240
26 81 56 69 3 0 4 0.00 M M 7.3 18 250 M M 7 18 24 260
27 76 58 67 1 0 2 0.00 M M 7.2 16 10 M M 6 21 30
28 90 47 69 3 0 4 0.00 M M 7.5 16 360 M M 0 18 20 360
29 91 52 72 6 0 7 0.00 M M 6.3 18 220 M M 0 20 220
30 72 50 61 -5 4 0 0.00 M M 4.4 14 320 M M 7 19 320
31 74 42 58 -8 7 0 0.00 M M 4.6 16 350 M M 3 1 22 350
================================================================================
SM 2645 1665 30 178 0.01 M 176.3 M 69
================================================================================
AV 85.3 53.7 5.7 FASTST M M 2 MAX(MPH)
MISC ----> 21 250 # 24 260
================================================================================
NOTES:
# LAST OF SEVERAL OCCURRENCES
COLUMN 17 PEAK WIND IN M.P.H.
PRELIMINARY LOCAL CLIMATOLOGICAL DATA (WS FORM: F-6) , PAGE 2
STATION: MCMINNVILLE OR
MONTH: AUGUST
YEAR: 2021
LATITUDE: 45 11 N
LONGITUDE: 123 8 W
[TEMPERATURE DATA] [PRECIPITATION DATA] SYMBOLS USED IN COLUMN 16
AVERAGE MONTHLY: 69.5 TOTAL FOR MONTH: 0.01 1 = FOG OR MIST
DPTR FM NORMAL: 2.0 DPTR FM NORMAL: -0.35 2 = FOG REDUCING VISIBILITY
HIGHEST: 103 ON 12 GRTST 24HR 0.01 ON 21-21 TO 1/4 MILE OR LESS
LOWEST: 40 ON 23 3 = THUNDER
SNOW, ICE PELLETS, HAIL 4 = ICE PELLETS
TOTAL MONTH: M 5 = HAIL
GRTST 24HR M ON M 6 = FREEZING RAIN OR DRIZZLE
GRTST DEPTH: M ON M 7 = DUSTSTORM OR SANDSTORM:
VSBY 1/2 MILE OR LESS
8 = SMOKE OR HAZE
[NO. OF DAYS WITH] [WEATHER - DAYS WITH] 9 = BLOWING SNOW
X = TORNADO
MAX 32 OR BELOW: 0 0.01 INCH OR MORE: 1
MAX 90 OR ABOVE: 12 0.10 INCH OR MORE: 0
MIN 32 OR BELOW: 0 0.50 INCH OR MORE: 0
MIN 0 OR BELOW: 0 1.00 INCH OR MORE: 0
[HDD (BASE 65) ]
TOTAL THIS MO. 30 CLEAR (SCALE 0-3) 20
DPTR FM NORMAL 1 PTCLDY (SCALE 4-7) 11
TOTAL FM JUL 1 31 CLOUDY (SCALE 8-10) 0
DPTR FM NORMAL -29
[CDD (BASE 65) ]
TOTAL THIS MO. 178
DPTR FM NORMAL 71 [PRESSURE DATA]
TOTAL FM JAN 1 523 HIGHEST SLP 30.16 ON 18
DPTR FM NORMAL 281 LOWEST SLP 29.82 ON 4
[REMARKS]
#FINAL-08-21#