000
CXUS55 KBOU 010900
CF6MNH
PRELIMINARY LOCAL CLIMATOLOGICAL DATA (WS FORM: F-6)
STATION: ELBERT 6W CO
MONTH: JULY
YEAR: 2021
LATITUDE: 39 13 N
LONGITUDE: 104 38 W
TEMPERATURE IN F: :PCPN: SNOW: WIND :SUNSHINE: SKY :PK WND
================================================================================
1 2 3 4 5 6A 6B 7 8 9 10 11 12 13 14 15 16 17 18
12Z AVG MX 2MIN
DY MAX MIN AVG DEP HDD CDD WTR SNW DPTH SPD SPD DIR MIN PSBL S-S WX SPD DR
================================================================================
1 72 52 62 M 3 0 0.77 M M 6.3 15 130 M M 5 3 23 90
2 72 52 62 M 3 0 0.00 M M 12.0 18 170 M M 2 25 170
3 81 54 68 M 0 3 0.31 M M 8.0 12 200 M M 1 39 170
4 79 54 67 M 0 2 0.18 M M 6.6 13 70 M M 1 3 29 210
5 77 52 65 M 0 0 0.00 M M 7.7 13 280 M M 1 30 280
6 73 54 64 M 1 0 0.03 M M 8.1 13 20 M M 5 3 20 30
7 79 50 65 M 0 0 0.00 M M 7.2 18 170 M M 0 24 170
8 90 61 76 M 0 11 0.00 M M 10.6 18 180 M M 2 26 170
9 88 59 74 M 0 9 0.00 M M 8.2 12 200 M M 0 20 230
10 73 55 64 M 1 0 0.00 M M 8.9 23 320 M M 4 29 330
11 77 50 64 M 1 0 0.00 M M 6.1 12 190 M M 1 18 20
12 81 54 68 M 0 3 0.00 M M 7.5 14 160 M M 0 18 160
13 81 55 68 M 0 3 0.00 M M 9.3 15 230 M M 2 28 210
14 68 50 59 M 6 0 0.00 M M 9.8 15 310 M M 3 18 250
15 81 46 64 M 1 0 0.38 M M 7.1 14 190 M M 1 3 23 320
16 81 54 68 M 0 3 0.00 M M 7.6 17 160 M M 1 21 180
17 82 54 68 M 0 3 0.02 M M 9.4 16 160 M M 4 3 25 200
18 82 52 67 M 0 2 0.00 M M 7.0 14 150 M M 1 21 130
19 82 54 68 M 0 3 0.00 M M 7.3 16 170 M M 1 21 170
20 81 54 68 M 0 3 0.00 M M 13.9 20 150 M M 1 25 150
21 84 55 70 M 0 5 0.36 M M 8.2 16 170 M M 3 3 21 90
22 82 57 70 M 0 5 0.00 M M 6.6 13 260 M M 1 18 260
23 86 57 72 M 0 7 0.00 M M 8.1 24 360 M M 3 32 350
24 73 57 65 M 0 0 0.06 M M 6.2 13 320 M M 8 18 30
25 81 54 68 M 0 3 0.33 M M 8.7 18 110 M M 2 24 110
26 82 52 67 M 0 2 0.00 M M 5.7 13 160 M M 0 18 320
27 82 55 69 M 0 4 0.00 M M 7.5 14 120 M M 0 18 140
28 88 57 73 M 0 8 0.00 M M 6.3 12 160 M M 0 17 350
29 84 61 73 M 0 8 0.00 M M 9.6 17 140 M M 3 26 140
30 84 57 71 M 0 6 0.00 M M 9.1 17 300 M M 2 24 80
31 70 54 62 M 3 0 0.93 M M 6.9 12 330 M M 8 1 16 20
================================================================================
SM 2476 1682 19 93 3.37 M 251.4 M 66
================================================================================
AV 79.9 54.3 8.1 FASTST M M 2 MAX(MPH)
MISC ----> 24 360 39 170
================================================================================
NOTES:
# LAST OF SEVERAL OCCURRENCES
COLUMN 17 PEAK WIND IN M.P.H.
PRELIMINARY LOCAL CLIMATOLOGICAL DATA (WS FORM: F-6) , PAGE 2
STATION: ELBERT 6W CO
MONTH: JULY
YEAR: 2021
LATITUDE: 39 13 N
LONGITUDE: 104 38 W
[TEMPERATURE DATA] [PRECIPITATION DATA] SYMBOLS USED IN COLUMN 16
AVERAGE MONTHLY: 67.1 TOTAL FOR MONTH: 3.37 1 = FOG OR MIST
DPTR FM NORMAL: 0.0 DPTR FM NORMAL: M 2 = FOG REDUCING VISIBILITY
HIGHEST: 90 ON 8 GRTST 24HR 0.93 ON 31-31 TO 1/4 MILE OR LESS
LOWEST: 46 ON 15 3 = THUNDER
SNOW, ICE PELLETS, HAIL 4 = ICE PELLETS
TOTAL MONTH: M 5 = HAIL
GRTST 24HR M ON M 6 = FREEZING RAIN OR DRIZZLE
GRTST DEPTH: M ON M 7 = DUSTSTORM OR SANDSTORM:
VSBY 1/2 MILE OR LESS
8 = SMOKE OR HAZE
[NO. OF DAYS WITH] [WEATHER - DAYS WITH] 9 = BLOWING SNOW
X = TORNADO
MAX 32 OR BELOW: 0 0.01 INCH OR MORE: 10
MAX 90 OR ABOVE: 1 0.10 INCH OR MORE: 7
MIN 32 OR BELOW: 0 0.50 INCH OR MORE: 2
MIN 0 OR BELOW: 0 1.00 INCH OR MORE: 0
[HDD (BASE 65) ]
TOTAL THIS MO. 19 CLEAR (SCALE 0-3) 24
DPTR FM NORMAL M PTCLDY (SCALE 4-7) 7
TOTAL FM JUL 1 19 CLOUDY (SCALE 8-10) 0
DPTR FM NORMAL M
[CDD (BASE 65) ]
TOTAL THIS MO. 93
DPTR FM NORMAL M [PRESSURE DATA]
TOTAL FM JAN 1 161 HIGHEST SLP M ON M
DPTR FM NORMAL M LOWEST SLP M ON M
[REMARKS]
#FINAL-07-21#