000
CXUS54 KMOB 010749
CF6MOB
PRELIMINARY LOCAL CLIMATOLOGICAL DATA (WS FORM: F-6)
STATION: MOBILE
MONTH: NOVEMBER
YEAR: 2021
LATITUDE: 30 40 N
LONGITUDE: 88 15 W
TEMPERATURE IN F: :PCPN: SNOW: WIND :SUNSHINE: SKY :PK WND
================================================================================
1 2 3 4 5 6A 6B 7 8 9 10 11 12 13 14 15 16 17 18
12Z AVG MX 2MIN
DY MAX MIN AVG DEP HDD CDD WTR SNW DPTH SPD SPD DIR MIN PSBL S-S WX SPD DR
================================================================================
1 75 47 61 -2 4 0 0.00 0.0 0 3.1 9 360 M M 2 15 310
2 75 49 62 -1 3 0 0.00 0.0 0 6.8 15 350 M M 0 1 22 350
3 71 49 60 -2 5 0 0.00 0.0 0 7.9 14 10 M M 4 20 10
4 63 48 56 -6 9 0 0.00 0.0 0 10.1 17 360 M M 8 18 24 360
5 67 48 58 -4 7 0 0.00 0.0 0 9.3 17 10 M M 7 18 25 10
6 65 42 54 -7 11 0 0.00 0.0 0 8.4 20 350 M M 0 27 350
7 70 37 54 -7 11 0 0.00 0.0 0 5.0 14 350 M M 0 21 350
8 75 36 56 -5 9 0 0.00 0.0 0 2.0 8 40 M M 0 12 360
9 75 43 59 -1 6 0 0.00 0.0 0 2.3 12 150 M M 5 1 16 150
10 75 49 62 2 3 0 0.00 0.0 0 3.8 10 140 M M 5 12 15 140
11 74 55 65 5 0 0 0.07 0.0 0 5.9 16 190 M M 6 1 20 200
12 74 49 62 2 3 0 0.00 0.0 0 6.0 14 160 M M 0 22 170
13 59 37 48 -11 17 0 0.00 0.0 0 7.3 22 340 M M 0 32 300
14 64 33 49 -10 16 0 0.00 0.0 0 3.5 9 330 M M 0 13 350
15 73 41 57 -2 8 0 0.00 0.0 0 2.5 10 160 M M 0 13 160
16 74 46 60 1 5 0 0.00 0.0 0 4.0 14 160 M M 2 1 20 130
17 78 54 66 8 0 1 0.00 0.0 0 7.3 16 150 M M 3 12 23 120
18 79 51 65 7 0 0 0.03 0.0 0 7.2 22 350 M M 7 12 31 360
19 66 44 55 -3 10 0 0.00 0.0 0 11.5 18 20 M M 1 28 10
20 71 44 58 0 7 0 0.00 0.0 0 4.8 14 90 M M 1 16 90
21 76 53 65 8 0 0 0.00 0.0 0 4.4 13 100 M M 5 1 18 150
22 67 47 57 0 8 0 0.55 0.0 0 8.2 18 340 M M 6 123 30 310
23 61 38 50 -7 15 0 0.00 0.0 0 7.6 17 360 M M 0 23 50
24 67 37 52 -5 13 0 0.00 0.0 0 6.8 16 120 M M 3 23 130
25 74 47 61 4 4 0 0.00 0.0 0 5.9 13 130 M M 7 20 190
26 63 37 50 -6 15 0 0.08 0.0 0 11.2 23 360 M M 5 1 30 360
27 64 32 48 -8 17 0 0.00 0.0 0 3.6 9 40 M M 4 11 40
28 56 43 50 -6 15 0 0.04 0.0 0 3.2 10 320 M M 10 1 16 330
29 63 37 50 -6 15 0 0.00 0.0 0 5.9 16 350 M M 0 1 23 350
30 69 35 52 -4 13 0 0.00 0.0 0 1.2 6 150 M M 1 9 40
================================================================================
SM 2083 1308 249 1 0.77 0.0 176.7 M 92
================================================================================
AV 69.4 43.6 5.9 FASTST M M 3 MAX(MPH)
MISC ----> 23 360 32 300
================================================================================
NOTES:
# LAST OF SEVERAL OCCURRENCES
COLUMN 17 PEAK WIND IN M.P.H.
PRELIMINARY LOCAL CLIMATOLOGICAL DATA (WS FORM: F-6) , PAGE 2
STATION: MOBILE
MONTH: NOVEMBER
YEAR: 2021
LATITUDE: 30 40 N
LONGITUDE: 88 15 W
[TEMPERATURE DATA] [PRECIPITATION DATA] SYMBOLS USED IN COLUMN 16
AVERAGE MONTHLY: 56.5 TOTAL FOR MONTH: 0.77 1 = FOG OR MIST
DPTR FM NORMAL: -2.4 DPTR FM NORMAL: -3.83 2 = FOG REDUCING VISIBILITY
HIGHEST: 79 ON 18 GRTST 24HR 0.55 ON 22-22 TO 1/4 MILE OR LESS
LOWEST: 32 ON 27 3 = THUNDER
SNOW, ICE PELLETS, HAIL 4 = ICE PELLETS
TOTAL MONTH: 0.0 INCH 5 = HAIL
GRTST 24HR 0.0 6 = FREEZING RAIN OR DRIZZLE
GRTST DEPTH: 0 7 = DUSTSTORM OR SANDSTORM:
VSBY 1/2 MILE OR LESS
8 = SMOKE OR HAZE
[NO. OF DAYS WITH] [WEATHER - DAYS WITH] 9 = BLOWING SNOW
X = TORNADO
MAX 32 OR BELOW: 0 0.01 INCH OR MORE: 5
MAX 90 OR ABOVE: 0 0.10 INCH OR MORE: 1
MIN 32 OR BELOW: 1 0.50 INCH OR MORE: 1
MIN 0 OR BELOW: 0 1.00 INCH OR MORE: 0
[HDD (BASE 65) ]
TOTAL THIS MO. 249 CLEAR (SCALE 0-3) 16
DPTR FM NORMAL 31 PTCLDY (SCALE 4-7) 13
TOTAL FM JUL 1 285 CLOUDY (SCALE 8-10) 1
DPTR FM NORMAL 17
[CDD (BASE 65) ]
TOTAL THIS MO. 1
DPTR FM NORMAL -36 [PRESSURE DATA]
TOTAL FM JAN 1 2390 HIGHEST SLP 30.38 ON 19
DPTR FM NORMAL -193 LOWEST SLP 29.92 ON 11
[REMARKS]
#FINAL-11-21#