000
CXUS56 KSTO 030450
CF6MOD
PRELIMINARY LOCAL CLIMATOLOGICAL DATA (WS FORM: F-6)
STATION: MODESTO CA
MONTH: OCTOBER
YEAR: 2021
LATITUDE: 37 37 N
LONGITUDE: 120 57 W
TEMPERATURE IN F: :PCPN: SNOW: WIND :SUNSHINE: SKY :PK WND
================================================================================
1 2 3 4 5 6A 6B 7 8 9 10 11 12 13 14 15 16 17 18
12Z AVG MX 2MIN
DY MAX MIN AVG DEP HDD CDD WTR SNW DPTH SPD SPD DIR MIN PSBL S-S WX SPD DR
================================================================================
1 89 50 70 0 0 5 0.00 0.0 M 2.1 10 320 M M 0 8 13 310
2 90 52 71 1 0 6 0.00 0.0 M 1.6 8 70 M M 0 18 10 80
3 84 52 68 -2 0 3 0.00 0.0 M 1.5 8 350 M M 0 8 11 330
4 90 50 70 1 0 5 0.00 0.0 M 2.0 9 300 M M 0 18 13 320
5 84 53 69 0 0 4 0.00 0.0 M 5.9 14 330 M M 0 18 18 320
6 75 58 67 -2 0 2 T M M 7.3 15 330 M M 3 20 320
7 75 54 65 -3 0 0 0.00 M M 9.2 16 320 M M 3 22 310
8 69 51 60 -8 5 0 0.01 0.0 M 6.8 22 300 M M 2 30 310
9 71 45 58 -10 7 0 0.00 0.0 M 5.0 13 340 M M 0 20 300
10 77 44 61 -6 4 0 0.00 0.0 M 3.0 13 340 M M 0 15 350
11 68 53 61 -6 4 0 0.00 0.0 M 20.9 36 310 M M 1 8 47 330
12 68 45 57 -10 8 0 0.00 0.0 M 12.3 25 330 M M 0 34 320
13 71 39 55 -11 10 0 0.00 0.0 M 5.4 12 310 M M 1 M M
14 74 46 60 -6 5 0 0.00 0.0 M 6.3 17 310 M M 0 1 22 320
15 79 43 61 -5 4 0 0.00 M M 1.0 6 130 M M 0 M M
16 82 45 64 -1 1 0 0.00 M M 1.7 7 130 M M 0 M M
17 80 45 63 -2 2 0 T 0.0 M 8.4 32 290 M M 1 8 38 300
18 63 44 54 -11 11 0 T 0.0 M 4.3 9 320 M M 4 M M
19 68 38 53 -11 12 0 0.00 0.0 M 4.6 13 110 M M 0 17 110
20 71 54 63 -1 2 0 T 0.0 M 4.9 12 120 M M 8 14 120
21 78 57 68 4 0 3 0.10 0.0 M 3.1 9 330 M M 4 1 M M
22 65 55 60 -3 5 0 0.38 M M 4.8 10 310 M M 6 1 M M
23 67 53 60 -3 5 0 T M M 4.8 14 290 M M 7 16 290
24 66 55 61 -1 4 0 1.34 0.0 M 11.5 23 150 M M 10 1 36 160
25 64 51 58 -4 7 0 0.97 0.0 M 8.1 20 310 M M 5 13 29 310
26 66 45 56 -6 9 0 0.00 0.0 M 2.6 10 310 M M 4 1 12 300
27 70 49 60 -1 5 0 0.00 0.0 M 5.3 17 320 M M 1 22 320
28 73 49 61 0 4 0 0.00 0.0 M 2.1 7 110 M M 2 12 10 110
29 75 51 63 2 2 0 0.00 0.0 M 1.7 8 330 M M 0 18 11 330
30 72 54 63 3 2 0 0.00 0.0 M 5.4 17 340 M M 1 1 21 320
31 66 52 59 -1 6 0 0.00 0.0 M 3.5 13 330 M M 3 8 14 340
================================================================================
SM 2290 1532 124 28 2.80 0.0 167.1 M 66
================================================================================
AV 73.9 49.4 5.4 FASTST M M 2 MAX(MPH)
MISC ----> 36 310 47 330
================================================================================
NOTES:
# LAST OF SEVERAL OCCURRENCES
COLUMN 17 PEAK WIND IN M.P.H.
PRELIMINARY LOCAL CLIMATOLOGICAL DATA (WS FORM: F-6) , PAGE 2
STATION: MODESTO CA
MONTH: OCTOBER
YEAR: 2021
LATITUDE: 37 37 N
LONGITUDE: 120 57 W
[TEMPERATURE DATA] [PRECIPITATION DATA] SYMBOLS USED IN COLUMN 16
AVERAGE MONTHLY: 61.6 TOTAL FOR MONTH: 2.80 1 = FOG OR MIST
DPTR FM NORMAL: -3.6 DPTR FM NORMAL: 2.25 2 = FOG REDUCING VISIBILITY
HIGHEST: 90 ON 4, 2 GRTST 24HR 1.34 ON 24-24 TO 1/4 MILE OR LESS
LOWEST: 38 ON 19 3 = THUNDER
SNOW, ICE PELLETS, HAIL 4 = ICE PELLETS
TOTAL MONTH: 0.0 INCH 5 = HAIL
GRTST 24HR 0.0 6 = FREEZING RAIN OR DRIZZLE
GRTST DEPTH: M ON M 7 = DUSTSTORM OR SANDSTORM:
VSBY 1/2 MILE OR LESS
8 = SMOKE OR HAZE
[NO. OF DAYS WITH] [WEATHER - DAYS WITH] 9 = BLOWING SNOW
X = TORNADO
MAX 32 OR BELOW: 0 0.01 INCH OR MORE: 5
MAX 90 OR ABOVE: 2 0.10 INCH OR MORE: 3
MIN 32 OR BELOW: 0 0.50 INCH OR MORE: 2
MIN 0 OR BELOW: 0 1.00 INCH OR MORE: 1
[HDD (BASE 65) ]
TOTAL THIS MO. 124 CLEAR (SCALE 0-3) 22
DPTR FM NORMAL 56 PTCLDY (SCALE 4-7) 8
TOTAL FM JUL 1 124 CLOUDY (SCALE 8-10) 1
DPTR FM NORMAL 52
[CDD (BASE 65) ]
TOTAL THIS MO. 28
DPTR FM NORMAL -47 [PRESSURE DATA]
TOTAL FM JAN 1 1702 HIGHEST SLP 30.34 ON 27
DPTR FM NORMAL 81 LOWEST SLP 29.59 ON 24
[REMARKS]
#FINAL-10-21#