000
CXUS56 KSTO 172212
CF6MOD
PRELIMINARY LOCAL CLIMATOLOGICAL DATA (WS FORM: F-6)
STATION: MODESTO CA
MONTH: MARCH
YEAR: 2020
LATITUDE: 37 37 N
LONGITUDE: 120 57 W
TEMPERATURE IN F: :PCPN: SNOW: WIND :SUNSHINE: SKY :PK WND
================================================================================
1 2 3 4 5 6A 6B 7 8 9 10 11 12 13 14 15 16 17 18
12Z AVG MX 2MIN
DY MAX MIN AVG DEP HDD CDD WTR SNW DPTH SPD SPD DIR MIN PSBL S-S WX SPD DR
================================================================================
1 59 46 53 -3 12 0 0.00 0.0 0 7.7 17 330 M M 5 23 340
2 73 41 57 1 8 0 0.00 0.0 0 12.4 23 340 M M 0 8 31 340
3 73 38 56 0 9 0 0.00 0.0 0 2.6 9 310 M M 0 12 140
4 79 42 61 5 4 0 0.00 0.0 0 2.6 7 130 M M 0 1 10 130
5 79 45 62 6 3 0 0.00 0.0 0 4.4 15 320 M M 0 18 330
6 72 48 60 4 5 0 0.00 0.0 0 7.5 20 330 M M 0 22 330
7 61 49 55 -2 10 0 T M 0 5.4 14 170 M M 8 21 150
8 62 45 54 -3 11 0 0.00 0.0 0 5.0 12 300 M M 6 15 140
9 68 48 58 1 7 0 0.00 0.0 0 4.6 12 300 M M 1 15 350
10 69 49 59 2 6 0 T 0.0 0 7.3 18 310 M M 3 21 300
11 75 52 64 7 1 0 T 0.0 0 3.9 12 340 M M 4 13 340
12 78 48 63 6 2 0 0.00 0.0 0 7.1 17 320 M M 0 27 300
13 72 46 59 2 6 0 0.00 0.0 0 6.9 18 190 M M 1 18 27 210
14 65 50 58 1 7 0 0.05 0.0 0 7.5 17 170 M M 8 26 180
15 57 46 52 -6 13 0 0.56 0.0 0 7.7 14 130 M M 10 1 21 170
16 47 41 44 -14 21 0 0.75 0.0 0 7.2 15 330 M M 10 1 19 340
17 59 39 49 -9 16 0 0.06 0.0 0 5.1 13 270 M M 7 16 160
18 59 39 49 -9 16 0 0.01 0.0 0 4.0 13 340 M M 8 1 15 340
19 64 45 55 -3 10 0 0.00 0.0 0 4.9 13 100 M M 5 15 100
20 65 40 53 -5 12 0 0.00 0.0 0 3.2 10 150 M M 1 1 14 170
21 64 45 55 -3 10 0 0.11 0.0 0 3.0 12 130 M M 5 1 18 110
22 69 47 58 0 7 0 T 0.0 0 4.2 15 310 M M 2 1 19 300
23 64 51 58 0 7 0 0.12 0.0 0 8.0 16 130 M M 9 1 20 120
24 64 49 57 -1 8 0 0.04 0.0 0 5.0 17 260 M M 8 26 150
25 58 42 50 -8 15 0 0.04 M 0 5.0 14 300 M M 8 19 290
26 59 35 47 -11 18 0 0.04 M 0 4.8 16 340 M M 2 1 19 330
27 63 37 50 -9 15 0 0.00 0.0 0 5.1 20 320 M M 2 25 320
28 58 44 51 -8 14 0 0.14 0.0 0 2.4 10 310 M M 8 18 12 260
29 66 50 58 -1 7 0 T 0.0 0 2.8 9 310 M M 6 1 12 250
30 69 46 58 -1 7 0 0.00 0.0 0 5.3 17 320 M M 2 22 330
31 72 47 60 1 5 0 0.00 0.0 0 8.5 17 300 M M 1 24 300
================================================================================
SM 2042 1390 292 0 1.92 0.0 171.1 M 130
================================================================================
AV 65.9 44.8 5.5 FASTST M M 4 MAX(MPH)
MISC ----> # 23 340 # 31 340
================================================================================
NOTES:
# LAST OF SEVERAL OCCURRENCES
COLUMN 17 PEAK WIND IN M.P.H.
PRELIMINARY LOCAL CLIMATOLOGICAL DATA (WS FORM: F-6) , PAGE 2
STATION: MODESTO CA
MONTH: MARCH
YEAR: 2020
LATITUDE: 37 37 N
LONGITUDE: 120 57 W
[TEMPERATURE DATA] [PRECIPITATION DATA] SYMBOLS USED IN COLUMN 16
AVERAGE MONTHLY: 55.4 TOTAL FOR MONTH: 1.92 1 = FOG OR MIST
DPTR FM NORMAL: -2.1 DPTR FM NORMAL: -0.12 2 = FOG REDUCING VISIBILITY
HIGHEST: 79 ON 5, 4 GRTST 24HR 0.75 ON 16-16 TO 1/4 MILE OR LESS
LOWEST: 35 ON 26 3 = THUNDER
SNOW, ICE PELLETS, HAIL 4 = ICE PELLETS
TOTAL MONTH: 0.0 INCH 5 = HAIL
GRTST 24HR 0.0 6 = FREEZING RAIN OR DRIZZLE
GRTST DEPTH: 0 7 = DUSTSTORM OR SANDSTORM:
VSBY 1/2 MILE OR LESS
8 = SMOKE OR HAZE
[NO. OF DAYS WITH] [WEATHER - DAYS WITH] 9 = BLOWING SNOW
X = TORNADO
MAX 32 OR BELOW: 0 0.01 INCH OR MORE: 11
MAX 90 OR ABOVE: 0 0.10 INCH OR MORE: 5
MIN 32 OR BELOW: 0 0.50 INCH OR MORE: 2
MIN 0 OR BELOW: 0 1.00 INCH OR MORE: 0
[HDD (BASE 65) ]
TOTAL THIS MO. 292 CLEAR (SCALE 0-3) 14
DPTR FM NORMAL 55 PTCLDY (SCALE 4-7) 14
TOTAL FM JUL 1 1912 CLOUDY (SCALE 8-10) 3
DPTR FM NORMAL -93
[CDD (BASE 65) ]
TOTAL THIS MO. 0
DPTR FM NORMAL -5 [PRESSURE DATA]
TOTAL FM JAN 1 0 HIGHEST SLP 30.33 ON 30
DPTR FM NORMAL -5 LOWEST SLP 29.65 ON 13
[REMARKS]
#FINAL-03-20#