000
CXUS53 KBIS 010830
CF6MOT
PRELIMINARY LOCAL CLIMATOLOGICAL DATA (WS FORM: F-6)
STATION: MINOT ND
MONTH: JULY
YEAR: 2020
LATITUDE: 48 15 N
LONGITUDE: 101 16 W
TEMPERATURE IN F: :PCPN: SNOW: WIND :SUNSHINE: SKY :PK WND
================================================================================
1 2 3 4 5 6A 6B 7 8 9 10 11 12 13 14 15 16 17 18
12Z AVG MX 2MIN
DY MAX MIN AVG DEP HDD CDD WTR SNW DPTH SPD SPD DIR MIN PSBL S-S WX SPD DR
================================================================================
1 80 59 70 2 0 5 0.04 M M 9.2 24 260 M M 2 1 32 260
2 90 60 75 7 0 10 0.01 M M 11.5 35 180 M M 1 3 55 170
3 87 59 73 5 0 8 0.00 M M 6.2 18 100 M M 0 25 50
4 89 68 79 11 0 14 0.02 M M 6.2 21 170 M M 0 38 30 170
5 83 65 74 6 0 9 T M M 8.1 26 280 M M 1 36 250
6 82 62 72 3 0 7 0.00 M M 4.4 12 290 M M 2 18 330
7 85 56 71 2 0 6 0.53 M M 9.6 38 280 M M 1 13 55 290
8 81 59 70 1 0 5 0.06 M M 10.1 28 10 M M 1 13 41 20
9 73 59 66 -3 0 1 0.00 M M 15.7 28 250 M M 5 38 220
10 81 56 69 0 0 4 0.00 M M 5.9 23 300 M M 0 3 30 300
11 79 61 70 1 0 5 0.00 M M 11.4 21 300 M M 3 30 290
12 87 57 72 2 0 7 0.00 M M 9.8 22 120 M M 0 29 120
13 83 56 70 0 0 5 0.53 M M 11.6 39 220 M M 3 13 62 210
14 79 55 67 -3 0 2 0.00 M M 13.3 26 270 M M 1 40 270
15 83 57 70 0 0 5 0.00 M M 11.6 22 240 M M 1 28 230
16 82 58 70 0 0 5 0.00 M M 8.4 20 280 M M 1 26 270
17 87 57 72 2 0 7 0.49 M M 8.6 23 280 M M 2 135 29 170
18 75 62 69 -1 0 4 0.14 M M 11.2 26 290 M M 4 13 37 270
19 76 59 68 -2 0 3 0.00 M M 10.4 18 270 M M 1 25 290
20 70 56 63 -7 2 0 0.31 M M 4.0 12 160 M M 4 1 15 160
21 77 55 66 -4 0 1 0.00 M M 4.5 9 360 M M 3 1 14 360
22 M M M M M M M M M M M M M M M M M
23 93 64 79 9 0 14 0.00 M M 11.8 23 120 M M 0 3 34 150
24 90 69 80 9 0 15 T M M 7.2 20 340 M M 2 3 25 340
25 85 59 72 1 0 7 T M M 10.3 22 300 M M 2 29 290
26 81 54 68 -3 0 3 0.00 M M 11.9 23 260 M M 1 31 270
27 81 60 71 0 0 6 0.00 M M 8.6 15 300 M M 2 20 280
28 84 57 71 0 0 6 0.00 M M M M M M M M 15 100
29 87 55 71 0 0 6 0.00 M M 5.4 14 90 M M 0 25 100
30 94 61 78 7 0 13 0.00 M M 7.1 16 210 M M 1 23 200
31 83 62 73 2 0 8 0.00 M M 12.6 21 330 M M 1 28 320
================================================================================
SM 2487 1777 2 191 2.13 M 266.6 M 45
================================================================================
AV 82.9 59.2 9.2 FASTST M M 2 MAX(MPH)
MISC ----> # 39 220 # 62 210
================================================================================
NOTES:
# LAST OF SEVERAL OCCURRENCES
COLUMN 17 PEAK WIND IN M.P.H.
PRELIMINARY LOCAL CLIMATOLOGICAL DATA (WS FORM: F-6) , PAGE 2
STATION: MINOT ND
MONTH: JULY
YEAR: 2020
LATITUDE: 48 15 N
LONGITUDE: 101 16 W
[TEMPERATURE DATA] [PRECIPITATION DATA] SYMBOLS USED IN COLUMN 16
AVERAGE MONTHLY: 71.1 TOTAL FOR MONTH: 2.13 1 = FOG OR MIST
DPTR FM NORMAL: 1.4 DPTR FM NORMAL: -0.30 2 = FOG REDUCING VISIBILITY
HIGHEST: 94 ON 30 GRTST 24HR 1.88 ON 30- 1 TO 1/4 MILE OR LESS
LOWEST: 54 ON 26 3 = THUNDER
SNOW, ICE PELLETS, HAIL 4 = ICE PELLETS
TOTAL MONTH: M 5 = HAIL
GRTST 24HR M ON M 6 = FREEZING RAIN OR DRIZZLE
GRTST DEPTH: M ON M 7 = DUSTSTORM OR SANDSTORM:
VSBY 1/2 MILE OR LESS
8 = SMOKE OR HAZE
[NO. OF DAYS WITH] [WEATHER - DAYS WITH] 9 = BLOWING SNOW
X = TORNADO
MAX 32 OR BELOW: 0 0.01 INCH OR MORE: 9
MAX 90 OR ABOVE: 4 0.10 INCH OR MORE: 5
MIN 32 OR BELOW: 0 0.50 INCH OR MORE: 2
MIN 0 OR BELOW: 0 1.00 INCH OR MORE: 0
[HDD (BASE 65) ]
TOTAL THIS MO. 2 CLEAR (SCALE 0-3) 25
DPTR FM NORMAL -22 PTCLDY (SCALE 4-7) 4
TOTAL FM JUL 1 2 CLOUDY (SCALE 8-10) 0
DPTR FM NORMAL -22
[CDD (BASE 65) ]
TOTAL THIS MO. 191
DPTR FM NORMAL 22 [PRESSURE DATA]
TOTAL FM JAN 1 324 HIGHEST SLP 30.12 ON 31
DPTR FM NORMAL 66 LOWEST SLP 29.55 ON 8
[REMARKS]
#FINAL-07-20#