000
CXUS51 KPHI 022110
CLMMPO
CLIMATE REPORT
NATIONAL WEATHER SERVICE MOUNT HOLLY NJ
410 PM EST FRI FEB 02 2024
...................................
...THE MOUNT POCONO PA CLIMATE SUMMARY FOR THE MONTH OF JANUARY 2024...
CLIMATE NORMAL PERIOD: 1991 TO 2020
CLIMATE RECORD PERIOD: 1901 TO 2024
WEATHER OBSERVED NORMAL DEPART LAST YEAR`S
VALUE DATE(S) VALUE FROM VALUE
NORMAL
..............................................................
TEMPERATURE (F)
RECORD
HIGH 69 01/26/1950
LOW -35 01/14/1912
HIGHEST 55 MM MM 59
LOWEST 3 MM MM 15
AVG. MAXIMUM 32.8 30.2 2.6 39.1
AVG. MINIMUM 20.6 15.1 5.5 27.8
MEAN 26.7 22.6 4.1 33.4
DAYS MAX >= 90 0 0.0 0.0 0
DAYS MAX <= 32 18 17.5 0.5 9
DAYS MIN <= 32 28 28.8 -0.8 25
DAYS MIN <= 0 0 3.2 -3.2 0
PRECIPITATION (INCHES)
RECORD
MAXIMUM 10.45 1979
MINIMUM 0.61 1990
TOTALS 9.33 2.98 6.35 4.01
DAILY AVG. 0.30 0.10 0.20 0.13
DAYS >= .01 18 11.4 6.6 19
DAYS >= .10 13 5.4 7.6 8
DAYS >= .50 4 1.3 2.7 3
DAYS >= 1.00 4 0.6 3.4 0
GREATEST
24 HR. TOTAL 3.54 01/09 TO 01/10 0.95
DEGREE DAYS
HEATING TOTAL 1179 1313 -134 969
SINCE 7/1 3482 4082 -600 MM
COOLING TOTAL 0 0 0 0
SINCE 1/1 0 0 0 MM
..............................................................
WIND (MPH)
AVERAGE WIND SPEED 11.3
HIGHEST WIND SPEED/DIRECTION 38/260 DATE 01/14
HIGHEST GUST SPEED/DIRECTION 53/260 DATE 01/14
SKY COVER
POSSIBLE SUNSHINE (PERCENT) MM
AVERAGE SKY COVER 0.75
NUMBER OF DAYS FAIR 2
NUMBER OF DAYS PC 10
NUMBER OF DAYS CLOUDY 19
AVERAGE RH (PERCENT) 78
WEATHER CONDITIONS. NUMBER OF DAYS WITH
THUNDERSTORM 0 MIXED PRECIP 0
HEAVY RAIN 3 RAIN 7
LIGHT RAIN 8 FREEZING RAIN 1
LT FREEZING RAIN 4 HEAVY SNOW 4
SNOW 6 LIGHT SNOW 18
SLEET 3 FOG 20
FOG W/VIS <= 1/4 MILE 12 HAZE 0
- INDICATES NEGATIVE NUMBERS.
R INDICATES RECORD WAS SET OR TIED.
MM INDICATES DATA IS MISSING.
T INDICATES TRACE AMOUNT.
$$