000
CXUS53 KMQT 020705
CF6MQT
PRELIMINARY LOCAL CLIMATOLOGICAL DATA (WS FORM: F-6)
STATION: MARQUETTE MI
MONTH: SEPTEMBER
YEAR: 2021
LATITUDE: 46 31 N
LONGITUDE: 87 33 W
TEMPERATURE IN F: :PCPN: SNOW: WIND :SUNSHINE: SKY :PK WND
================================================================================
1 2 3 4 5 6A 6B 7 8 9 10 11 12 13 14 15 16 17 18
12Z AVG MX 2MIN
DY MAX MIN AVG DEP HDD CDD WTR SNW DPTH SPD SPD DIR MIN PSBL S-S WX SPD DR
================================================================================
1 67 44 56 -5 9 0 0.00 0.0 0 M M M M M M 16 315
2 71 40 56 -5 9 0 0.00 0.0 0 M M M M M M 15 90
3 74 53 64 3 1 0 0.01 0.0 0 M M M M M M 13 225
4 64 56 60 0 5 0 0.22 0.0 0 M M M M M M 18 315
5 67 51 59 -1 6 0 0.05 0.0 0 M M M M M M 25 270
6 66 47 57 -3 8 0 0.00 0.0 0 M M M M M M 18 270
7 72 54 63 3 2 0 0.30 0.0 0 M M M M M M 3 32 270
8 61 49 55 -4 10 0 0.06 0.0 0 M M M M M M 29 270
9 66 46 56 -3 9 0 0.00 0.0 0 M M M M M M 15 360
10 74 44 59 0 6 0 0.00 0.0 0 M M M M M M 18 270
11 72 54 63 5 2 0 0.00 0.0 0 M M M M M M 20 225
12 62 44 53 -5 12 0 T 0.0 0 M M M M M M 14 90
13 69 39 54 -4 11 0 0.00 0.0 0 M M M M M M 1 14 90
14 62 53 58 1 7 0 1.30 0.0 0 M M M M M M 13 27 270
15 69 49 59 2 6 0 0.00 0.0 0 M M M M M M 14 270
16 75 52 64 8 1 0 T 0.0 0 M M M M M M 31 135
17 72 46 59 3 6 0 T 0.0 0 M M M M M M 30 225
18 71 40 56 0 9 0 0.00 0.0 0 M M M M M M 19 180
19 81 55 68 13 0 3 0.00 0.0 0 M M M M M M 26 180
20 77 63 70 15 0 5 0.17 0.0 0 M M M M M M 32 225
21 67 46 57 3 8 0 0.08 0.0 0 M M M M M M 31 360
22 56 41 49 -5 16 0 0.00 0.0 0 M M M M M M 22 45
23 58 43 51 -3 14 0 T 0.0 0 M M M M M M 27 315
24 73 42 58 5 7 0 0.74 0.0 0 M M M M M M 29 270
25 58 44 51 -2 14 0 0.04 0.0 0 M M M M M M 26 270
26 61 47 54 2 11 0 0.04 0.0 0 M M M M M M 20 225
27 59 39 49 -3 16 0 0.00 0.0 0 M M M M M M 1 16 360
28 69 36 53 2 12 0 0.00 0.0 0 M M M M M M 16 225
29 75 48 62 11 3 0 0.00 0.0 0 M M M M M M 10 180
30 78 48 63 13 2 0 0.00 0.0 0 M M M M M M 11 225
================================================================================
SM 2046 1413 222 8 3.01 0.0 M M M
================================================================================
AV 68.2 47.1 M FASTST M M M MAX(MPH)
MISC ----> M M # 32 270
================================================================================
NOTES:
# LAST OF SEVERAL OCCURRENCES
COLUMN 17 PEAK WIND IN M.P.H.
PRELIMINARY LOCAL CLIMATOLOGICAL DATA (WS FORM: F-6) , PAGE 2
STATION: MARQUETTE MI
MONTH: SEPTEMBER
YEAR: 2021
LATITUDE: 46 31 N
LONGITUDE: 87 33 W
[TEMPERATURE DATA] [PRECIPITATION DATA] SYMBOLS USED IN COLUMN 16
AVERAGE MONTHLY: 57.7 TOTAL FOR MONTH: 3.01 1 = FOG OR MIST
DPTR FM NORMAL: 1.3 DPTR FM NORMAL: -0.95 2 = FOG REDUCING VISIBILITY
HIGHEST: 81 ON 19 GRTST 24HR 1.30 ON 14-14 TO 1/4 MILE OR LESS
LOWEST: 36 ON 28 3 = THUNDER
SNOW, ICE PELLETS, HAIL 4 = ICE PELLETS
TOTAL MONTH: 0.0 INCH 5 = HAIL
GRTST 24HR 0.0 6 = FREEZING RAIN OR DRIZZLE
GRTST DEPTH: 0 7 = DUSTSTORM OR SANDSTORM:
VSBY 1/2 MILE OR LESS
8 = SMOKE OR HAZE
[NO. OF DAYS WITH] [WEATHER - DAYS WITH] 9 = BLOWING SNOW
X = TORNADO
MAX 32 OR BELOW: 0 0.01 INCH OR MORE: 11
MAX 90 OR ABOVE: 0 0.10 INCH OR MORE: 5
MIN 32 OR BELOW: 0 0.50 INCH OR MORE: 2
MIN 0 OR BELOW: 0 1.00 INCH OR MORE: 1
[HDD (BASE 65) ]
TOTAL THIS MO. 222 CLEAR (SCALE 0-3) 0
DPTR FM NORMAL -63 PTCLDY (SCALE 4-7) 0
TOTAL FM JUL 1 338 CLOUDY (SCALE 8-10) 30
DPTR FM NORMAL -134
[CDD (BASE 65) ]
TOTAL THIS MO. 8
DPTR FM NORMAL -16 [PRESSURE DATA]
TOTAL FM JAN 1 347 HIGHEST SLP M ON M
DPTR FM NORMAL 111 LOWEST SLP M ON M
[REMARKS]
#FINAL-09-21#