629
CXUS52 KMHX 010700
CF6MRH
PRELIMINARY LOCAL CLIMATOLOGICAL DATA (WS FORM: F-6)
STATION: BEAUFORT/SMITH FIELD NC
MONTH: JUNE
YEAR: 2020
LATITUDE: 34 43 N
LONGITUDE: 76 39 W
TEMPERATURE IN F: :PCPN: SNOW: WIND :SUNSHINE: SKY :PK WND
================================================================================
1 2 3 4 5 6A 6B 7 8 9 10 11 12 13 14 15 16 17 18
12Z AVG MX 2MIN
DY MAX MIN AVG DEP HDD CDD WTR SNW DPTH SPD SPD DIR MIN PSBL S-S WX SPD DR
================================================================================
1 76 59 68 -4 0 3 0.00 0.0 0 6.8 16 110 M M 2 20 60
2 79 58 69 -4 0 4 0.00 0.0 0 13.9 28 220 M M 0 33 220
3 81 74 78 5 0 13 0.00 0.0 0 21.0 31 220 M M 0 39 210
4 83 75 79 6 0 14 0.00 0.0 0 14.6 22 220 M M 1 29 220
5 81 75 78 5 0 13 0.02 0.0 0 11.4 22 180 M M 3 1 29 180
6 84 76 80 6 0 15 0.02 0.0 0 13.2 23 220 M M 2 13 29 230
7 86 73 80 6 0 15 0.11 0.0 0 7.6 17 230 M M 3 1 20 230
8 84 68 76 2 0 11 0.00 0.0 0 7.2 13 110 M M 3 16 130
9 84 76 80 6 0 15 0.00 0.0 0 11.2 18 190 M M 3 22 190
10 83 76 80 5 0 15 0.00 0.0 0 15.6 23 180 M M 4 29 180
11 83 76 80 5 0 15 0.00 0.0 0 15.3 21 180 M M 6 27 180
12 78 70 74 -1 0 9 0.63 0.0 0 6.4 14 200 M M 8 1 18 200
13 72 66 69 -6 0 4 1.04 0.0 0 9.8 18 40 M M 10 1 23 50
14 73 66 70 -6 0 5 0.16 0.0 0 10.6 22 20 M M 10 1 29 20
15 72 67 70 -6 0 5 1.68 0.0 0 11.4 21 40 M M 10 1 31 40
16 77 67 72 -4 0 7 0.81 0.0 0 12.6 20 50 M M 9 13 30 50
17 77 68 73 -3 0 8 0.00 0.0 0 8.8 20 220 M M 5 1 24 230
18 78 64 71 -5 0 6 0.00 0.0 0 7.2 15 200 M M 2 18 190
19 83 68 76 -1 0 11 T 0.0 0 8.6 20 160 M M 2 25 160
20 83 70 77 0 0 12 0.02 0.0 0 5.6 20 200 M M 3 3 23 200
21 83 67 75 -2 0 10 0.00 0.0 0 6.7 14 220 M M 0 18 17 220
22 86 77 82 5 0 17 0.00 0.0 0 12.6 21 220 M M 2 1 26 200
23 85 78 82 4 0 17 0.00 0.0 0 15.3 24 220 M M 1 8 32 220
24 85 77 81 3 0 16 T 0.0 0 10.6 17 210 M M 2 23 220
25 81 74 78 0 0 13 0.12 0.0 0 6.4 17 230 M M 4 1 22 230
26 88 76 82 4 0 17 0.00 0.0 0 7.5 13 200 M M 1 16 210
27 85 76 81 3 0 16 0.00 0.0 0 9.7 20 220 M M 1 23 220
28 87 77 82 4 0 17 0.13 0.0 0 9.1 22 280 M M 0 13 28 290
29 86 76 81 2 0 16 0.00 0.0 0 8.0 14 230 M M 3 18 280
30 88 73 81 2 0 16 T 0.0 0 3.9 13 170 M M 0 16 130
================================================================================
SM 2451 2143 0 355 4.74 0.0 308.6 M 100
================================================================================
AV 81.7 71.4 10.3 FASTST M M 3 MAX(MPH)
MISC ----> # 31 220 # 39 210
================================================================================
NOTES:
# LAST OF SEVERAL OCCURRENCES
COLUMN 17 PEAK WIND IN M.P.H.
PRELIMINARY LOCAL CLIMATOLOGICAL DATA (WS FORM: F-6) , PAGE 2
STATION: BEAUFORT/SMITH FIELD NC
MONTH: JUNE
YEAR: 2020
LATITUDE: 34 43 N
LONGITUDE: 76 39 W
[TEMPERATURE DATA] [PRECIPITATION DATA] SYMBOLS USED IN COLUMN 16
AVERAGE MONTHLY: 76.6 TOTAL FOR MONTH: 4.74 1 = FOG OR MIST
DPTR FM NORMAL: 0.9 DPTR FM NORMAL: 0.10 2 = FOG REDUCING VISIBILITY
HIGHEST: 88 ON 30,26 GRTST 24HR 1.68 ON 15-15 TO 1/4 MILE OR LESS
LOWEST: 58 ON 2 3 = THUNDER
SNOW, ICE PELLETS, HAIL 4 = ICE PELLETS
TOTAL MONTH: 0.0 INCH 5 = HAIL
GRTST 24HR 0.0 6 = FREEZING RAIN OR DRIZZLE
GRTST DEPTH: 0 7 = DUSTSTORM OR SANDSTORM:
VSBY 1/2 MILE OR LESS
8 = SMOKE OR HAZE
[NO. OF DAYS WITH] [WEATHER - DAYS WITH] 9 = BLOWING SNOW
X = TORNADO
MAX 32 OR BELOW: 0 0.01 INCH OR MORE: 11
MAX 90 OR ABOVE: 0 0.10 INCH OR MORE: 8
MIN 32 OR BELOW: 0 0.50 INCH OR MORE: 4
MIN 0 OR BELOW: 0 1.00 INCH OR MORE: 2
[HDD (BASE 65) ]
TOTAL THIS MO. 0 CLEAR (SCALE 0-3) 21
DPTR FM NORMAL 0 PTCLDY (SCALE 4-7) 5
TOTAL FM JUL 1 1883 CLOUDY (SCALE 8-10) 4
DPTR FM NORMAL -672
[CDD (BASE 65) ]
TOTAL THIS MO. 355
DPTR FM NORMAL 32 [PRESSURE DATA]
TOTAL FM JAN 1 556 HIGHEST SLP M ON M
DPTR FM NORMAL 51 LOWEST SLP 29.79 ON 28
[REMARKS]
#FINAL-06-20#