000
CXUS54 KHUN 010810
CF6MSL
PRELIMINARY LOCAL CLIMATOLOGICAL DATA (WS FORM: F-6)
STATION: MUSCLE SHOALS
MONTH: OCTOBER
YEAR: 2022
LATITUDE: 34 45 N
LONGITUDE: 87 37 W
TEMPERATURE IN F: :PCPN: SNOW: WIND :SUNSHINE: SKY :PK WND
================================================================================
1 2 3 4 5 6A 6B 7 8 9 10 11 12 13 14 15 16 17 18
12Z AVG MX 2MIN
DY MAX MIN AVG DEP HDD CDD WTR SNW DPTH SPD SPD DIR MIN PSBL S-S WX SPD DR
================================================================================
1 81 47 64 -6 1 0 0.00 0.0 0 5.0 13 300 M M 0 20 30
2 83 55 69 0 0 4 0.00 0.0 0 6.7 15 40 M M 0 23 20
3 79 52 66 -3 0 1 0.00 0.0 0 5.4 14 40 M M 0 22 70
4 79 44 62 -6 3 0 0.00 0.0 0 2.7 9 30 M M 1 12 14 320
5 82 41 62 -6 3 0 0.00 0.0 0 1.3 9 40 M M 0 1 14 360
6 84 44 64 -4 1 0 0.00 0.0 0 2.2 13 290 M M 0 19 280
7 85 50 68 1 0 3 0.00 0.0 0 4.1 14 340 M M 1 1 22 10
8 71 44 58 -9 7 0 0.00 0.0 0 5.5 15 340 M M 0 24 60
9 73 37 55 -11 10 0 0.00 0.0 0 2.6 13 280 M M 0 16 290
10 79 40 60 -6 5 0 0.00 0.0 0 1.7 12 70 M M 0 17 90
11 82 41 62 -4 3 0 0.00 0.0 0 4.1 14 140 M M 0 8 18 140
12 79 61 70 5 0 5 1.04 0.0 0 7.1 22 190 M M 7 13 31 340
13 72 46 59 -6 6 0 0.00 0.0 0 5.4 18 290 M M 3 1 24 310
14 77 41 59 -5 6 0 0.00 0.0 0 6.5 20 250 M M 0 26 230
15 82 54 68 4 0 3 0.14 0.0 0 6.5 24 280 M M 1 1 30 280
16 75 57 66 2 0 1 T 0.0 0 3.1 14 280 M M 4 1 19 310
17 66 43 55 -8 10 0 0.00 0.0 0 8.0 20 290 M M 1 1 27 290
18 55 34 45 -18 20 0 0.00 0.0 0 7.2 17 310 M M 0 25 310
19 60 32 46 -16 19 0 0.00 0.0 0 3.8 13 280 M M 0 24 280
20 65 30 48 -14 17 0 0.00 0.0 0 3.0 16 250 M M 0 8 21 260
21 78 37 58 -4 7 0 0.00 0.0 0 6.0 15 160 M M 0 22 150
22 78 50 64 3 1 0 0.00 0.0 0 6.7 17 170 M M 0 24 170
23 79 52 66 5 0 1 0.00 0.0 0 5.8 16 190 M M 0 22 200
24 80 49 65 5 0 0 0.00 0.0 0 7.8 17 160 M M 1 24 170
25 75 52 64 4 1 0 0.62 0.0 0 14.0 26 160 M M 8 1 37 170
26 60 43 52 -8 13 0 0.00 0.0 0 6.9 15 290 M M 6 21 290
27 69 37 53 -6 12 0 0.00 0.0 0 4.7 14 60 M M 0 1 18 40
28 75 45 60 1 5 0 0.00 0.0 0 5.4 15 60 M M 1 22 130
29 75 54 65 7 0 0 0.09 0.0 0 9.3 17 120 M M 3 1 25 110
30 66 59 63 5 2 0 0.13 0.0 0 9.8 18 140 M M 9 1 28 140
31 68 52 60 2 5 0 0.00 0.0 0 4.3 15 250 M M 8 128 20 240
================================================================================
SM 2312 1423 157 18 2.02 0.0 172.6 M 54
================================================================================
AV 74.6 45.9 5.6 FASTST M M 2 MAX(MPH)
MISC ----> 26 160 37 170
================================================================================
NOTES:
# LAST OF SEVERAL OCCURRENCES
COLUMN 17 PEAK WIND IN M.P.H.
PRELIMINARY LOCAL CLIMATOLOGICAL DATA (WS FORM: F-6) , PAGE 2
STATION: MUSCLE SHOALS
MONTH: OCTOBER
YEAR: 2022
LATITUDE: 34 45 N
LONGITUDE: 87 37 W
[TEMPERATURE DATA] [PRECIPITATION DATA] SYMBOLS USED IN COLUMN 16
AVERAGE MONTHLY: 60.2 TOTAL FOR MONTH: 2.02 1 = FOG OR MIST
DPTR FM NORMAL: -3.4 DPTR FM NORMAL: -1.45 2 = FOG REDUCING VISIBILITY
HIGHEST: 85 ON 7 GRTST 24HR 1.04 ON 12-12 TO 1/4 MILE OR LESS
LOWEST: 30 ON 20 3 = THUNDER
SNOW, ICE PELLETS, HAIL 4 = ICE PELLETS
TOTAL MONTH: 0.0 INCH 5 = HAIL
GRTST 24HR 0.0 6 = FREEZING RAIN OR DRIZZLE
GRTST DEPTH: 0 7 = DUSTSTORM OR SANDSTORM:
VSBY 1/2 MILE OR LESS
8 = SMOKE OR HAZE
[NO. OF DAYS WITH] [WEATHER - DAYS WITH] 9 = BLOWING SNOW
X = TORNADO
MAX 32 OR BELOW: 0 0.01 INCH OR MORE: 5
MAX 90 OR ABOVE: 0 0.10 INCH OR MORE: 4
MIN 32 OR BELOW: 2 0.50 INCH OR MORE: 2
MIN 0 OR BELOW: 0 1.00 INCH OR MORE: 1
[HDD (BASE 65) ]
TOTAL THIS MO. 157 CLEAR (SCALE 0-3) 25
DPTR FM NORMAL 30 PTCLDY (SCALE 4-7) 4
TOTAL FM JUL 1 163 CLOUDY (SCALE 8-10) 2
DPTR FM NORMAL 29
[CDD (BASE 65) ]
TOTAL THIS MO. 18
DPTR FM NORMAL -66 [PRESSURE DATA]
TOTAL FM JAN 1 2170 HIGHEST SLP M ON M
DPTR FM NORMAL 86 LOWEST SLP 29.58 ON 25
[REMARKS]
#FINAL-10-22#