000
CXUS54 KHUN 021724
CF6MSL
PRELIMINARY LOCAL CLIMATOLOGICAL DATA (WS FORM: F-6)
STATION: MUSCLE SHOALS
MONTH: MARCH
YEAR: 2020
LATITUDE: 34 45 N
LONGITUDE: 87 37 W
TEMPERATURE IN F: :PCPN: SNOW: WIND :SUNSHINE: SKY :PK WND
================================================================================
1 2 3 4 5 6A 6B 7 8 9 10 11 12 13 14 15 16 17 18
12Z AVG MX 2MIN
DY MAX MIN AVG DEP HDD CDD WTR SNW DPTH SPD SPD DIR MIN PSBL S-S WX SPD DR
================================================================================
1 69 37 53 4 12 0 0.00 0.0 0 7.9 21 210 M M 1 26 210
2 66 53 60 11 5 0 0.30 0.0 0 7.5 17 190 M M 8 13 23 170
3 71 56 64 14 1 0 0.04 0.0 0 9.3 23 280 M M 5 3 28 290
4 61 51 56 6 9 0 T 0.0 0 4.6 16 170 M M 6 18 170
5 67 47 57 7 8 0 0.00 0.0 0 4.6 14 320 M M 1 19 320
6 59 42 51 1 14 0 0.00 0.0 0 10.6 23 340 M M 0 33 320
7 59 35 47 -4 18 0 0.00 0.0 0 4.2 14 70 M M 0 18 70
8 70 37 54 3 11 0 0.00 0.0 0 6.8 18 160 M M 0 25 180
9 71 50 61 10 4 0 T 0.0 0 12.3 23 200 M M 3 31 210
10 74 54 64 12 1 0 0.26 0.0 0 8.5 20 210 M M 7 1 26 210
11 69 47 58 6 7 0 0.16 0.0 0 3.4 18 160 M M 6 123 24 320
12 79 57 68 16 0 3 0.06 0.0 0 9.4 24 220 M M 6 13 30 220
13 68 55 62 10 3 0 0.26 0.0 0 8.6 15 30 M M 9 1 21 340
14 75 51 63 10 2 0 0.64 0.0 0 5.1 16 240 M M 7 1 21 10
15 63 45 54 1 11 0 1.54 0.0 0 7.6 16 30 M M 10 18 21 20
16 58 45 52 -1 13 0 0.04 0.0 0 3.8 9 40 M M 10 1 13 50
17 74 55 65 11 0 0 0.01 0.0 0 4.1 14 40 M M 8 18 18 20
18 79 57 68 14 0 3 0.00 0.0 0 7.5 22 220 M M 8 1 29 220
19 81 68 75 21 0 10 T 0.0 0 11.3 21 210 M M 6 28 200
20 74 57 66 12 0 1 0.53 0.0 0 9.5 23 280 M M 9 1 30 270
21 57 47 52 -3 13 0 0.00 0.0 0 7.4 14 60 M M 9 1 18 40
22 67 46 57 2 8 0 0.26 0.0 0 4.8 12 170 M M 5 13 16 170
23 68 60 64 9 1 0 0.94 0.0 0 5.2 17 320 M M 10 138 28 320
24 78 58 68 13 0 3 2.29 0.0 0 8.2 23 200 M M 10 13 30 200
25 67 51 59 3 6 0 0.00 0.0 0 3.8 13 20 M M 5 16 20
26 86 49 68 12 0 3 0.00 0.0 0 7.5 21 190 M M 0 1 25 210
27 87 68 78 22 0 13 0.00 0.0 0 10.2 21 250 M M 0 25 240
28 86 69 78 22 0 13 0.09 0.0 0 11.8 32 290 M M 4 3 43 300
29 77 55 66 9 0 1 0.47 0.0 0 10.2 21 260 M M 1 13 30 260
30 69 52 61 4 4 0 0.10 0.0 0 2.8 8 340 M M 5 1 10 200
31 59 44 52 -5 13 0 1.06 0.0 0 8.6 18 50 M M 7 18 25 350
================================================================================
SM 2188 1598 164 50 9.05 0.0 227.1 M 166
================================================================================
AV 70.6 51.5 7.3 FASTST M M 5 MAX(MPH)
MISC ----> 32 290 43 300
================================================================================
NOTES:
# LAST OF SEVERAL OCCURRENCES
COLUMN 17 PEAK WIND IN M.P.H.
PRELIMINARY LOCAL CLIMATOLOGICAL DATA (WS FORM: F-6) , PAGE 2
STATION: MUSCLE SHOALS
MONTH: MARCH
YEAR: 2020
LATITUDE: 34 45 N
LONGITUDE: 87 37 W
[TEMPERATURE DATA] [PRECIPITATION DATA] SYMBOLS USED IN COLUMN 16
AVERAGE MONTHLY: 61.1 TOTAL FOR MONTH: 9.05 1 = FOG OR MIST
DPTR FM NORMAL: 7.9 DPTR FM NORMAL: 4.29 2 = FOG REDUCING VISIBILITY
HIGHEST: 87 ON 27 GRTST 24HR 2.29 ON 24-24 TO 1/4 MILE OR LESS
LOWEST: 35 ON 7 3 = THUNDER
SNOW, ICE PELLETS, HAIL 4 = ICE PELLETS
TOTAL MONTH: 0.0 INCH 5 = HAIL
GRTST 24HR 0.0 6 = FREEZING RAIN OR DRIZZLE
GRTST DEPTH: 0 7 = DUSTSTORM OR SANDSTORM:
VSBY 1/2 MILE OR LESS
8 = SMOKE OR HAZE
[NO. OF DAYS WITH] [WEATHER - DAYS WITH] 9 = BLOWING SNOW
X = TORNADO
MAX 32 OR BELOW: 0 0.01 INCH OR MORE: 18
MAX 90 OR ABOVE: 0 0.10 INCH OR MORE: 13
MIN 32 OR BELOW: 0 0.50 INCH OR MORE: 6
MIN 0 OR BELOW: 0 1.00 INCH OR MORE: 3
[HDD (BASE 65) ]
TOTAL THIS MO. 164 CLEAR (SCALE 0-3) 8
DPTR FM NORMAL -214 PTCLDY (SCALE 4-7) 14
TOTAL FM JUL 1 2197 CLOUDY (SCALE 8-10) 9
DPTR FM NORMAL -716
[CDD (BASE 65) ]
TOTAL THIS MO. 50
DPTR FM NORMAL 38 [PRESSURE DATA]
TOTAL FM JAN 1 51 HIGHEST SLP 30.57 ON 7
DPTR FM NORMAL 38 LOWEST SLP 29.68 ON 3
[REMARKS]
#FINAL-03-20#