000
CXUS55 KMSO 012159
CF6MSO
PRELIMINARY LOCAL CLIMATOLOGICAL DATA (WS FORM: F-6)
STATION: MISSOULA MT
MONTH: FEBRUARY
YEAR: 2023
LATITUDE: 46 55 N
LONGITUDE: 114 5 W
TEMPERATURE IN F: :PCPN: SNOW: WIND :SUNSHINE: SKY :PK WND
================================================================================
1 2 3 4 5 6A 6B 7 8 9 10 11 12 13 14 15 16 17 18
12Z AVG MX 2MIN
DY MAX MIN AVG DEP HDD CDD WTR SNW DPTH SPD SPD DIR MIN PSBL S-S WX SPD DR
================================================================================
1 29 16 23 -3 42 0 T T 6 0.8 7 270 M M 8 18 8 230
2 32 10 21 -6 44 0 0.00 0.0 6 1.1 6 270 M M 2 128 9 250
3 37 11 24 -3 41 0 0.00 0.0 6 2.7 9 90 M M 4 18 14 250
4 47 25 36 9 29 0 T 0.0 6 2.0 9 170 M M 8 12 250
5 37 23 30 3 35 0 0.01 T 5 2.6 9 330 M M 8 12 12 330
6 44 32 38 11 27 0 0.00 0.0 5 7.2 22 260 M M 10 27 260
7 46 34 40 13 25 0 T T 4 5.9 21 210 M M 8 26 210
8 39 27 33 6 32 0 0.03 T 3 8.4 23 310 M M 7 1 29 300
9 35 14 25 -3 40 0 0.00 0.0 3 1.4 8 160 M M 0 10 120
10 40 14 27 -1 38 0 0.00 0.0 3 1.8 7 310 M M 0 8 310
11 41 15 28 0 37 0 0.00 0.0 3 0.7 6 250 M M 1 1 7 260
12 39 16 28 0 37 0 0.00 0.0 3 1.5 7 270 M M 2 1 9 260
13 45 26 36 8 29 0 0.01 0.1 3 6.4 31 300 M M 8 18 40 320
14 37 17 27 -1 38 0 0.16 2.0 3 4.3 16 10 M M 9 12 23 360
15 29 9 19 -10 46 0 0.00 0.0 5 0.7 6 130 M M 5 8 60
16 35 7 21 -8 44 0 0.00 0.0 5 0.7 7 270 M M 0 1 12 250
17 38 11 25 -4 40 0 0.00 0.0 5 2.0 8 250 M M 7 10 240
18 37 26 32 2 33 0 0.02 0.7 5 2.8 12 330 M M 9 18 15 330
19 39 23 31 1 34 0 0.05 0.3 6 2.0 18 290 M M 10 1 27 270
20 46 33 40 10 25 0 0.05 T 4 2.3 12 250 M M 10 1 17 310
21 45 12 29 -1 36 0 0.15 0.1 3 12.1 28 80 M M 9 1 39 90
22 13 -1 6 -24 59 0 0.00 0.0 2 20.3 30 120 M M 6 44 90
23 9 -2 4 -27 61 0 T T 2 20.4 32 100 M M 8 8 44 90
24 19 -1 9 -22 56 0 0.00 0.0 2 8.0 25 100 M M 3 33 110
25 38 7 23 -8 42 0 0.00 0.0 2 1.1 8 250 M M 1 10 250
26 42 16 29 -3 36 0 0.01 0.3 2 4.5 26 310 M M 8 18 33 300
27 38 17 28 -4 37 0 0.00 0.0 1 5.5 15 140 M M 5 19 150
28 38 23 31 -1 34 0 T T 1 4.1 20 280 M M 9 8 29 280
================================================================================
SM 1014 460 1077 0 0.49 3.5 133.3 M 165
================================================================================
AV 36.2 16.4 4.8 FASTST M M 6 MAX(MPH)
MISC ----> 32 100 # 44 90
================================================================================
NOTES:
# LAST OF SEVERAL OCCURRENCES
COLUMN 17 PEAK WIND IN M.P.H.
PRELIMINARY LOCAL CLIMATOLOGICAL DATA (WS FORM: F-6) , PAGE 2
STATION: MISSOULA MT
MONTH: FEBRUARY
YEAR: 2023
LATITUDE: 46 55 N
LONGITUDE: 114 5 W
[TEMPERATURE DATA] [PRECIPITATION DATA] SYMBOLS USED IN COLUMN 16
AVERAGE MONTHLY: 26.3 TOTAL FOR MONTH: 0.49 1 = FOG OR MIST
DPTR FM NORMAL: -2.7 DPTR FM NORMAL: -0.39 2 = FOG REDUCING VISIBILITY
HIGHEST: 47 ON 4 GRTST 24HR 0.18 ON 13-14 TO 1/4 MILE OR LESS
LOWEST: -2 ON 23 3 = THUNDER
SNOW, ICE PELLETS, HAIL 4 = ICE PELLETS
TOTAL MONTH: 4.9 INCHES 5 = HAIL
GRTST 24HR 2.0 ON 14-14 6 = FREEZING RAIN OR DRIZZLE
GRTST DEPTH: 6 ON 19, 4 7 = DUSTSTORM OR SANDSTORM:
VSBY 1/2 MILE OR LESS
8 = SMOKE OR HAZE
[NO. OF DAYS WITH] [WEATHER - DAYS WITH] 9 = BLOWING SNOW
X = TORNADO
MAX 32 OR BELOW: 6 0.01 INCH OR MORE: 9
MAX 90 OR ABOVE: 0 0.10 INCH OR MORE: 2
MIN 32 OR BELOW: 26 0.50 INCH OR MORE: 0
MIN 0 OR BELOW: 3 1.00 INCH OR MORE: 0
[HDD (BASE 65) ]
TOTAL THIS MO. 1077 CLEAR (SCALE 0-3) 8
DPTR FM NORMAL 68 PTCLDY (SCALE 4-7) 10
TOTAL FM JUL 1 5412 CLOUDY (SCALE 8-10) 10
DPTR FM NORMAL -60
[CDD (BASE 65) ]
TOTAL THIS MO. 0
DPTR FM NORMAL 0 [PRESSURE DATA]
TOTAL FM JAN 1 0 HIGHEST SLP 30.65 ON 9
DPTR FM NORMAL 0 LOWEST SLP 29.40 ON 21
[REMARKS]
#FINAL-02-23#