000
CXUS55 KMSO 072302
CF6MSO
PRELIMINARY LOCAL CLIMATOLOGICAL DATA (WS FORM: F-6)
STATION: MISSOULA MT
MONTH: NOVEMBER
YEAR: 2023
LATITUDE: 46 55 N
LONGITUDE: 114 5 W
TEMPERATURE IN F: :PCPN: SNOW: WIND :SUNSHINE: SKY :PK WND
================================================================================
1 2 3 4 5 6A 6B 7 8 9 10 11 12 13 14 15 16 17 18
12Z AVG MX 2MIN
DY MAX MIN AVG DEP HDD CDD WTR SNW DPTH SPD SPD DIR MIN PSBL S-S WX SPD DR
================================================================================
1 35 20 28 -9 37 0 T T 0 0.8 5 250 M M 8 128 7 210
2 40 32 36 -1 29 0 0.22 0.0 0 1.9 8 250 M M 10 1 11 240
3 58 33 46 10 19 0 0.03 0.0 0 2.6 9 300 M M 7 12 12 50
4 48 29 39 3 26 0 0.11 0.0 0 2.6 12 140 M M 9 1 14 140
5 56 36 46 10 19 0 0.11 0.0 0 3.5 16 290 M M 7 18 22 270
6 44 31 38 3 27 0 0.09 0.0 0 3.6 16 290 M M 8 1 17 280
7 47 38 43 8 22 0 0.04 0.0 0 7.1 18 170 M M 10 25 250
8 47 32 40 5 25 0 T 0.0 0 4.6 17 260 M M 7 22 250
9 44 24 34 0 31 0 0.00 0.0 0 1.6 7 170 M M 0 8 140
10 43 26 35 1 30 0 T T 0 1.2 8 190 M M 8 10 250
11 59 31 45 11 20 0 0.03 0.0 0 6.7 26 270 M M 8 37 260
12 55 32 44 11 21 0 0.00 0.0 0 4.1 15 110 M M 2 19 110
13 55 27 41 8 24 0 0.00 0.0 0 2.0 15 130 M M 3 8 21 80
14 48 28 38 5 27 0 0.00 0.0 0 3.0 10 300 M M 4 12 360
15 56 29 43 11 22 0 0.13 0.0 0 4.1 22 340 M M 7 18 33 350
16 48 28 38 6 27 0 T 0.0 0 6.0 17 340 M M 4 12 25 310
17 45 22 34 2 31 0 0.00 0.0 0 1.3 7 260 M M 1 12 8 290
18 33 23 28 -3 37 0 0.00 0.0 0 0.6 6 240 M M 7 12 7 300
19 43 27 35 4 30 0 T T 0 3.0 18 270 M M 10 128 24 280
20 47 27 37 6 28 0 0.00 0.0 0 2.7 10 280 M M 3 15 280
21 40 20 30 0 35 0 0.00 0.0 0 1.0 8 140 M M 0 8 140
22 36 26 31 1 34 0 0.02 0.0 0 1.5 9 270 M M 9 126 10 260
23 42 29 36 6 29 0 0.00 0.0 0 5.9 17 100 M M 9 12 27 100
24 37 19 28 -1 37 0 0.00 0.0 0 4.0 14 130 M M 0 17 130
25 35 12 24 -5 41 0 0.00 0.0 0 0.9 5 360 M M 0 8 140
26 35 13 24 -5 41 0 0.00 0.0 0 0.6 7 340 M M 1 10 260
27 34 13 24 -4 41 0 0.00 0.0 0 0.3 5 90 M M 0 18 6 350
28 34 12 23 -5 42 0 0.00 0.0 0 0.7 10 300 M M 2 128 13 300
29 28 9 19 -9 46 0 0.00 0.0 0 1.0 6 20 M M 3 128 7 320
30 29 13 21 -7 44 0 T 0.1 0 1.5 6 120 M M 8 18 7 130
================================================================================
SM 1301 741 922 0 0.78 0.1 80.4 M 155
================================================================================
AV 43.4 24.7 2.7 FASTST M M 5 MAX(MPH)
MISC ----> 26 270 37 260
================================================================================
NOTES:
# LAST OF SEVERAL OCCURRENCES
COLUMN 17 PEAK WIND IN M.P.H.
PRELIMINARY LOCAL CLIMATOLOGICAL DATA (WS FORM: F-6) , PAGE 2
STATION: MISSOULA MT
MONTH: NOVEMBER
YEAR: 2023
LATITUDE: 46 55 N
LONGITUDE: 114 5 W
[TEMPERATURE DATA] [PRECIPITATION DATA] SYMBOLS USED IN COLUMN 16
AVERAGE MONTHLY: 34.0 TOTAL FOR MONTH: 0.78 1 = FOG OR MIST
DPTR FM NORMAL: 1.7 DPTR FM NORMAL: -0.40 2 = FOG REDUCING VISIBILITY
HIGHEST: 59 ON 11 GRTST 24HR 0.24 ON 2- 3 TO 1/4 MILE OR LESS
LOWEST: 9 ON 29 3 = THUNDER
SNOW, ICE PELLETS, HAIL 4 = ICE PELLETS
TOTAL MONTH: 0.1 INCH 5 = HAIL
GRTST 24HR 0.1 ON 30-30 6 = FREEZING RAIN OR DRIZZLE
GRTST DEPTH: 0 7 = DUSTSTORM OR SANDSTORM:
VSBY 1/2 MILE OR LESS
8 = SMOKE OR HAZE
[NO. OF DAYS WITH] [WEATHER - DAYS WITH] 9 = BLOWING SNOW
X = TORNADO
MAX 32 OR BELOW: 2 0.01 INCH OR MORE: 9
MAX 90 OR ABOVE: 0 0.10 INCH OR MORE: 4
MIN 32 OR BELOW: 27 0.50 INCH OR MORE: 0
MIN 0 OR BELOW: 0 1.00 INCH OR MORE: 0
[HDD (BASE 65) ]
TOTAL THIS MO. 922 CLEAR (SCALE 0-3) 11
DPTR FM NORMAL -60 PTCLDY (SCALE 4-7) 13
TOTAL FM JUL 1 1615 CLOUDY (SCALE 8-10) 6
DPTR FM NORMAL -343
[CDD (BASE 65) ]
TOTAL THIS MO. 0
DPTR FM NORMAL 0 [PRESSURE DATA]
TOTAL FM JAN 1 536 HIGHEST SLP 30.71 ON 21
DPTR FM NORMAL 229 LOWEST SLP 29.65 ON 6
[REMARKS]
#FINAL-11-23#