000
CXUS51 KBTV 010700
CF6MSS
PRELIMINARY LOCAL CLIMATOLOGICAL DATA (WS FORM: F-6)
STATION: MASSENA NY
MONTH: MAY
YEAR: 2022
LATITUDE: 44 55 N
LONGITUDE: 74 51 W
TEMPERATURE IN F: :PCPN: SNOW: WIND :SUNSHINE: SKY :PK WND
================================================================================
1 2 3 4 5 6A 6B 7 8 9 10 11 12 13 14 15 16 17 18
12Z AVG MX 2MIN
DY MAX MIN AVG DEP HDD CDD WTR SNW DPTH SPD SPD DIR MIN PSBL S-S WX SPD DR
================================================================================
1 69 30 50 0 15 0 0.00 M M 7.3 17 40 M M 0 23 30
2 57 46 52 1 13 0 0.06 M M 7.6 14 60 M M 7 1 18 60
3 64 46 55 4 10 0 0.09 M M 6.1 14 220 M M 8 18 18 250
4 59 47 53 1 12 0 0.40 M M 6.2 12 30 M M 8 1 15 50
5 62 34 48 -4 17 0 0.00 M M 6.1 14 320 M M 0 18 280
6 61 38 50 -3 15 0 0.00 M M 6.1 14 70 M M 1 17 60
7 57 36 47 -6 18 0 0.00 M M 13.7 25 40 M M 0 34 60
8 65 33 49 -4 16 0 0.00 M M 8.4 21 30 M M 0 26 40
9 73 32 53 -1 12 0 0.00 M M 8.1 22 40 M M 0 26 60
10 77 37 57 3 8 0 0.00 M M 5.0 17 30 M M 0 24 30
11 83 40 62 8 3 0 0.00 M M 2.1 12 290 M M 0 8 15 290
12 87 45 66 11 0 1 0.00 M M 1.4 12 310 M M 0 8 14 300
13 84 51 68 13 0 3 0.00 M M 6.7 21 210 M M 0 27 210
14 86 54 70 14 0 5 0.36 M M 5.3 25 110 M M 2 13 33 130
15 77 58 68 12 0 3 1.50 M M 4.3 14 250 M M 5 123 19 140
16 72 53 63 7 2 0 0.76 M M 6.2 17 250 M M 7 123 28 250
17 58 47 53 -3 12 0 0.13 M M 12.6 21 270 M M 8 1 27 270
18 62 40 51 -6 14 0 0.00 M M 6.9 16 260 M M 0 21 270
19 55 40 48 -9 17 0 0.27 M M 4.1 10 50 M M 8 12 13 50
20 84 40 62 5 3 0 0.00 M M 7.1 23 220 M M 2 12 30 220
21 86 64 75 17 0 10 T M M 12.0 30 220 M M 2 42 230
22 76 51 64 6 1 0 0.12 M M 9.1 25 300 M M 7 1 35 280
23 62 43 53 -5 12 0 0.00 M M 4.3 10 50 M M 1 1 17 30
24 66 38 52 -6 13 0 0.00 M M 4.0 17 30 M M 0 12 21 50
25 72 39 56 -3 9 0 T M M 3.7 13 50 M M 0 1 18 30
26 78 57 68 9 0 3 0.02 M M 9.2 23 210 M M 8 1 30 190
27 70 64 67 8 0 2 0.46 M M 9.4 15 210 M M 9 1 25 210
28 71 53 62 2 3 0 0.32 M M 6.1 12 220 M M 5 1 17 310
29 77 49 63 3 2 0 0.00 M M 6.9 17 220 M M 0 22 250
30 83 51 67 7 0 2 T M M 8.0 23 230 M M 1 12 31 220
31 71 59 65 4 0 0 T M M 12.8 21 60 M M 2 26 50
================================================================================
SM 2204 1415 227 29 4.49 M 216.8 M 91
================================================================================
AV 71.1 45.6 7.0 FASTST M M 3 MAX(MPH)
MISC ----> 30 220 42 230
================================================================================
NOTES:
# LAST OF SEVERAL OCCURRENCES
COLUMN 17 PEAK WIND IN M.P.H.
PRELIMINARY LOCAL CLIMATOLOGICAL DATA (WS FORM: F-6) , PAGE 2
STATION: MASSENA NY
MONTH: MAY
YEAR: 2022
LATITUDE: 44 55 N
LONGITUDE: 74 51 W
[TEMPERATURE DATA] [PRECIPITATION DATA] SYMBOLS USED IN COLUMN 16
AVERAGE MONTHLY: 58.4 TOTAL FOR MONTH: 4.49 1 = FOG OR MIST
DPTR FM NORMAL: 2.5 DPTR FM NORMAL: 1.35 2 = FOG REDUCING VISIBILITY
HIGHEST: 87 ON 12 GRTST 24HR 1.78 ON 14-15 TO 1/4 MILE OR LESS
LOWEST: 30 ON 1 3 = THUNDER
SNOW, ICE PELLETS, HAIL 4 = ICE PELLETS
TOTAL MONTH: M 5 = HAIL
GRTST 24HR M ON M 6 = FREEZING RAIN OR DRIZZLE
GRTST DEPTH: M ON M 7 = DUSTSTORM OR SANDSTORM:
VSBY 1/2 MILE OR LESS
8 = SMOKE OR HAZE
[NO. OF DAYS WITH] [WEATHER - DAYS WITH] 9 = BLOWING SNOW
X = TORNADO
MAX 32 OR BELOW: 0 0.01 INCH OR MORE: 12
MAX 90 OR ABOVE: 0 0.10 INCH OR MORE: 9
MIN 32 OR BELOW: 2 0.50 INCH OR MORE: 2
MIN 0 OR BELOW: 0 1.00 INCH OR MORE: 1
[HDD (BASE 65) ]
TOTAL THIS MO. 227 CLEAR (SCALE 0-3) 20
DPTR FM NORMAL -73 PTCLDY (SCALE 4-7) 7
TOTAL FM JUL 1 7714 CLOUDY (SCALE 8-10) 4
DPTR FM NORMAL -191
[CDD (BASE 65) ]
TOTAL THIS MO. 29
DPTR FM NORMAL 12 [PRESSURE DATA]
TOTAL FM JAN 1 29 HIGHEST SLP M ON M
DPTR FM NORMAL 11 LOWEST SLP 29.55 ON 17
[REMARKS]
#FINAL-05-22#