000
CXUS54 KLIX 010810
CF6MSY
PRELIMINARY LOCAL CLIMATOLOGICAL DATA (WS FORM: F-6)
STATION: NEW ORLEANS
MONTH: OCTOBER
YEAR: 2022
LATITUDE: 29 58 N
LONGITUDE: 90 15 W
TEMPERATURE IN F: :PCPN: SNOW: WIND :SUNSHINE: SKY :PK WND
================================================================================
1 2 3 4 5 6A 6B 7 8 9 10 11 12 13 14 15 16 17 18
12Z AVG MX 2MIN
DY MAX MIN AVG DEP HDD CDD WTR SNW DPTH SPD SPD DIR MIN PSBL S-S WX SPD DR
================================================================================
1 82 59 71 -7 0 6 0.00 0.0 M 4.5 10 280 M M 0 14 340
2 83 56 70 -7 0 5 0.00 0.0 M 4.8 10 10 M M 2 16 20
3 83 68 76 -1 0 11 0.00 0.0 M M 12 40 M M M 15 30
4 83 68 76 -1 0 11 0.00 0.0 M 7.1 14 130 M M 7 18 70
5 84 65 75 -1 0 10 0.00 0.0 M 3.7 10 30 M M 4 18 14 10
6 85 65 75 -1 0 10 0.00 0.0 M 4.7 10 350 M M 3 15 350
7 88 62 75 -1 0 10 0.00 0.0 M 3.0 9 10 M M 4 1 13 250
8 85 70 78 3 0 13 0.00 0.0 M 9.5 16 50 M M 4 20 50
9 80 61 71 -4 0 6 0.00 0.0 M 6.3 15 50 M M 3 20 70
10 81 59 70 -5 0 5 0.00 0.0 M 6.2 17 80 M M 1 23 70
11 84 64 74 0 0 9 0.00 0.0 M 6.9 13 140 M M 4 16 130
12 88 72 80 6 0 15 0.18 0.0 M 6.5 16 140 M M 6 13 21 170
13 85 70 78 4 0 13 0.00 0.0 M 4.4 13 10 M M 5 1 16 340
14 85 68 77 4 0 12 0.00 0.0 M 6.8 12 160 M M 0 20 110
15 86 61 74 1 0 9 0.00 0.0 M 4.7 13 40 M M 1 16 30
16 M M M M M M M M M M M M M M M M M
17 80 65 73 1 0 8 T 0.0 M 7.0 17 20 M M 8 1 26 10
18 66 51 59 -13 6 0 0.00 0.0 M 13.2 20 360 M M 4 28 20
19 62 43 53 -19 12 0 0.00 0.0 M 8.2 18 30 M M 1 28 20
20 70 40 55 -16 10 0 0.00 0.0 M 3.7 13 190 M M 0 18 180
21 79 51 65 -6 0 0 0.00 0.0 M 7.1 17 170 M M 1 24 140
22 79 56 68 -2 0 3 0.00 0.0 M 7.2 16 170 M M 3 24 170
23 82 63 73 3 0 8 0.00 0.0 M 10.0 20 120 M M 2 24 120
24 85 63 74 4 0 9 0.21 0.0 M 10.1 23 140 M M 6 1 31 150
25 80 63 72 3 0 7 0.21 0.0 M 10.5 23 270 M M 5 1 33 190
26 72 56 64 -5 1 0 0.00 0.0 M 7.3 17 30 M M 1 27 10
27 73 56 65 -3 0 0 0.00 0.0 M 5.2 13 50 M M 1 16 60
28 71 54 63 -5 2 0 0.00 0.0 M 7.0 16 80 M M 6 1 22 90
29 81 61 71 3 0 6 0.25 0.0 M 11.5 23 150 M M 6 1 34 150
30 74 55 65 -2 0 0 0.00 0.0 M 3.8 12 240 M M 4 1 15 200
31 77 56 67 0 0 2 0.00 0.0 M 1.7 8 330 M M 6 1 12 340
================================================================================
SM 2393 1801 31 188 0.85 0.0 192.6 M 98
================================================================================
AV 79.8 60.0 6.6 FASTST M M 3 MAX(MPH)
MISC ----> # 23 140 34 150
================================================================================
NOTES:
# LAST OF SEVERAL OCCURRENCES
COLUMN 17 PEAK WIND IN M.P.H.
PRELIMINARY LOCAL CLIMATOLOGICAL DATA (WS FORM: F-6) , PAGE 2
STATION: NEW ORLEANS
MONTH: OCTOBER
YEAR: 2022
LATITUDE: 29 58 N
LONGITUDE: 90 15 W
[TEMPERATURE DATA] [PRECIPITATION DATA] SYMBOLS USED IN COLUMN 16
AVERAGE MONTHLY: 69.9 TOTAL FOR MONTH: 0.85 1 = FOG OR MIST
DPTR FM NORMAL: -2.6 DPTR FM NORMAL: -2.85 2 = FOG REDUCING VISIBILITY
HIGHEST: 88 ON 12, 7 GRTST 24HR 0.42 ON 24-25 TO 1/4 MILE OR LESS
LOWEST: 40 ON 20 3 = THUNDER
SNOW, ICE PELLETS, HAIL 4 = ICE PELLETS
TOTAL MONTH: 0.0 INCH 5 = HAIL
GRTST 24HR 0.0 6 = FREEZING RAIN OR DRIZZLE
GRTST DEPTH: M ON M 7 = DUSTSTORM OR SANDSTORM:
VSBY 1/2 MILE OR LESS
8 = SMOKE OR HAZE
[NO. OF DAYS WITH] [WEATHER - DAYS WITH] 9 = BLOWING SNOW
X = TORNADO
MAX 32 OR BELOW: 0 0.01 INCH OR MORE: 4
MAX 90 OR ABOVE: 0 0.10 INCH OR MORE: 4
MIN 32 OR BELOW: 0 0.50 INCH OR MORE: 0
MIN 0 OR BELOW: 0 1.00 INCH OR MORE: 0
[HDD (BASE 65) ]
TOTAL THIS MO. 31 CLEAR (SCALE 0-3) 12
DPTR FM NORMAL 10 PTCLDY (SCALE 4-7) 17
TOTAL FM JUL 1 31 CLOUDY (SCALE 8-10) 1
DPTR FM NORMAL 14
[CDD (BASE 65) ]
TOTAL THIS MO. 188
DPTR FM NORMAL -64 [PRESSURE DATA]
TOTAL FM JAN 1 3236 HIGHEST SLP M ON M
DPTR FM NORMAL 127 LOWEST SLP 29.83 ON 25
[REMARKS]
#FINAL-10-22#