000
CXUS52 KKEY 011938 CCA
CF6MTH
PRELIMINARY LOCAL CLIMATOLOGICAL DATA (WS FORM: F-6)...CORRECTED
STATION: MARATHON
MONTH: APRIL
YEAR: 2021
LATITUDE: 24 43 N
LONGITUDE: 81 5 W
TEMPERATURE IN F: :PCPN: SNOW: WIND :SUNSHINE: SKY :PK WND
================================================================================
1 2 3 4 5 6A 6B 7 8 9 10 11 12 13 14 15 16 17 18
12Z AVG MX 2MIN
DY MAX MIN AVG DEP HDD CDD WTR SNW DPTH SPD SPD DIR MIN PSBL S-S WX SPD DR
================================================================================
1 83 71 77 1 0 12 T 0.0 0 7.7 21 30 M M 3 32 40
2 79 64 72 -4 0 7 0.00 0.0 0 18.9 25 40 M M 4 39 30
3 77 63 70 -6 0 5 0.00 0.0 0 17.4 24 50 M M 5 33 50
4 78 67 73 -3 0 8 T 0.0 0 15.7 22 50 M M 3 29 50
5 80 68 74 -2 0 9 0.00 0.0 0 12.3 18 50 M M 1 25 60
6 82 70 76 0 0 11 0.00 0.0 0 9.2 15 80 M M 3 20 70
7 82 69 76 -1 0 11 0.00 0.0 0 8.2 15 80 M M 1 23 70
8 84 71 78 1 0 13 0.00 0.0 0 8.0 14 130 M M 0 23 140
9 84 73 79 2 0 14 0.00 0.0 0 9.3 15 130 M M 1 25 120
10 85 75 80 3 0 15 0.00 0.0 0 9.8 15 160 M M 3 24 160
11 87 69 78 1 0 13 0.21 0.0 0 9.9 32 30 M M 5 13 47 30
12 86 72 79 2 0 14 0.16 0.0 0 11.0 26 170 M M 4 13 47 180
13 86 74 80 3 0 15 0.00 0.0 0 9.3 17 60 M M 1 23 80
14 85 70 78 1 0 13 0.00 0.0 0 8.5 16 120 M M 1 25 110
15 84 74 79 2 0 14 0.00 0.0 0 6.4 13 160 M M 1 20 170
16 86 72 79 2 0 14 0.00 0.0 0 4.8 10 170 M M 0 17 160
17 87 77 82 4 0 17 0.00 0.0 0 6.8 14 210 M M 2 24 190
18 87 78 83 5 0 18 0.00 0.0 0 6.7 12 160 M M 2 17 140
19 89 77 83 5 0 18 0.05 0.0 0 8.4 15 170 M M 2 38 26 190
20 82 73 78 0 0 13 0.12 0.0 0 6.5 17 310 M M 2 138 26 320
21 86 77 82 4 0 17 0.01 0.0 0 6.5 16 320 M M 3 138 23 310
22 85 74 80 2 0 15 0.00 0.0 0 8.0 14 30 M M 3 18 30
23 86 77 82 4 0 17 T 0.0 0 12.1 18 70 M M 4 29 60
24 86 78 82 4 0 17 0.00 0.0 0 10.1 17 150 M M 1 27 140
25 89 78 84 6 0 19 0.00 0.0 0 8.1 15 290 M M 1 22 310
26 87 78 83 5 0 18 0.00 0.0 0 7.5 16 70 M M 3 23 60
27 87 78 83 4 0 18 0.00 0.0 0 12.8 18 70 M M 6 25 70
28 87 77 82 3 0 17 0.00 0.0 0 11.7 18 80 M M 3 28 80
29 89 76 83 4 0 18 0.00 0.0 0 9.5 15 130 M M 1 24 130
30 88 75 82 3 0 17 0.00 0.0 0 5.5 13 130 M M 0 20 120
================================================================================
SM 2543 2195 0 427 0.55 0.0 286.6 M 69
================================================================================
AV 84.8 73.2 9.6 FASTST M M 2 MAX(MPH)
MISC ----> 32 30 # 47 30
================================================================================
NOTES:
# LAST OF SEVERAL OCCURRENCES
COLUMN 17 PEAK WIND IN M.P.H.
PRELIMINARY LOCAL CLIMATOLOGICAL DATA (WS FORM: F-6) , PAGE 2
STATION: MARATHON
MONTH: APRIL
YEAR: 2021
LATITUDE: 24 43 N
LONGITUDE: 81 5 W
[TEMPERATURE DATA] [PRECIPITATION DATA] SYMBOLS USED IN COLUMN 16
AVERAGE MONTHLY: 79.0 TOTAL FOR MONTH: 0.55 1 = FOG OR MIST
DPTR FM NORMAL: 1.7 DPTR FM NORMAL: -1.83 2 = FOG REDUCING VISIBILITY
HIGHEST: 89 ON 29,25 GRTST 24HR 0.29 ON 11-12 TO 1/4 MILE OR LESS
LOWEST: 63 ON 3 3 = THUNDER
SNOW, ICE PELLETS, HAIL 4 = ICE PELLETS
TOTAL MONTH: 0.0 INCH 5 = HAIL
GRTST 24HR 0.0 6 = FREEZING RAIN OR DRIZZLE
GRTST DEPTH: 0 7 = DUSTSTORM OR SANDSTORM:
VSBY 1/2 MILE OR LESS
8 = SMOKE OR HAZE
[NO. OF DAYS WITH] [WEATHER - DAYS WITH] 9 = BLOWING SNOW
X = TORNADO
MAX 32 OR BELOW: 0 0.01 INCH OR MORE: 5
MAX 90 OR ABOVE: 0 0.10 INCH OR MORE: 3
MIN 32 OR BELOW: 0 0.50 INCH OR MORE: 0
MIN 0 OR BELOW: 0 1.00 INCH OR MORE: 0
[HDD (BASE 65) ]
TOTAL THIS MO. 0 CLEAR (SCALE 0-3) 24
DPTR FM NORMAL 0 PTCLDY (SCALE 4-7) 6
TOTAL FM JUL 1 36 CLOUDY (SCALE 8-10) 0
DPTR FM NORMAL -45
[CDD (BASE 65) ]
TOTAL THIS MO. 427
DPTR FM NORMAL 56 [PRESSURE DATA]
TOTAL FM JAN 1 1183 HIGHEST SLP M ON M
DPTR FM NORMAL 147 LOWEST SLP 29.71 ON 11
[REMARKS]
#FINAL-04-21#
CORRECTED DEPARTURE FROM NORMAL (COLUMN 5) FOR APRIL 27TH.
CORRECTED ALIGNMENT OF SNOW 24HR AND DEPTH GROUPS.
ROSS