000
CXUS52 KKEY 020030 CCA
CF6MTH
PRELIMINARY LOCAL CLIMATOLOGICAL DATA (WS FORM: F-6)...CORRECTED
STATION: MARATHON
MONTH: NOVEMBER
YEAR: 2020
LATITUDE: 24 43 N
LONGITUDE: 81 5 W
TEMPERATURE IN F: :PCPN: SNOW: WIND :SUNSHINE: SKY :PK WND
================================================================================
1 2 3 4 5 6A 6B 7 8 9 10 11 12 13 14 15 16 17 18
12Z AVG MX 2MIN
DY MAX MIN AVG DEP HDD CDD WTR SNW DPTH SPD SPD DIR MIN PSBL S-S WX SPD DR
================================================================================
1 88 80 84 6 0 19 0.00 0.0 0 7.9 13 90 M M 2 21 80
2 83 76 80 2 0 15 0.05 0.0 0 17.9 31 50 M M 6 1 42 60
3 80 74 77 0 0 12 0.00 0.0 0 23.4 30 50 M M 7 39 50
4 81 74 78 1 0 13 0.00 0.0 0 19.1 26 60 M M 7 35 60
5 84 76 80 3 0 15 0.12 0.0 0 14.6 23 70 M M 4 18 30 60
6 83 74 79 2 0 14 0.19 0.0 0 13.1 22 100 M M 2 1 36 70
7 80 72 76 -1 0 11 0.94 0.0 0 15.3 26 90 M M 6 1 41 80
8 79 75 77 0 0 12 0.51 0.0 0 17.4 32 50 M M 7 1 42 50
9 83 74 79 2 0 14 2.00 0.0 0 15.9 32 130 M M 7 18 46 130
10 84 79 82 6 0 17 0.00 0.0 0 14.5 23 130 M M 4 33 130
11 83 74 79 3 0 14 0.69 0.0 0 13.6 26 190 M M 6 13 41 190
12 86 76 81 5 0 16 0.63 0.0 0 5.7 14 150 M M 6 1 21 150
13 85 76 81 5 0 16 0.34 0.0 0 6.4 12 50 M M 7 1 16 110
14 86 76 81 5 0 16 T 0.0 0 8.3 13 90 M M 1 1 18 80
15 86 78 82 6 0 17 T 0.0 0 7.6 13 110 M M 3 17 130
16 86 76 81 5 0 16 T 0.0 0 10.3 17 50 M M 2 22 60
17 83 76 80 4 0 15 0.00 0.0 0 15.1 25 50 M M 3 34 40
18 80 73 77 2 0 12 T 0.0 0 20.7 30 50 M M 7 37 60
19 81 72 77 2 0 12 T 0.0 0 19.7 28 50 M M 5 37 50
20 81 72 77 2 0 12 0.01 0.0 0 13.8 22 60 M M 2 27 50
21 81 72 77 2 0 12 0.02 0.0 0 13.1 18 50 M M 2 23 40
22 82 72 77 2 0 12 0.47 0.0 0 9.7 16 50 M M 3 21 50
23 81 72 77 2 0 12 0.00 0.0 0 10.3 17 30 M M 2 23 20
24 81 71 76 1 0 11 0.07 0.0 0 13.7 22 60 M M 2 1 27 60
25 81 73 77 2 0 12 0.04 0.0 0 10.9 17 90 M M 4 1 24 100
26 83 74 79 5 0 14 0.00 0.0 0 10.0 15 120 M M 2 25 110
27 81 72 77 3 0 12 T 0.0 0 8.0 13 40 M M 4 16 60
28 80 69 75 1 0 10 0.00 0.0 0 4.7 10 20 M M 2 13 40
29 82 71 77 3 0 12 T 0.0 0 5.2 10 140 M M 4 14 160
30 82 68 75 1 0 10 0.25 0.0 0 9.9 18 260 M M 2 18 27 260
================================================================================
SM 2476 2217 0 405 6.33 0.0 375.8 M 121
================================================================================
AV 82.5 73.9 12.5 FASTST M M 4 MAX(MPH)
MISC ----> # 32 130 # 46 130
================================================================================
NOTES:
# LAST OF SEVERAL OCCURRENCES
COLUMN 17 PEAK WIND IN M.P.H.
PRELIMINARY LOCAL CLIMATOLOGICAL DATA (WS FORM: F-6) , PAGE 2
STATION: MARATHON
MONTH: NOVEMBER
YEAR: 2020
LATITUDE: 24 43 N
LONGITUDE: 81 5 W
[TEMPERATURE DATA] [PRECIPITATION DATA] SYMBOLS USED IN COLUMN 16
AVERAGE MONTHLY: 78.2 TOTAL FOR MONTH: 6.33 1 = FOG OR MIST
DPTR FM NORMAL: 2.4 DPTR FM NORMAL: 3.51 2 = FOG REDUCING VISIBILITY
HIGHEST: 88 ON 1 GRTST 24HR 2.00 ON 9- 9 TO 1/4 MILE OR LESS
LOWEST: 68 ON 30 3 = THUNDER
SNOW, ICE PELLETS, HAIL 4 = ICE PELLETS
TOTAL MONTH: 0.0 INCH 5 = HAIL
GRTST 24HR 0.0 6 = FREEZING RAIN OR DRIZZLE
GRTST DEPTH: 0 7 = DUSTSTORM OR SANDSTORM:
VSBY 1/2 MILE OR LESS
8 = SMOKE OR HAZE
[NO. OF DAYS WITH] [WEATHER - DAYS WITH] 9 = BLOWING SNOW
X = TORNADO
MAX 32 OR BELOW: 0 0.01 INCH OR MORE: 15
MAX 90 OR ABOVE: 0 0.10 INCH OR MORE: 10
MIN 32 OR BELOW: 0 0.50 INCH OR MORE: 5
MIN 0 OR BELOW: 0 1.00 INCH OR MORE: 1
[HDD (BASE 65) ]
TOTAL THIS MO. 0 CLEAR (SCALE 0-3) 14
DPTR FM NORMAL -1 PTCLDY (SCALE 4-7) 16
TOTAL FM JUL 1 0 CLOUDY (SCALE 8-10) 0
DPTR FM NORMAL -1
[CDD (BASE 65) ]
TOTAL THIS MO. 405
DPTR FM NORMAL 80 [PRESSURE DATA]
TOTAL FM JAN 1 5452 HIGHEST SLP 30.23 ON 19
DPTR FM NORMAL 688 LOWEST SLP 29.33 ON 8
[REMARKS]
#FINAL-11-20#
CORRECTED DEPARTURE FROM NORMAL (COLUMN 5) FOR NOVEMBER 9TH.
CORRECTED FASTEST WIND SPEED DIRECTION.
CORRECTED CLOUD COVER DAYS TABLE.
ROSS