000
CXUS52 KKEY 021443 CCA
CF6MTH
PRELIMINARY LOCAL CLIMATOLOGICAL DATA (WS FORM: F-6)...CORRECTED
STATION: MARATHON
MONTH: AUGUST
YEAR: 2023
LATITUDE: 24 43 N
LONGITUDE: 81 5 W
TEMPERATURE IN F: :PCPN: SNOW: WIND :SUNSHINE: SKY :PK WND
================================================================================
1 2 3 4 5 6A 6B 7 8 9 10 11 12 13 14 15 16 17 18
12Z AVG MX 2MIN
DY MAX MIN AVG DEP HDD CDD WTR SNW DPTH SPD SPD DIR MIN PSBL S-S WX SPD DR
================================================================================
1 96 85 91 5 0 26 0.00 0.0 0 3.5 9 200 M M 4 38 14 180
2 95 83 89 3 0 24 0.03 0.0 0 2.9 10 280 M M 1 38 16 260
3 92 80 86 0 0 21 0.25 0.0 0 3.3 17 60 M M 3 138 22 50
4 93 75 84 -2 0 19 1.27 0.0 0 3.8 23 270 M M 2 1238 35 270
5 95 82 89 3 0 24 0.06 0.0 0 3.5 8 200 M M 2 12 170
6 95 84 90 4 0 25 0.00 0.0 0 3.3 9 140 M M 0 15 130
7 95 86 91 5 0 26 T 0.0 0 5.7 12 160 M M 1 8 20 140
8 95 87 91 5 0 26 0.00 0.0 0 5.3 10 130 M M 0 8 17 140
9 97 87 92 6 0 27 0.00 0.0 0 5.4 12 160 M M 2 8 18 160
10 97 87 92 6 0 27 0.00 0.0 0 5.2 16 50 M M 1 8 21 50
11 95 86 91 5 0 26 0.13 0.0 0 5.2 10 30 M M 2 8 17 40
12 94 78 86 0 0 21 1.26 0.0 0 5.1 18 160 M M 4 123 32 160
13 94 84 89 3 0 24 0.00 0.0 0 7.7 12 170 M M 2 23 200
14 95 86 91 5 0 26 0.00 0.0 0 7.1 12 80 M M 1 17 130
15 92 80 86 0 0 21 0.10 0.0 0 6.6 20 30 M M 4 13 31 160
16 92 81 87 1 0 22 0.00 0.0 0 4.3 13 190 M M 3 25 190
17 95 83 89 3 0 24 T 0.0 0 3.3 14 40 M M 1 19 50
18 94 85 90 4 0 25 0.08 0.0 0 7.2 16 60 M M 1 3 21 50
19 94 79 87 1 0 22 0.36 0.0 0 9.0 18 130 M M 3 138 27 130
20 86 74 80 -6 0 15 2.96 0.0 0 9.3 24 50 M M 4 1238 34 60
21 93 83 88 2 0 23 T 0.0 0 11.8 20 70 M M 2 29 70
22 92 81 87 1 0 22 0.13 0.0 0 14.1 22 60 M M 2 138 30 40
23 94 83 89 3 0 24 T 0.0 0 9.7 16 50 M M 0 22 110
24 90 84 87 1 0 22 T 0.0 0 7.9 13 60 M M 1 18 40
25 94 83 89 4 0 24 0.00 0.0 0 8.0 14 30 M M 3 19 100
26 92 83 88 3 0 23 0.00 0.0 0 6.6 12 40 M M 2 15 40
27 94 82 88 3 0 23 T 0.0 0 5.0 10 200 M M 2 18 180
28 94 83 89 4 0 24 T 0.0 0 9.1 14 140 M M 1 24 130
29 92 78 85 0 0 20 0.52 0.0 0 13.6 24 200 M M 2 123 45 170
30 94 83 89 4 0 24 0.14 0.0 0 11.5 18 200 M M 2 138 37 190
31 95 85 90 5 0 25 0.00 0.0 0 5.9 12 240 M M 1 22 220
================================================================================
SM 2905 2560 0 725 7.29 0.0 209.9 M 59
================================================================================
AV 93.7 82.6 6.8 FASTST M M 2 MAX(MPH)
MISC ----> # 24 50 45 170
================================================================================
NOTES:
# LAST OF SEVERAL OCCURRENCES
COLUMN 17 PEAK WIND IN M.P.H.
PRELIMINARY LOCAL CLIMATOLOGICAL DATA (WS FORM: F-6) , PAGE 2
STATION: MARATHON
MONTH: AUGUST
YEAR: 2023
LATITUDE: 24 43 N
LONGITUDE: 81 5 W
[TEMPERATURE DATA] [PRECIPITATION DATA] SYMBOLS USED IN COLUMN 16
AVERAGE MONTHLY: 88.1 TOTAL FOR MONTH: 7.29 1 = FOG OR MIST
DPTR FM NORMAL: 2.5 DPTR FM NORMAL: 1.97 2 = FOG REDUCING VISIBILITY
HIGHEST: 97 ON 10, 9 GRTST 24HR 3.23 ON 19-20 TO 1/4 MILE OR LESS
LOWEST: 74 ON 20 3 = THUNDER
SNOW, ICE PELLETS, HAIL 4 = ICE PELLETS
TOTAL MONTH: 0.0 INCH 5 = HAIL
GRTST 24HR 0.0 6 = FREEZING RAIN OR DRIZZLE
GRTST DEPTH: 0 7 = DUSTSTORM OR SANDSTORM:
VSBY 1/2 MILE OR LESS
8 = SMOKE OR HAZE
[NO. OF DAYS WITH] [WEATHER - DAYS WITH] 9 = BLOWING SNOW
X = TORNADO
MAX 32 OR BELOW: 0 0.01 INCH OR MORE: 13
MAX 90 OR ABOVE: 30 0.10 INCH OR MORE: 10
MIN 32 OR BELOW: 0 0.50 INCH OR MORE: 4
MIN 0 OR BELOW: 0 1.00 INCH OR MORE: 3
[HDD (BASE 65) ]
TOTAL THIS MO. 0 CLEAR (SCALE 0-3) 27
DPTR FM NORMAL 0 PTCLDY (SCALE 4-7) 4
TOTAL FM JUL 1 0 CLOUDY (SCALE 8-10) 0
DPTR FM NORMAL 0
[CDD (BASE 65) ]
TOTAL THIS MO. 725
DPTR FM NORMAL 85 [PRESSURE DATA]
TOTAL FM JAN 1 4309 HIGHEST SLP M ON M
DPTR FM NORMAL 839 LOWEST SLP 29.71 ON 27
[REMARKS]
#FINAL-08-23#
CORRECTED ALIGNMENT OF SNOW, ICE PELLETS, HAIL TABLE.
NB