000
CXUS53 KILX 011725
CLSMTO
CLIMATE REPORT
NATIONAL WEATHER SERVICE LINCOLN IL
1125 AM CST TUE MAR 01 2022
...................................
...THE MATTOON IL AIRPORT CLIMATE SUMMARY FOR THE WINTER SEASON, FROM
12/1/2021 TO 2/28/2022...
CLIMATE NORMAL PERIOD 1991 TO 2020
CLIMATE RECORD PERIOD 9999 TO 9999
WEATHER OBSERVED NORMAL DEPART LAST YEAR`S
VALUE DATE(S) VALUE FROM VALUE
NORMAL
..............................................................
TEMPERATURE (F)
RECORD
HIGH MM MM
LOW -7 02/17/2021
HIGHEST 66 12/10 MM MM 61
LOWEST -3 01/29 MM MM -7
AVG. MAXIMUM 41.5 38.6 2.9 36.7
AVG. MINIMUM 23.4 23.3 0.1 22.3
MEAN 32.4 31.0 1.4 29.5
DAYS MAX >= 90 0 0.0 0.0 0
DAYS MAX <= 32 24 26.9 -2.9 26
DAYS MIN <= 32 67 71.0 -4.0 78
DAYS MIN <= 0 3 3.8 -0.8 5
PRECIPITATION (INCHES)
RECORD
MAXIMUM 5.14 2021
MINIMUM 5.14 2021
TOTALS 8.21 5.69 2.52 5.14
DAILY AVG. 0.10 0.06
DAYS >= .01 23 23.0 0.0 MM
DAYS >= .10 17 11.5 5.5 MM
DAYS >= .50 4 3.5 0.5 MM
DAYS >= 1.00 2 1.0 1.0 MM
GREATEST
24 HR. TOTAL 1.78 02/16 TO 02/17 1.38
DEGREE DAYS
HEATING TOTAL 2901 3067 -166 3151
SINCE 7/1 3811 4109 -298 MM
COOLING TOTAL 0 0 0 0
SINCE 1/1 0 0 0 MM
FREEZE DATES
RECORD
EARLIEST MM
LATEST MM
EARLIEST 11/02
LATEST 04/21
..............................................................
WIND (MPH)
AVERAGE WIND SPEED 10.8
HIGHEST WIND SPEED/DIRECTION 38/020 DATE 02/17
HIGHEST GUST SPEED/DIRECTION 59/240 DATE 12/10
SKY COVER
POSSIBLE SUNSHINE (PERCENT) MM
AVERAGE SKY COVER 0.42
NUMBER OF DAYS FAIR 46
NUMBER OF DAYS PC 21
NUMBER OF DAYS CLOUDY 22
AVERAGE RH (PERCENT) 71
WEATHER CONDITIONS. NUMBER OF DAYS WITH
THUNDERSTORM 6 MIXED PRECIP 0
HEAVY RAIN 8 RAIN 15
LIGHT RAIN 27 FREEZING RAIN 3
LT FREEZING RAIN 4 HAIL 0
HEAVY SNOW 0 SNOW 4
LIGHT SNOW 14 SLEET 0
FOG 44 FOG W/VIS <= 1/4 MILE 5
HAZE 16
- INDICATES NEGATIVE NUMBERS.
R INDICATES RECORD WAS SET OR TIED.
MM INDICATES DATA IS MISSING.
T INDICATES TRACE AMOUNT.
$$