000
CXUS53 KGRB 200731
CF6MTW
PRELIMINARY LOCAL CLIMATOLOGICAL DATA (WS FORM: F-6)
STATION: MANITOWOC AWOS
MONTH: FEBRUARY
YEAR: 2020
LATITUDE: 44 7 N
LONGITUDE: 87 40 W
TEMPERATURE IN F: :PCPN: SNOW: WIND :SUNSHINE: SKY :PK WND
================================================================================
1 2 3 4 5 6A 6B 7 8 9 10 11 12 13 14 15 16 17 18
12Z AVG MX 2MIN
DY MAX MIN AVG DEP HDD CDD WTR SNW DPTH SPD SPD DIR MIN PSBL S-S WX SPD DR
================================================================================
1 36 32 34 14 31 0 T M 0 11.2 17 270 M M 9 1 21 270
2 47 32 40 20 25 0 0.00 0.0 0 10.7 16 290 M M 1 22 280
3 40 26 33 13 32 0 0.00 0.0 0 3.1 13 20 M M 3 18 20
4 33 18 26 6 39 0 0.00 0.0 0 9.0 14 350 M M 5 18 350
5 26 12 19 -1 46 0 0.00 0.0 0 3.6 8 340 M M 1 M M
6 31 17 24 3 41 0 0.00 0.0 0 4.4 8 330 M M 6 M M
7 30 21 26 5 39 0 T M 0 5.6 9 330 M M 9 1 M M
8 32 14 23 2 42 0 T M 0 5.1 10 360 M M 9 M M
9 33 16 25 M 40 0 0.35 M 0 8.6 20 160 M M 8 12 25 160
10 34 11 23 M 42 0 T M 0 5.4 14 330 M M 1 M M
11 28 13 21 M 44 0 T M 0 9.3 15 270 M M 6 1 21 270
12 37 16 27 M 38 0 0.01 M 0 10.7 21 220 M M 3 1 27 220
13 19 -1 9 M 56 0 T M 0 13.0 22 340 M M 6 1 27 340
14 14 -11 2 M 63 0 0.00 0.0 0 9.9 15 200 M M 0 M M
15 32 6 19 M 46 0 T M 0 13.5 20 230 M M 6 28 220
16 32 15 24 M 41 0 0.00 0.0 0 6.5 14 250 M M 2 M M
17 34 15 25 M 40 0 0.05 M 0 11.3 21 130 M M 9 1 24 130
18 33 14 24 M 41 0 0.03 M 0 14.7 22 290 M M 5 1 35 300
19 18 4 11 M 54 0 T M 0 9.5 14 290 M M 0 M M
================================================================================
SM 589 270 800 0 0.44 0.0 165.1 M 89
================================================================================
AV 31.0 14.2 8.7 FASTST M M 5 MAX(MPH)
MISC ----> # 22 340 # 35 300
================================================================================
NOTES:
# LAST OF SEVERAL OCCURRENCES
COLUMN 17 PEAK WIND IN M.P.H.
PRELIMINARY LOCAL CLIMATOLOGICAL DATA (WS FORM: F-6) , PAGE 2
STATION: MANITOWOC AWOS
MONTH: FEBRUARY
YEAR: 2020
LATITUDE: 44 7 N
LONGITUDE: 87 40 W
[TEMPERATURE DATA] [PRECIPITATION DATA] SYMBOLS USED IN COLUMN 16
AVERAGE MONTHLY: 22.6 TOTAL FOR MONTH: 0.44 1 = FOG OR MIST
DPTR FM NORMAL: M DPTR FM NORMAL: 0.04 2 = FOG REDUCING VISIBILITY
HIGHEST: 47 ON 2 GRTST 24HR 0.35 ON 9- 9 TO 1/4 MILE OR LESS
LOWEST: -11 ON 14 3 = THUNDER
SNOW, ICE PELLETS, HAIL 4 = ICE PELLETS
TOTAL MONTH: 0.0 INCH 5 = HAIL
GRTST 24HR 0.0 6 = FREEZING RAIN OR DRIZZLE
GRTST DEPTH: 0 7 = DUSTSTORM OR SANDSTORM:
VSBY 1/2 MILE OR LESS
8 = SMOKE OR HAZE
[NO. OF DAYS WITH] [WEATHER - DAYS WITH] 9 = BLOWING SNOW
X = TORNADO
MAX 32 OR BELOW: 10 0.01 INCH OR MORE: 4
MAX 90 OR ABOVE: 0 0.10 INCH OR MORE: 1
MIN 32 OR BELOW: 19 0.50 INCH OR MORE: 0
MIN 0 OR BELOW: 2 1.00 INCH OR MORE: 0
[HDD (BASE 65) ]
TOTAL THIS MO. 800 CLEAR (SCALE 0-3) 7
DPTR FM NORMAL 443 PTCLDY (SCALE 4-7) 8
TOTAL FM JUL 1 4608 CLOUDY (SCALE 8-10) 4
DPTR FM NORMAL 2813
[CDD (BASE 65) ]
TOTAL THIS MO. 0
DPTR FM NORMAL 0 [PRESSURE DATA]
TOTAL FM JAN 1 0 HIGHEST SLP M ON M
DPTR FM NORMAL 0 LOWEST SLP M ON M
[REMARKS]